NOAA-Style Climate Reports


Report for 2013 Ιούλιος
                   MONTHLY CLIMATOLOGICAL SUMMARY for JUL. 2013

NAME: veriaweather   CITY: Veria   STATE: Imathia 
ELEV:   105 m  LAT:  40° 31' 23" N  LONG:  22° 12' 19" E

                   TEMPERATURE (°C), RAIN  (mm), WIND SPEED (km/hr)

                                      HEAT  COOL        AVG
    MEAN                              DEG   DEG         WIND                 DOM
DAY TEMP  HIGH   TIME   LOW    TIME   DAYS  DAYS  RAIN  SPEED HIGH   TIME    DIR
------------------------------------------------------------------------------------
 1  23.9  29.0   17:00  18.4    6:40   0.0   5.6   0.0   5.6  41.8   10:40   ENE
 2  24.1  30.1   18:10  18.4    6:45   0.0   5.7   0.0   3.5  20.9    4:45   WNW
 3  25.5  31.8   17:45  18.9    6:25   0.0   7.2   0.0   2.1  19.3   21:35    NE
 4  24.7  30.9   18:00  18.5    6:00   0.0   6.4   0.0   3.2  29.0   21:10    NW
 5  25.6  32.0   18:30  20.5    4:25   0.0   7.3   1.3   2.3  20.9    1:20   WNW
 6  25.4  31.4   16:55  22.3    6:50   0.0   7.1   0.5   3.4  32.2   17:50    NW
 7  26.9  32.5   18:15  22.5    6:40   0.0   8.6   0.0   1.9  24.1   20:50    NW
 8  27.3  32.8   17:25  22.2    5:20   0.0   9.0   0.0   3.9  24.1   23:10   WNW
 9  27.2  33.2   17:50  21.6   22:45   0.0   8.9   9.9   3.4  27.4   21:40   WNW
10  24.2  29.5   13:55  20.3    4:35   0.0   5.9   8.1   3.7  35.4   17:05   WNW
11  25.2  31.4   16:55  20.6    5:40   0.0   6.8   0.3   4.2  35.4   20:30   WNW
12  25.0  30.2   13:25  22.0    6:20   0.0   6.7   2.5   6.0  29.0   15:15   WNW
13  25.9  31.8   18:20  20.7    6:15   0.0   7.6   0.0   4.0  24.1    4:10   WNW
14  26.7  32.2   17:45  20.9    6:25   0.0   8.4   0.0   3.7  22.5    4:35   WNW
15  27.1  31.6   16:20  22.7    6:55   0.0   8.8   0.0   1.9  22.5   11:40   NNE
16  25.9  30.7   17:00  21.3    6:55   0.0   7.6   0.0   3.4  22.5   14:25    NW
17  23.3  29.4   17:45  17.8    7:40   0.0   5.1   1.3   4.3  24.1    6:35   WNW
18  26.1  32.2   18:45  20.8    6:15   0.0   7.7   0.0   3.1  20.9   21:35   WNW
19  26.3  32.2   17:40  20.7    5:35   0.0   8.0   0.0   2.4  19.3   21:15    NW
20  26.8  33.1   17:55  20.7    4:50   0.0   8.5   0.0   2.9  24.1   22:25   WNW
21  27.4  33.7   15:05  23.0    6:10   0.0   9.1   0.3   5.8  29.0   22:50    NW
22  23.9  28.9   19:05  19.9    8:05   0.0   5.7   6.3   1.9  19.3    5:25    NW
23  25.8  32.3   17:30  19.7    6:20   0.0   7.5   0.0   2.4  19.3    0:10    NW
24  27.8  34.4   18:05  20.8    6:10   0.0   9.5   0.0   3.1  22.5   21:45    NW
25  29.2  35.7   17:05  23.0    6:25   0.0  10.9   0.0   3.7  22.5   21:20    NW
26  30.2  35.7   17:05  24.6    4:55   0.0  11.8   0.0   3.9  22.5   23:55    NW
27  30.1  34.8   16:50  24.8    6:05   0.0  11.7   0.0   2.9  22.5   12:30    NW
28  28.2  34.0   16:35  22.1    6:45   0.0   9.8   0.0   1.8  19.3   16:20    NW
29  28.6  35.5   16:30  22.7    6:25   0.0  10.3   0.0   2.3  17.7   18:25    NW
30  29.3  36.9   17:35  23.4    6:50   0.0  11.0   0.5   2.1  25.7   20:20    NW
31  28.8  33.3   16:55  24.5    6:55   0.0  10.5   0.3   3.5  27.4   23:10   ENE
-------------------------------------------------------------------------------------
    26.5  36.9    30    17.8    17     0.0 255.1  31.2   3.3  41.8     1      NW

Max >=  32.0: 18
Max <=   0.0:  0
Min <=   0.0:  0
Min <= -18.0:  0
Max Rain: 9.91 ON 09/07/13
Days of Rain: 11 (> .2 mm) 4 (> 2 mm) 0 (> 20 mm)
Heat Base:  18.3  Cool Base:  18.3  Method: Integration