NOAA-Style Climate Reports


Report for 2013 Ιούνιος
                   MONTHLY CLIMATOLOGICAL SUMMARY for JUN. 2013

NAME: veriaweather   CITY: Veria   STATE: Imathia 
ELEV:   105 m  LAT:  40° 31' 23" N  LONG:  22° 12' 19" E

                   TEMPERATURE (°C), RAIN  (mm), WIND SPEED (km/hr)

                                      HEAT  COOL        AVG
    MEAN                              DEG   DEG         WIND                 DOM
DAY TEMP  HIGH   TIME   LOW    TIME   DAYS  DAYS  RAIN  SPEED HIGH   TIME    DIR
------------------------------------------------------------------------------------
 1  21.1  26.0   17:05  16.4    5:05   0.3   3.0   0.0   7.9  40.2   11:05     W
 2  19.0  23.4   14:15  16.4   00:00   0.4   1.1   3.0   2.7  24.1   16:00    NW
 3  21.3  26.9   15:45  15.1    6:05   0.7   3.7   0.0   4.2  22.5    1:10    NW
 4  20.3  24.6   13:50  16.3    6:20   0.2   2.3   0.0   2.3  32.2   14:05    NE
 5  19.6  23.7   17:00  16.2    5:20   0.5   1.7   1.0   2.7  29.0   19:20    NW
 6  21.5  27.0   19:05  15.6    6:00   0.5   3.7   0.0   4.0  22.5    5:10    NW
 7  22.7  28.1   16:00  18.6   21:55   0.0   4.4   6.6   3.1  38.6   21:45    NW
 8  22.2  28.3   16:30  16.7    6:15   0.2   4.1   0.0   2.9  25.7   12:30   WNW
 9  23.9  29.8   17:00  19.1    2:40   0.0   5.6   0.0   2.1  22.5   14:30    NW
10  22.3  29.3   15:10  18.2    5:40   0.0   4.0  22.4   3.5  43.5   17:35    NW
11  20.7  25.4   15:45  16.9   00:00   0.1   2.4   2.5   2.4  46.7   18:15    NW
12  19.4  24.3   13:10  15.6    5:55   0.5   1.7   9.9   4.5  32.2    4:25     W
13  21.5  27.6   18:40  17.3    6:05   0.1   3.3   5.1   3.9  40.2   19:05    NW
14  24.2  30.7   18:35  19.4    0:40   0.0   5.9   0.0   3.7  22.5    0:45   WNW
15  26.2  32.2   17:35  20.3    5:05   0.0   7.9   0.0   4.0  20.9    3:45    NW
16  27.7  34.4   17:55  21.6    5:50   0.0   9.3   0.0   3.5  20.9    6:50   WNW
17  28.2  35.4   18:40  21.9    4:45   0.0   9.9   0.0   3.1  20.9   21:30    NW
18  29.1  35.6   19:15  23.1    4:50   0.0  10.7   0.0   3.1  22.5   22:55    NW
19  29.4  36.2   17:00  22.9    6:15   0.0  11.1   0.0   2.9  19.3   21:35    NW
20  29.5  35.6   16:30  23.8    6:05   0.0  11.0   0.0   2.3  20.9   21:40    NW
21  27.5  33.7   17:00  22.2    6:40   0.0   9.2   0.0   1.8  22.5   22:35   WNW
22  27.4  33.4   16:25  22.1    6:40   0.0   9.1   0.0   2.3  19.3   22:45     W
23  27.5  32.8   13:20  23.1    6:25   0.0   9.2   0.0   2.1  24.1   16:55    NW
24  28.1  34.1   16:50  23.1    6:50   0.0   9.8   0.0   3.1  20.9    1:00   WNW
25  28.2  34.3   16:20  22.6    5:25   0.0   9.8   0.0   3.1  19.3    5:25    NW
26  25.8  30.8   17:05  20.9    7:25   0.0   7.5   0.0   2.4  17.7   14:25     S
27  22.4  26.6   19:05  19.5    9:10   0.0   4.1   3.0   1.8  19.3   23:05   SSW
28  23.7  29.6   18:35  18.7    7:00   0.0   5.4   0.0   2.9  20.9    0:40   WNW
29  23.7  30.2   14:55  16.5   23:50   0.1   5.5   0.3   4.2  27.4   18:00    NW
30  21.3  25.6   18:25  16.6    0:05   0.3   3.3   0.0   9.2  49.9   14:25   ENE
-------------------------------------------------------------------------------------
    24.2  36.2    19    15.1     3     3.9 179.9  53.8   3.4  49.9    30      NW

Max >=  32.0: 11
Max <=   0.0:  0
Min <=   0.0:  0
Min <= -18.0:  0
Max Rain: 22.35 ON 10/06/13
Days of Rain: 9 (> .2 mm) 7 (> 2 mm) 1 (> 20 mm)
Heat Base:  18.3  Cool Base:  18.3  Method: Integration