NOAA-Style Climate Reports


Report for 2013 Απρίλιος
                   MONTHLY CLIMATOLOGICAL SUMMARY for APR. 2013

NAME: veriaweather   CITY: Veria   STATE: Imathia 
ELEV:   105 m  LAT:  40° 31' 23" N  LONG:  22° 12' 19" E

                   TEMPERATURE (°C), RAIN  (mm), WIND SPEED (km/hr)

                                      HEAT  COOL        AVG
    MEAN                              DEG   DEG         WIND                 DOM
DAY TEMP  HIGH   TIME   LOW    TIME   DAYS  DAYS  RAIN  SPEED HIGH   TIME    DIR
------------------------------------------------------------------------------------
 1  15.5  21.4   15:40  10.0    6:45   3.3   0.5   0.0   5.5  38.6   14:40   WNW
 2  13.4  15.9    1:35  11.9    6:40   4.9   0.0   1.8   1.3  25.7    2:00   ENE
 3  14.3  18.6   14:25  12.1    8:10   4.0   0.0  10.9   2.3  30.6   17:35    NE
 4  16.4  21.3   15:55  12.7    5:05   2.5   0.6   0.3   5.6  35.4   14:35     W
 5  14.6  17.8   14:50  11.8    4:25   3.7   0.0   0.0   3.9  30.6   14:15    NW
 6  16.8  23.4   16:20  11.5    4:30   2.6   1.0   0.0   2.3  17.7    1:15    NW
 7  13.7  15.8    3:20  12.3   22:30   4.6   0.0  48.5   2.6  38.6   15:10    NW
 8  11.6  14.1   14:10  10.2    4:30   6.7   0.0   1.0   1.0  17.7   16:35     S
 9  11.8  15.4   15:20   8.6    5:50   6.4   0.0   0.5   1.0  16.1   12:45   ENE
10  12.9  17.4   16:35   9.0    6:35   5.4   0.0   0.0   1.4  16.1   22:10   WNW
11  16.3  22.9   17:00   9.8    6:10   3.0   1.1   0.0   2.6  20.9   23:00    SE
12  16.2  21.9   16:45  10.8    7:05   2.8   0.7   0.0   1.9  16.1   12:45    NW
13  17.7  24.5   15:30  11.6    6:55   2.2   1.6   0.0   1.4  17.7   14:40   WNW
14  18.4  22.6   15:40  14.1    6:55   1.0   1.1   0.0   5.6  32.2   20:45    NE
15  15.7  20.2   16:55  12.3   23:30   2.6   0.1   0.8   7.7  41.8   13:15    NE
16  15.3  21.0   17:40   9.2    6:15   3.4   0.3   0.0   4.8  25.7   10:05   ENE
17  16.7  22.7   17:50  11.2    7:10   2.4   0.8   0.0   2.4  20.9   20:25    SW
18  15.5  21.9   15:00  10.4    6:25   3.3   0.5   0.0   2.4  19.3    0:30    NW
19  15.2  20.1   14:45  10.2    6:55   3.2   0.2   0.0   3.7  29.0    7:35    NW
20  16.0  21.8   15:50  10.4    7:05   3.0   0.7   0.0   2.3  20.9   13:25    NW
21  18.0  25.1   16:00  11.7    3:00   2.2   1.9   0.0   2.9  24.1   21:20    NW
22  17.1  22.8   15:15  11.8    6:55   2.1   0.9   0.0   2.4  17.7    6:55    NW
23  17.2  22.3   15:20  13.0    5:45   1.9   0.8   0.5   1.9  20.9   23:25   WNW
24  19.8  27.5   17:00  13.5    3:45   1.4   2.9   0.0   2.1  19.3    5:20    NW
25  21.6  29.2   16:25  14.6    6:30   0.7   4.0   0.0   1.6  19.3   15:25    NW
26  22.6  31.1   16:15  15.8    6:40   0.4   4.7   0.0   1.4  17.7   20:50    NW
27  21.2  27.6   15:40  15.5    6:00   0.5   3.4   0.0   2.7  17.7   17:35    NW
28  22.3  29.4   17:00  17.1    2:05   0.2   4.2   0.0   1.6  16.1   13:20    NW
29  23.3  31.1   16:00  15.9    6:15   0.2   5.3   0.0   1.8  16.1    2:45    NW
30  24.2  31.2   17:15  18.1    3:25   0.0   5.9   0.0   3.1  22.5   15:15    NW
-------------------------------------------------------------------------------------
    17.0  31.2    30     8.6     9    80.8  43.2  64.3   2.8  41.8    15      NW

Max >=  32.0:  0
Max <=   0.0:  0
Min <=   0.0:  0
Min <= -18.0:  0
Max Rain: 48.51 ON 07/04/13
Days of Rain: 8 (> .2 mm) 2 (> 2 mm) 1 (> 20 mm)
Heat Base:  18.3  Cool Base:  18.3  Method: Integration