NOAA-Style Climate Reports


Report for 2013 Μάρτιος
                   MONTHLY CLIMATOLOGICAL SUMMARY for MAR. 2013

NAME: veriaweather   CITY: Veria   STATE: Imathia 
ELEV:   105 m  LAT:  40° 31' 23" N  LONG:  22° 12' 19" E

                   TEMPERATURE (°C), RAIN  (mm), WIND SPEED (km/hr)

                                      HEAT  COOL        AVG
    MEAN                              DEG   DEG         WIND                 DOM
DAY TEMP  HIGH   TIME   LOW    TIME   DAYS  DAYS  RAIN  SPEED HIGH   TIME    DIR
------------------------------------------------------------------------------------
 1   8.7  14.7   16:15   4.1    6:45   9.6   0.0   0.0   3.2  17.7   20:30     W
 2   7.7   9.6   14:10   5.7    3:15  10.6   0.0   6.9   1.3  11.3    0:05     W
 3   7.8  12.4   15:50   5.3    2:40  10.5   0.0   5.1   3.5  25.7   19:15   SSW
 4  10.3  16.3   15:50   4.9    7:00   8.0   0.0   0.0   4.8  25.7    0:05     W
 5   9.5  13.5   15:15   5.2    7:10   8.8   0.0   0.0   2.7  20.9    1:35    SW
 6   8.9  10.8   14:55   7.0    6:45   9.4   0.0   0.5   1.6  14.5   12:20   WNW
 7   8.6   9.9   15:00   7.6    4:40   9.7   0.0   0.8   0.5   9.7   10:30    NE
 8  10.7  14.0   14:50   7.9    4:55   7.6   0.0   0.0   0.3   9.7   14:45     E
 9  11.3  13.6   13:50   9.9    6:20   7.0   0.0   3.0   1.0  14.5   15:00     N
10  11.7  16.9   16:15   7.8    4:15   6.6   0.0   0.0   2.4  25.7   23:20   NNE
11  16.3  22.6   15:20  11.1    5:00   2.6   0.6   0.0   4.8  40.2   22:45     W
12  14.8  19.1   12:45  12.0    6:40   3.5   0.0   0.3  11.3  45.1   21:55    SW
13  13.4  16.2   15:05   9.9    7:05   4.9   0.0   0.8   4.8  35.4    9:05   NNE
14  12.4  13.8   20:15  11.0   23:20   5.9   0.0   7.1   5.1  53.1   20:05   WNW
15  11.6  16.3   14:50   4.7   22:55   6.7   0.0   0.3   5.5  37.0   15:35    SW
16   5.8   9.3   15:30   3.2   23:55  12.5   0.0   0.0   2.6  17.7    7:55     S
17   5.2  11.1   16:10   0.6    6:35  13.1   0.0   0.0   3.4  17.7   13:15   WSW
18   5.6   7.7   10:25   3.9    4:25  12.7   0.0   4.6   1.1  11.3   13:30     N
19   9.8  15.4   16:30   5.1    5:15   8.6   0.0   0.0   2.7  19.3   23:55     W
20  14.0  19.7   15:00   9.1    6:40   4.4   0.1   0.0   4.0  24.1   16:50     W
21  12.9  16.2   12:30   9.7    2:45   5.4   0.0   4.8   4.0  43.5   21:55     W
22  11.8  15.6   15:15   8.3    6:10   6.4   0.0   0.0  11.4  56.3   14:20     N
23  10.9  17.1   15:50   5.2    6:25   7.3   0.0   0.0   3.5  22.5   21:55     W
24  11.8  16.3   14:05   7.0    6:20   6.5   0.0   0.0   3.2  22.5   13:25     W
25  12.3  13.7   17:00  10.7    5:55   6.0   0.0   2.3   2.4  22.5   21:40     N
26  14.6  19.4   17:10  11.0    1:15   3.7   0.0   0.3   4.3  33.8   18:25     W
27  12.9  15.1   16:40  10.2    6:45   5.4   0.0   0.3   3.1  24.1    0:30    SW
28  11.8  12.9   13:45  10.4    1:05   6.5   0.0   0.5   1.6  14.5    0:05   NNE
29  11.1  12.3   16:05  10.5    6:50   7.2   0.0   1.3   3.7  19.3   17:35     N
30  11.3  12.2   16:25  10.3    6:30   7.0   0.0   1.3   0.8  16.1    2:15     N
31  13.3  14.9   17:25  11.9    0:35   4.8   0.0   1.5   0.8  14.5   21:55    NE
-------------------------------------------------------------------------------------
    10.9  22.6    11     0.6    17   229.1   0.8  41.4   3.4  56.3    22       W

Max >=  32.0:  0
Max <=   0.0:  0
Min <=   0.0:  0
Min <= -18.0:  0
Max Rain: 7.11 ON 14/03/13
Days of Rain: 18 (> .2 mm) 7 (> 2 mm) 0 (> 20 mm)
Heat Base:  18.3  Cool Base:  18.3  Method: Integration