NOAA-Style Climate Reports


Report for 2013 Φεβρουάριος
                   MONTHLY CLIMATOLOGICAL SUMMARY for FEB. 2013

NAME: veriaweather   CITY: Veria   STATE: Imathia 
ELEV:   105 m  LAT:  40° 31' 23" N  LONG:  22° 12' 19" E

                   TEMPERATURE (°C), RAIN  (mm), WIND SPEED (km/hr)

                                      HEAT  COOL        AVG
    MEAN                              DEG   DEG         WIND                 DOM
DAY TEMP  HIGH   TIME   LOW    TIME   DAYS  DAYS  RAIN  SPEED HIGH   TIME    DIR
------------------------------------------------------------------------------------
 1   9.2  15.6   15:50   4.7    8:00   9.1   0.0   0.0   0.0   0.0     ---   ---
 2   8.6  12.5   16:45   5.4    3:15   9.8   0.0   0.0   0.0   0.0     ---   ---
 3  11.9  17.4   18:00   7.2    7:00   6.4   0.0   0.0   0.0   0.0     ---   ---
 4  11.7  16.2   16:00   7.8    8:35   6.7   0.0   0.0   0.0   0.0     ---   ---
 5   9.6  15.6   15:45   5.8    8:05   8.8   0.0   0.0   0.0   0.0     ---   ---
 6   8.3  10.4   12:15   5.6    3:00   3.8   0.0   0.0   0.0   0.0     ---   ---
 7   9.7  11.5   13:20   8.0    5:35   8.6   0.0   0.3   0.0   0.0     ---   ---
 8   7.1  11.7   15:00   4.7    9:15  11.2   0.0   4.6   0.0   0.0     ---   ---
 9   6.4  10.6   14:00   3.3    7:25  11.9   0.0   0.0   0.0   0.0     ---   ---
10   8.3  12.6   12:55   4.8    4:40  10.0   0.0   0.0   0.0   0.0     ---   ---
11   6.7   6.8    0:05   6.6    0:25   0.2   0.0   0.0   0.0   0.0     ---   ---
12
13  10.4  12.3   15:45   9.1   23:35   2.9   0.0   0.0   0.0   0.0     ---   ---
14   9.6  11.4   16:25   8.5   10:00   8.8   0.0   4.3   0.0   0.0     ---   ---
15  10.4  14.3   13:20   8.2    7:35   7.8   0.0   0.0   0.0   0.0     ---   ---
16   7.6   9.1    0:05   6.8   22:35  10.7   0.0   5.8   0.0   0.0     ---   ---
17   6.3   7.9   15:30   5.3   10:10  11.9   0.0   6.3   0.0   0.0     ---   ---
18   5.7   6.3    1:25   4.6   00:00  12.7   0.0   8.4   0.0   0.0     ---   ---
19   4.5   5.6   15:45   3.6   22:55  13.8   0.0   9.4   0.0   0.0     ---   ---
20   6.7  11.0   14:50   3.0    3:50  11.6   0.0   0.0   0.0   0.0     ---   ---
21   6.7   7.9   10:45   5.4    3:05  11.6   0.0  17.3   0.0   0.0     ---   ---
22   7.3  10.3   17:05   5.3    3:35  11.0   0.0   3.6   0.0   0.0     ---   ---
23   8.6  11.0   15:25   5.7    7:15   9.7   0.0   0.0   0.0   0.0     ---   ---
24  10.3  11.7   23:15   8.9    8:10   8.0   0.0   2.3   0.0   0.0     ---   ---
25  12.2  14.1   15:45   9.8   23:20   6.2   0.0  10.4   0.0   0.0     ---   ---
26  11.2  16.7   15:10   7.6    6:30   7.1   0.0   6.1   0.0   0.0     ---   ---
27   9.7  17.3   19:05   6.3    7:40   8.4   0.0   0.8   0.5  30.6   19:00    SW
28   7.8   9.7   16:20   6.2    6:50  10.5   0.0   0.0   1.3  14.5   20:55    SE
-------------------------------------------------------------------------------------
     8.6  17.4     3     3.0    20   238.9   0.0  79.5   0.1  30.6    27      SE

Max >=  32.0:  0
Max <=   0.0:  0
Min <=   0.0:  0
Min <= -18.0:  0
Max Rain: 17.27 ON 21/02/13
Days of Rain: 13 (> .2 mm) 11 (> 2 mm) 0 (> 20 mm)
Heat Base:  18.3  Cool Base:  18.3  Method: Integration