NOAA-Style Climate Reports


Report for 2013 Ιανουάριος
                   MONTHLY CLIMATOLOGICAL SUMMARY for JAN. 2013

NAME: veriaweather   CITY: Veria   STATE: Imathia 
ELEV:   105 m  LAT:  40° 31' 23" N  LONG:  22° 12' 19" E

                   TEMPERATURE (°C), RAIN  (mm), WIND SPEED (km/hr)

                                      HEAT  COOL        AVG
    MEAN                              DEG   DEG         WIND                 DOM
DAY TEMP  HIGH   TIME   LOW    TIME   DAYS  DAYS  RAIN  SPEED HIGH   TIME    DIR
------------------------------------------------------------------------------------
 1   7.7  11.9   14:00   5.8    5:05  10.6   0.0   0.0   0.0   0.0     ---   ---
 2   7.6  12.7   13:25   4.5    7:05  10.7   0.0   0.0   0.0   0.0     ---   ---
 3   8.8  15.9   13:40   4.2    7:40   9.5   0.0   0.0   0.0   0.0     ---   ---
 4  10.6  15.8   13:05   5.2    4:25   7.7   0.0   0.0   0.0   0.0     ---   ---
 5  10.3  14.4   14:40   6.8    5:40   8.0   0.0   0.0   0.0   0.0     ---   ---
 6   6.4  10.2    0:05   2.4   22:10  11.9   0.0   0.0   0.0   0.0     ---   ---
 7   4.3   7.8   11:40   1.0   23:45  14.0   0.0   0.0   0.0   0.0     ---   ---
 8   1.0   4.6   13:05  -2.1    6:35  16.5   0.0   0.0   0.0   0.0     ---   ---
 9  -0.2   1.8   14:40  -2.8    8:05  18.4   0.0   0.0   0.0   0.0     ---   ---
10   2.6   6.9   15:10  -1.2    7:05  15.7   0.0   0.0   0.0   0.0     ---   ---
11   6.7  11.1   15:35   3.9    0:50  11.6   0.0   0.0   0.0   0.0     ---   ---
12   6.6  11.8   15:05   2.7   23:50  11.8   0.0   1.4   0.0   0.0     ---   ---
13   4.6   9.4   14:50   1.3    7:20  13.7   0.0   0.0   0.0   0.0     ---   ---
14   6.7   9.7   14:25   3.6    3:15  11.6   0.0   0.0   0.0   0.0     ---   ---
15   8.9  11.1   11:35   6.4    4:10   9.4   0.0   0.4   0.0   0.0     ---   ---
16  10.6  14.3   16:10   7.4    6:30   7.7   0.0   5.0   0.0   0.0     ---   ---
17   9.1  11.1    0:30   7.4   22:05   9.2   0.0   0.4   0.0   0.0     ---   ---
18   9.2  12.6   13:55   7.9    5:25   9.1   0.0   0.2   0.0   0.0     ---   ---
19  10.1  13.9   15:15   5.9    8:30   8.2   0.0   0.0   0.0   0.0     ---   ---
20  10.3  14.1   16:35   7.1    7:40   8.0   0.0   0.0   0.0   0.0     ---   ---
21  10.4  13.8   15:45   7.9    5:05   7.9   0.0   4.0   0.0   0.0     ---   ---
22  11.4  15.3   11:35   8.9    2:55   6.9   0.0   0.0   0.0   0.0     ---   ---
23  12.6  16.7   15:25   9.3   22:50   5.7   0.0   0.0   0.0   0.0     ---   ---
24   7.6  10.9    0:05   6.2   21:55  10.7   0.0  10.0   0.0   0.0     ---   ---
25   6.8   8.3   13:50   5.3    8:10  11.4   0.0  12.4   0.0   0.0     ---   ---
26   5.6   7.6    1:20   3.6   23:35  12.7   0.0   1.5   0.0   0.0     ---   ---
27   3.1   4.4   16:15   1.6    7:40  15.2   0.0   0.3   0.0   0.0     ---   ---
28   5.2   9.8   16:50   1.4    6:00  13.1   0.0   0.0   0.0   0.0     ---   ---
29   6.5  12.6   15:10   3.1    7:15  11.8   0.0   0.0   0.0   0.0     ---   ---
30   8.3  14.7   15:50   2.6    5:40  10.0   0.0   0.0   0.0   0.0     ---   ---
31  10.1  13.6   13:40   6.1    6:55   8.2   0.0   0.0   0.0   0.0     ---   ---
-------------------------------------------------------------------------------------
     7.4  16.7    23    -2.8     9   337.1   0.0  35.6   0.0   0.0     ---   ---

Max >=  32.0:  0
Max <=   0.0:  0
Min <=   0.0:  3
Min <= -18.0:  0
Max Rain: 12.42 ON 25/01/13
Days of Rain: 10 (> .2 mm) 4 (> 2 mm) 0 (> 20 mm)
Heat Base:  18.3  Cool Base:  18.3  Method: Integration