NOAA-Style Climate Reports


Report for 2013
                            ANNUAL CLIMATOLOGICAL SUMMARY

NAME: veriaweather  CITY: Veria   STATE: Imathia  
ELEV:   105 m  LAT:  40° 31' 23" N  LONG:  22° 12' 19" E

               TEMPERATURE (°C), HEAT BASE 18.3, COOL BASE 18.3
                          DEP.  HEAT  COOL                                          
        MEAN  MEAN        FROM  DEG   DEG                        MAX  MAX  MIN  MIN 
 YR MO  MAX   MIN   MEAN  NORM  DAYS  DAYS  HI  DATE  LOW  DATE  >=32 <=0  <=0  <=-18 
------------------------------------------------------------------------------------
 13  1  11.3   4.3   7.4   0.0   337     0  16.7  23  -2.8    9    0    0    3    0
 13  2  11.8   6.2   8.6   0.0   239     0  17.4   3   3.0   20    0    0    0    0
 13  3  14.5   7.8  10.9   0.0   229     1  22.6  11   0.6   17    0    0    0    0
 13  4  22.6  12.2  17.0   0.0    81    43  31.2  30   8.6    9    0    0    0    0
 13  5  27.5  17.2  22.1   0.0     9   126  33.0   1  13.4   28    3    0    0    0
 13  6  29.8  19.2  24.2   0.0     4   180  36.2  19  15.1    3   11    0    0    0
 13  7  32.4  21.3  26.5   0.0     0   255  36.9  30  17.8   17   18    0    0    0
 13  8  33.8  22.5  27.7   0.0     0   291  36.8   4  20.1   30   26    0    0    0
 13  9  28.0  17.6  22.4   0.0     5   127  31.1   7  14.3   23    0    0    0    0
 13 10  22.2  13.2  17.0   0.0    69    28  25.9  13   6.4    5    0    0    0    0
 13 11  16.4  10.4  12.8   0.0   165     4  24.7   7   1.9   29    0    0    0    0
 13 12  11.5   4.1   7.2   0.0   344     0  16.9  29   0.8   11    0    0    0    0
------------------------------------------------------------------------------------
        21.9  13.1  17.0   0.0  1482  1054  36.9 JUL  -2.8  JAN   58    0    3    0

                                PRECIPITATION (mm)

               DEP.   MAX        DAYS OF RAIN 
               FROM   OBS.          OVER
 YR MO  TOTAL  NORM   DAY  DATE  .2   2   20
---------------------------------------------
 13  1  35.6    0.0  12.4   25   10    4    0
 13  2  79.5    0.0  17.3   21   13   11    0
 13  3  41.4    0.0   7.1   14   18    7    0
 13  4  64.3    0.0  48.5    7    8    2    1
 13  5  30.2    0.0   9.1    8    7    5    0
 13  6  53.8    0.0  22.4   10    9    7    1
 13  7  31.2    0.0   9.9    9   11    4    0
 13  8  20.3    0.0  11.4   16    5    3    0
 13  9  26.4    0.0   9.4   16    5    4    0
 13 10  24.8    0.0  19.2   11    7    1    0
 13 11  62.7    0.0  33.0   12   13    6    1
 13 12  42.2    0.0  13.5    1    8    4    0
---------------------------------------------
       512.5   0.0  48.5  APR  114   58    3

                                WIND SPEED (km/hr)
                          DOM
 YR MO   AVG.  HI   DATE  DIR
---------------------------------
 13  1   0.0   0.0    1   ---
 13  2   0.1  30.6   27    SE
 13  3   3.4  56.3   22     W
 13  4   2.8  41.8   15    NW
 13  5   4.5  61.2   24    NW
 13  6   3.4  49.9   30    NW
 13  7   3.3  41.8    1    NW
 13  8   2.9  46.7   28    NW
 13  9   2.8  43.5   12    NW
 13 10   2.3  46.7   17    NW
 13 11   1.8  29.0   24    NW
 13 12   2.5  46.7   10    NW
---------------------------------
         2.5  61.2  MAY   NW