NOAA-Style Climate Reports


Report for 2012 Δεκέμβριος
                   MONTHLY CLIMATOLOGICAL SUMMARY for DEC. 2012

NAME: veriaweather   CITY: Veria   STATE: Imathia 
ELEV:   105 m  LAT:  40° 31' 23" N  LONG:  22° 12' 19" E

                   TEMPERATURE (°C), RAIN  (mm), WIND SPEED (km/hr)

                                      HEAT  COOL        AVG
    MEAN                              DEG   DEG         WIND                 DOM
DAY TEMP  HIGH   TIME   LOW    TIME   DAYS  DAYS  RAIN  SPEED HIGH   TIME    DIR
------------------------------------------------------------------------------------
 1  14.8  18.4   11:40  12.7    7:50   3.4   0.0   0.0   0.0   0.0     ---   ---
 2  11.4  14.7    0:10   9.6   21:15   4.5   0.0   0.3   0.0   0.0     ---   ---
 3  10.8  13.9   14:00   6.7   22:25   7.5   0.0   1.5   0.0   0.0     ---   ---
 4   7.0  12.7   14:20   3.7    7:50  11.3   0.0   0.0   0.0   0.0     ---   ---
 5   6.8  10.6   21:55   4.7    0:30  11.5   0.0   2.5   0.0   0.0     ---   ---
 6   6.6   9.5   15:00   5.1    1:20  11.7   0.0   0.0   0.0   0.0     ---   ---
 7   5.4   9.7   14:50   2.6   00:00  12.9   0.0   0.0   0.0   0.0     ---   ---
 8   4.8   6.4   13:05   2.2    4:45  13.5   0.0   2.5   0.0   0.0     ---   ---
 9   6.2  11.1    5:55   3.0   23:55  12.2   0.0   2.7   0.0   0.0     ---   ---
10   3.9  10.3   15:15   0.8    8:00  14.4   0.0   0.0   0.0   0.0     ---   ---
11   2.7   6.1   15:10   0.9   10:20  15.6   0.0   3.4   0.0   0.0     ---   ---
12   2.9   7.2   13:30   0.4    8:10  15.4   0.0   0.0   0.0   0.0     ---   ---
13   1.4   6.1   14:45  -1.8    6:40  16.9   0.0   0.0   0.0   0.0     ---   ---
14   2.3   7.5   15:35  -0.7    3:00  16.0   0.0   0.0   0.0   0.0     ---   ---
15   4.9   9.1   15:10   1.3    4:45  13.4   0.0   0.0   0.0   0.0     ---   ---
16   7.2   9.6   11:25   4.4    5:50  11.2   0.0   0.0   0.0   0.0     ---   ---
17   8.2   9.9    9:10   7.2   19:30   9.8   0.0   0.8   0.0   0.0     ---   ---
18   7.5   8.7    2:05   6.7   15:55  10.8   0.0  21.6   0.0   0.0     ---   ---
19   7.4   9.8   13:30   4.0   00:00  10.9   0.0   0.8   0.0   0.0     ---   ---
20   4.9   8.9   13:10   2.8    7:35  13.4   0.0   0.0   0.0   0.0     ---   ---
21   4.1   6.3   13:35   1.4    5:55  14.2   0.0   0.0   0.0   0.0     ---   ---
22   4.1   6.2   15:45   2.7    1:50  14.2   0.0   0.0   0.0   0.0     ---   ---
23   3.3   7.4   14:00   1.6   20:05  15.0   0.0   0.0   0.0   0.0     ---   ---
24   4.4   9.1   14:35   1.2    3:25  13.9   0.0   0.0   0.0   0.0     ---   ---
25   6.8  12.3   14:40   3.4    2:55  11.4   0.0   0.0   0.0   0.0     ---   ---
26   7.7  11.9   13:35   4.9    6:50  10.6   0.0   0.0   0.0   0.0     ---   ---
27   7.9  10.3   11:30   5.9    5:15  10.3   0.0   0.0   0.0   0.0     ---   ---
28   8.6  11.8   12:55   5.4    7:20   9.7   0.0   0.0   0.0   0.0     ---   ---
29   9.0  10.5    8:35   8.2   22:15   9.3   0.0  13.0   0.0   0.0     ---   ---
30   7.8   9.6   16:40   5.7   23:55  10.5   0.0   0.0   0.0   0.0     ---   ---
31   6.4   8.1   15:45   4.2    9:15  11.9   0.0   0.0   0.0   0.0     ---   ---
-------------------------------------------------------------------------------------
     6.4  18.4     1    -1.8    13   367.2   0.0  49.1   0.0   0.0     ---   ---

Max >=  32.0:  0
Max <=   0.0:  0
Min <=   0.0:  2
Min <= -18.0:  0
Max Rain: 21.59 ON 18/12/12
Days of Rain: 10 (> .2 mm) 6 (> 2 mm) 1 (> 20 mm)
Heat Base:  18.3  Cool Base:  18.3  Method: Integration