NOAA-Style Climate Reports


Report for 2012 Νοέμβριος
                   MONTHLY CLIMATOLOGICAL SUMMARY for NOV. 2012

NAME: veriaweather   CITY: Veria   STATE: Imathia 
ELEV:   105 m  LAT:  40° 31' 23" N  LONG:  22° 12' 19" E

                   TEMPERATURE (°C), RAIN  (mm), WIND SPEED (km/hr)

                                      HEAT  COOL        AVG
    MEAN                              DEG   DEG         WIND                 DOM
DAY TEMP  HIGH   TIME   LOW    TIME   DAYS  DAYS  RAIN  SPEED HIGH   TIME    DIR
------------------------------------------------------------------------------------
 1  14.1  15.9   15:10  12.8    6:10   4.2   0.0   6.6   3.5  41.8   14:55   WNW
 2  17.3  22.1   14:05  13.6    2:45   1.7   0.7   0.0   4.2  22.5    5:45   WNW
 3  18.0  23.9   14:40  14.5    7:15   1.6   1.3   0.0   7.1  27.4    3:40   WNW
 4  16.2  21.6   15:05  13.1    7:30   2.6   0.5   0.0   4.3  17.7    1:10   WNW
 5  16.2  20.8   15:50  13.1    7:40   2.3   0.2   0.0   1.8  11.3    0:15   WNW
 6  19.1  24.3   16:35  15.5    3:20   0.8   1.7   0.0   2.6  32.2   23:50    NW
 7  16.8  20.6    1:10  11.1   21:35   1.9   0.4   0.0   2.9  29.0    0:35   SSW
 8  11.4  17.5   15:30   6.9    7:35   6.9   0.0   0.3   5.0  24.1    7:40   WNW
 9  11.4  15.8   15:40   7.1    7:05   6.9   0.0   0.0   4.0  19.3   20:55   WNW
10  12.8  17.9   14:30   9.4    7:20   5.5   0.0   0.0   5.8  25.7   20:30   WNW
11  11.8  17.4   15:05   7.9    7:35   6.5   0.0   0.0   4.3  17.7    0:20   WNW
12  12.3  17.2   14:25   8.8    5:40   6.0   0.0   0.0   3.7  20.9    3:05   WNW
13  13.4  19.4   14:15   9.9    7:20   4.9   0.1   0.0   4.5  19.3    1:45   WNW
14  12.2  13.7   15:00  10.7    6:00   6.1   0.0   2.3   2.9  17.7    1:10   ESE
15  12.1  13.8   15:50  10.9    2:50   6.2   0.0   0.3   0.8   9.7   22:05    NE
16  13.6  15.4   14:45  12.2    4:50   4.8   0.0   0.0   1.1   9.7   12:45   WNW
17  13.1  14.4   15:20  11.3   21:10   5.2   0.0   0.0   2.3  17.7   18:55   WNW
18  12.7  13.6   15:10  12.1   00:00   5.6   0.0   0.0   0.3   9.7    0:25   WNW
19  12.7  14.1   13:25  11.2    1:20   5.6   0.0   3.3   1.6  11.3    1:50   WNW
20  12.5  12.9   23:45  12.1    2:50   5.8   0.0  40.6   2.9  16.1   20:15   NNE
21  12.7  13.3   22:45  12.2   12:10   5.6   0.0  27.2   0.0   8.0    0:05   NNE
22  13.1  17.2   14:35  10.9    3:30   5.2   0.0   0.0   0.0   0.0     ---   ---
23  13.3  15.9   12:20  11.4    0:05   5.0   0.0   0.0   0.0   0.0     ---   ---
24  13.7  18.4   14:25  10.6    7:50   4.6   0.0   0.0   0.0   0.0     ---   ---
25  12.3  14.3   15:05  10.1   23:10   6.0   0.0   0.0   0.0   0.0     ---   ---
26  11.4  14.2   15:45   9.0    5:50   6.9   0.0   0.0   0.0   0.0     ---   ---
27  11.8  15.3   14:40   9.1    5:45   6.5   0.0   0.0   0.0   0.0     ---   ---
28  12.9  15.8   15:40  10.9    8:30   5.4   0.0   0.0   0.0   0.0     ---   ---
29  13.4  14.9   23:20  12.4    6:25   4.8   0.0  19.3   0.0   0.0     ---   ---
30  13.9  17.5   16:00  10.9    8:00   4.3   0.0   0.0   0.0   0.0     ---   ---
-------------------------------------------------------------------------------------
    13.6  24.3     6     6.9     8   145.5   4.8  99.8   2.2  41.8     1     WNW

Max >=  32.0:  0
Max <=   0.0:  0
Min <=   0.0:  0
Min <= -18.0:  0
Max Rain: 40.64 ON 20/11/12
Days of Rain: 8 (> .2 mm) 6 (> 2 mm) 2 (> 20 mm)
Heat Base:  18.3  Cool Base:  18.3  Method: Integration