NOAA-Style Climate Reports


Report for 2012 Οκτώβριος
                   MONTHLY CLIMATOLOGICAL SUMMARY for OCT. 2012

NAME: veriaweather   CITY: Veria   STATE: Imathia 
ELEV:   105 m  LAT:  40° 31' 23" N  LONG:  22° 12' 19" E

                   TEMPERATURE (°C), RAIN  (mm), WIND SPEED (km/hr)

                                      HEAT  COOL        AVG
    MEAN                              DEG   DEG         WIND                 DOM
DAY TEMP  HIGH   TIME   LOW    TIME   DAYS  DAYS  RAIN  SPEED HIGH   TIME    DIR
------------------------------------------------------------------------------------
 1  26.2  33.5   15:40  21.1    7:00   0.0   7.9   0.0   4.0  19.3   20:05   WNW
 2  23.9  29.1   14:25  19.7    7:50   0.0   5.6   0.0   3.9  19.3   16:40   WNW
 3  23.8  30.5   15:20  17.9    6:50   0.0   5.5   0.0   3.9  20.9    7:35   WNW
 4  23.1  28.6   17:15  19.3    8:15   0.0   4.8   0.0   6.8  25.7    8:10   WNW
 5  22.8  29.5   16:40  17.9    6:00   0.0   4.6   0.0   4.8  20.9   15:25   WNW
 6  22.6  28.6   16:30  17.7    7:50   0.0   4.3   0.0   4.2  19.3    1:15   WNW
 7  22.1  28.7   16:50  17.1    7:20   0.1   3.9   0.0   3.4  19.3    2:40   WNW
 8  21.3  25.6   16:25  15.9   00:00   0.2   3.2   0.0   5.1  27.4   13:25    NE
 9  16.8  21.8   15:55  13.5    7:30   2.0   0.5   0.0   2.9  19.3    3:00     S
10  16.9  19.8   17:00  13.5    3:00   1.7   0.3   0.3   3.1  16.1    3:55   WNW
11  18.9  24.7   16:30  14.7    8:00   0.9   1.6   0.0   2.6  17.7   20:50   WNW
12  18.8  22.9   14:30  14.8    7:55   1.0   1.5   0.0   2.9  14.5    1:15   WNW
13  21.3  26.9   16:25  17.4    8:00   0.1   3.0   0.0   2.6  17.7    3:00    NW
14  20.7  22.8   15:35  18.9    7:55   0.0   2.3   0.0   2.1  14.5    6:35    NW
15  19.2  23.8   16:25  17.2   23:50   0.2   1.0   3.3   4.3  27.4   11:25   WNW
16  18.1  21.4   16:20  15.9    6:20   0.7   0.5   3.8   3.5  20.9   18:30   WNW
17  20.8  27.4   15:55  16.4    6:05   0.2   2.7   0.0   3.9  20.9   21:35   WNW
18  20.4  26.6   16:20  16.4    7:35   0.3   2.5   0.0   5.3  22.5    0:15   WNW
19  20.4  26.8   15:40  16.5    7:25   0.3   2.4   0.0   4.0  19.3   20:05   WNW
20  19.9  26.8   15:45  15.4    7:05   0.7   2.3   0.0   3.7  17.7   19:55   WNW
21  19.1  24.9   16:00  16.2    7:20   0.7   1.4   0.0   3.7  20.9   20:20   WNW
22  18.5  24.8   16:15  14.5    7:25   1.2   1.5   0.0   4.8  20.9    1:20   WNW
23  18.8  23.8   15:30  14.9    7:45   0.8   1.3   0.0   4.3  19.3   19:05   WNW
24  18.2  24.0   15:55  14.1    8:05   1.3   1.2   0.0   4.5  20.9    8:00   WNW
25  16.5  22.7   15:35  12.0    7:50   2.6   0.8   0.0   4.5  19.3   21:45   WNW
26  16.9  23.9   16:15  12.3    7:15   2.4   1.0   0.0   3.5  16.1   21:35   WNW
27  15.1  16.3   13:05  13.4    8:15   3.2   0.0   6.3   2.4  16.1    2:00   WNW
28  16.7  18.2   13:45  15.0    3:25   1.7   0.0  19.8   1.4  14.5   17:55   NNE
29  18.5  23.4   14:50  15.3   23:30   0.7   0.9   3.0   3.9  33.8   21:15   ENE
30  16.0  19.9   16:00  12.3   23:45   2.5   0.2   0.3  10.9  49.9    7:15   WNW
31  14.2  19.0   14:15   9.9    6:40   4.2   0.0   0.0   3.4  20.9    6:10   WNW
-------------------------------------------------------------------------------------
    19.6  33.5     1     9.9    31    29.7  68.7  36.8   4.0  49.9    30     WNW

Max >=  32.0:  1
Max <=   0.0:  0
Min <=   0.0:  0
Min <= -18.0:  0
Max Rain: 19.81 ON 28/10/12
Days of Rain: 7 (> .2 mm) 5 (> 2 mm) 0 (> 20 mm)
Heat Base:  18.3  Cool Base:  18.3  Method: Integration