NOAA-Style Climate Reports


Report for 2012 Αύγουστος
                   MONTHLY CLIMATOLOGICAL SUMMARY for AUG. 2012

NAME: veriaweather   CITY: Veria   STATE: Imathia 
ELEV:   105 m  LAT:  40° 31' 23" N  LONG:  22° 12' 19" E

                   TEMPERATURE (°C), RAIN  (mm), WIND SPEED (km/hr)

                                      HEAT  COOL        AVG
    MEAN                              DEG   DEG         WIND                 DOM
DAY TEMP  HIGH   TIME   LOW    TIME   DAYS  DAYS  RAIN  SPEED HIGH   TIME    DIR
------------------------------------------------------------------------------------
 1  26.1  28.7   10:25  20.3   22:00   0.0   7.8   0.8   5.0  43.5   21:20    SW
 2  26.4  32.1   18:30  21.1    6:45   0.0   8.1   1.5   5.0  25.7   22:10    SW
 3  29.0  35.1   18:45  23.4    6:20   0.0  10.7   0.5   6.9  29.0    2:10   WSW
 4  30.1  36.8   18:30  23.9    5:55   0.0  11.8   0.0   4.2  19.3   20:15     W
 5  30.5  37.3   17:00  24.2    5:40   0.0  12.2   0.0   2.7  14.5    1:55     W
 6  31.0  37.9   17:00  24.5    6:15   0.0  12.7   0.0   3.4  20.9   22:35     W
 7  33.2  41.7   17:50  25.7    4:30   0.0  14.9   0.0   3.2  19.3   20:35   WSW
 8  32.8  38.8   16:50  27.9    7:15   0.0  14.5   0.0   3.7  24.1   21:30     W
 9  30.4  35.6   17:20  25.6   00:00   0.0  12.1   0.0   2.9  19.3   16:00     E
10  27.6  31.7   14:45  21.1   23:40   0.0   5.9   4.8   4.0  40.2    0:45   ESE
11  22.8  27.2   16:40  18.9   20:50   0.0   4.5   3.3   5.8  38.6   19:50   WSW
12  24.1  29.7   18:05  19.2    6:00   0.0   5.8   0.8   5.0  25.7    0:05     W
13  24.7  30.5   18:20  19.8    7:20   0.0   6.4   0.0   5.0  22.5    7:15     W
14  25.1  30.6   15:20  19.4    6:55   0.0   6.8   0.0   4.3  29.0   21:25     W
15  26.9  33.4   18:20  21.3    7:30   0.0   8.7   0.0   4.8  24.1   23:10   WSW
16  28.3  35.2   17:10  22.9    6:55   0.0  10.0   0.0   4.0  25.7    0:15   WSW
17  27.9  32.3   18:05  23.6    6:00   0.0   9.6   0.0   3.5  24.1   21:45     W
18  27.2  32.8   18:25  22.3    7:05   0.0   8.9   0.0   4.0  19.3   14:25     W
19  26.4  32.4   17:05  21.7    6:05   0.0   8.2   0.0   3.4  16.1    5:15     W
20  26.9  33.4   18:05  22.4    3:10   0.0   8.6   0.0   3.5  19.3   21:20     W
21  27.9  34.9   18:25  21.9    6:50   0.0   9.6   0.0   3.9  20.9   22:55     W
22  30.4  37.2   17:50  24.9    5:45   0.0  12.2   0.0   4.5  22.5    0:30     W
23  30.9  39.5   18:00  24.8    7:05   0.0  12.6   0.0   3.4  20.9    4:45     W
24  30.0  37.3   16:35  24.3    5:55   0.0  11.7   0.0   3.1  14.5   21:40     W
25  30.2  37.1   18:05  23.9    6:25   0.0  11.9   0.0   2.9  16.1    2:35     W
26  30.2  36.2   15:15  24.6    6:25   0.0  11.8   0.0   3.1  17.7    1:10     W
27  28.1  34.2   14:20  23.7   00:00   0.0   9.8   0.0   9.5  51.5   18:05     N
28  25.8  30.8   16:45  22.2    5:30   0.0   7.5   0.0   6.9  41.8    1:00     N
29  25.2  31.1   17:25  20.1    7:15   0.0   6.9   0.0   4.0  19.3    0:20   WSW
30  24.7  31.1   16:55  18.9    7:05   0.0   6.4   0.0   3.2  17.7   13:15     W
31  25.2  31.6   16:15  19.7    6:40   0.0   6.9   0.0   3.7  19.3    7:05     W
-------------------------------------------------------------------------------------
    27.9  41.7     7    18.9    30     0.0 295.3  11.7   4.3  51.5    27       W

Max >=  32.0: 21
Max <=   0.0:  0
Min <=   0.0:  0
Min <= -18.0:  0
Max Rain: 4.83 ON 10/08/12
Days of Rain: 6 (> .2 mm) 2 (> 2 mm) 0 (> 20 mm)
Heat Base:  18.3  Cool Base:  18.3  Method: Integration