NOAA-Style Climate Reports


Report for 2012 Ιούλιος
                   MONTHLY CLIMATOLOGICAL SUMMARY for JUL. 2012

NAME: veriaweather   CITY: Veria   STATE: Imathia 
ELEV:   105 m  LAT:  40° 31' 23" N  LONG:  22° 12' 19" E

                   TEMPERATURE (°C), RAIN  (mm), WIND SPEED (km/hr)

                                      HEAT  COOL        AVG
    MEAN                              DEG   DEG         WIND                 DOM
DAY TEMP  HIGH   TIME   LOW    TIME   DAYS  DAYS  RAIN  SPEED HIGH   TIME    DIR
------------------------------------------------------------------------------------
 1  27.2  33.6   16:50  21.3    5:35   0.0   8.9   0.0   3.2  19.3   15:00   WSW
 2  27.0  32.2   16:20  22.0    4:30   0.0   8.7   0.0   3.1  19.3   11:50     E
 3  26.6  32.2   17:00  21.2    4:35   0.0   7.8   0.0   3.4  17.7   13:30     W
 4  27.0  33.7   17:10  20.2    6:30   0.0   8.7   0.0   3.5  20.9   16:05     W
 5  29.1  36.2   17:20  22.2    5:40   0.0  10.7   0.0   4.3  19.3    3:40     W
 6  29.8  36.1   17:50  24.1    6:15   0.0  11.5   0.0   3.5  20.9   21:15     W
 7  29.1  35.2   16:40  23.6    6:20   0.0  10.8   0.0   3.5  19.3    2:35     E
 8  30.9  37.2   16:30  24.5    5:40   0.0  12.6   0.0   4.8  24.1   20:45     W
 9  31.2  37.4   18:05  24.9    5:50   0.0  12.9   0.0   3.7  19.3   21:45     W
10  29.8  35.7   17:20  24.3    5:55   0.0  11.5   0.0   3.4  20.9   23:05     E
11  30.4  37.9   17:40  23.7    6:10   0.0  12.1   0.0   3.5  27.4    0:50   WSW
12  31.7  38.8   16:50  25.4    5:20   0.0  13.4   0.0   4.2  35.4   23:45     W
13  30.3  35.1   16:15  25.2    6:35   0.0  12.1   0.0   3.7  24.1    2:25     E
14  30.1  36.6   17:25  23.9    6:40   0.0  11.8   0.0   3.7  29.0   15:35     W
15  30.7  37.3   17:50  24.9    7:15   0.0  12.4   0.0   2.9  14.5    2:45     W
16  31.2  37.9   17:45  25.0    6:35   0.0  12.9   0.0   2.6  17.7    0:10     W
17  26.8  30.9   16:55  22.0    6:40   0.0   8.5   0.0   4.0  25.7    1:40     E
18  27.0  32.3   18:30  21.8    7:10   0.0   8.7   0.0   4.2  20.9   13:45     W
19  27.3  33.0   17:40  21.7    6:35   0.0   9.1   0.0   3.7  19.3   21:50     E
20  28.3  35.6   18:00  22.4    5:50   0.0  10.0   0.0   4.0  25.7   23:00     W
21  29.8  37.4   18:45  23.2    4:30   0.0  11.5   0.0   3.1  16.1   21:15   WSW
22  28.8  34.9   17:10  22.8    6:25   0.0  10.5   0.0   2.7  16.1   17:25     W
23  29.0  35.8   17:05  22.9    4:35   0.0  10.7   0.0   5.3  30.6   21:40    SW
24  28.7  33.6   15:20  24.7    6:45   0.0  10.4   0.0   4.3  33.8   18:00   WSW
25  29.3  34.8   17:25  25.2    6:10   0.0  11.1   0.0   3.2  19.3   12:50     W
26  30.8  35.9   18:15  26.2    6:25   0.0  12.5   0.0   4.5  27.4    6:35   WSW
27  29.6  35.0   17:15  25.6    7:05   0.0  11.3   0.0   5.8  35.4   19:10    SW
28  30.0  36.0   18:25  24.7    7:15   0.0  11.7   0.0   6.6  33.8    0:25    SW
29  32.1  37.7   18:00  26.2    6:25   0.0  13.8   0.0   5.6  24.1    5:35   WSW
30  31.7  37.9   17:45  25.7    7:15   0.0  13.4   0.0   3.4  19.3    0:55     W
31  30.6  35.6   18:40  26.1    6:55   0.0  12.3   0.0   4.2  27.4   23:05   ESE
-------------------------------------------------------------------------------------
    29.4  38.8    12    20.2     4     0.0 344.5   0.0   3.9  35.4    12       W

Max >=  32.0: 30
Max <=   0.0:  0
Min <=   0.0:  0
Min <= -18.0:  0
Max Rain: 0.00 ON 01/07/12
Days of Rain: 0 (> .2 mm) 0 (> 2 mm) 0 (> 20 mm)
Heat Base:  18.3  Cool Base:  18.3  Method: Integration