NOAA-Style Climate Reports


Report for 2012 Ιούνιος
                   MONTHLY CLIMATOLOGICAL SUMMARY for JUN. 2012

NAME: veriaweather   CITY: Veria   STATE: Imathia 
ELEV:   105 m  LAT:  40° 31' 23" N  LONG:  22° 12' 19" E

                   TEMPERATURE (°C), RAIN  (mm), WIND SPEED (km/hr)

                                      HEAT  COOL        AVG
    MEAN                              DEG   DEG         WIND                 DOM
DAY TEMP  HIGH   TIME   LOW    TIME   DAYS  DAYS  RAIN  SPEED HIGH   TIME    DIR
------------------------------------------------------------------------------------
 1  21.5  27.2   13:45  16.5    5:15   0.2   3.4   0.0   3.1  20.9   14:05   WNW
 2  22.8  29.2   16:45  16.7    4:20   0.2   4.8   0.0   3.2  17.7    1:50     E
 3  23.9  29.7   16:10  18.1    5:05   0.0   5.6   0.0   2.9  16.1    0:30     W
 4  24.6  30.4   16:05  18.9    5:05   0.0   6.3   0.0   2.9  17.7   13:30     W
 5  22.3  24.9    9:10  19.8    4:10   0.0   4.0   0.0   5.0  32.2   14:40    NW
 6  22.9  28.7   16:50  17.1    5:20   0.0   4.7   0.0   4.7  24.1   23:15    SW
 7  24.1  30.9   15:50  17.6    4:45   0.0   5.8   0.0   3.5  19.3    1:45     W
 8  24.4  31.2   16:20  17.5    5:00   0.0   6.1   0.0   2.6  16.1   14:35     E
 9  26.4  34.3   15:40  19.5    4:55   0.0   8.1   0.0   1.9  16.1   13:15     W
10  26.7  32.6   15:00  21.0    5:05   0.0   8.4   0.0   2.3  20.9   21:15     W
11  26.6  32.6   15:35  21.7    5:30   0.0   8.3   0.0   2.7  16.1   11:35   WNW
12  27.8  34.9   17:05  22.0    2:45   0.0   9.5   0.0   2.4  14.5    9:40     W
13  28.7  35.3   16:30  22.2    4:30   0.0  10.4   0.0   3.1  29.0   20:50   WNW
14  27.7  34.1   15:35  21.3    5:30   0.0   9.4   0.0   6.9  38.6    7:05    SW
15  26.7  32.4   18:10  20.6    5:15   0.0   8.4   0.0   5.1  25.7    4:05    SW
16  26.7  32.2   18:05  22.2    5:10   0.0   8.4   0.0   4.8  20.9   13:55   WSW
17  26.4  31.4   15:55  21.7    4:40   0.0   8.2   0.0   5.0  24.1   20:15    SW
18  26.9  33.5   15:35  20.6    4:45   0.0   8.6   0.0   4.2  22.5   20:40     W
19  27.8  34.8   16:05  20.9    2:55   0.0   9.5   0.0   5.0  24.1   21:50   WSW
20  28.9  35.4   16:35  22.6    5:15   0.0  10.6   0.0   4.8  22.5   20:50     W
21  29.0  35.2   15:00  23.3    4:55   0.0  10.7   0.0   5.1  27.4   20:15   WSW
22  29.6  36.3   17:10  23.1    3:45   0.0  11.3   0.0   5.0  24.1   21:40     W
23  30.4  37.1   16:20  24.4    3:50   0.0  12.1   0.0   4.3  20.9   19:40     W
24  27.6  33.8   14:30  21.3   18:15   0.0   9.2   7.1   4.7  57.9   17:20    SW
25  26.4  32.5   16:55  19.9    5:20   0.0   8.1   1.3   2.9  17.7    4:00     E
26  28.2  33.9   16:10  22.8    5:25   0.0   9.9   0.0   3.5  20.9   10:30     W
27  25.4  29.6   17:20  22.3    5:00   0.0   7.2   0.0   2.7  19.3   11:45   SSE
28  25.1  30.9   16:25  19.9    4:45   0.0   6.7   0.0   4.7  20.9    1:45   WSW
29  26.1  32.6   16:35  19.6    4:45   0.0   7.8   0.0   3.1  19.3   19:40     W
30  27.0  33.4   17:00  21.0    5:25   0.0   8.7   0.0   2.9  16.1   15:05     E
-------------------------------------------------------------------------------------
    26.3  37.1    23    16.5     1     0.5 240.2   8.4   3.8  57.9    24       W

Max >=  32.0: 19
Max <=   0.0:  0
Min <=   0.0:  0
Min <= -18.0:  0
Max Rain: 7.11 ON 24/06/12
Days of Rain: 2 (> .2 mm) 1 (> 2 mm) 0 (> 20 mm)
Heat Base:  18.3  Cool Base:  18.3  Method: Integration