NOAA-Style Climate Reports


Report for 2012 Μάϊος
                   MONTHLY CLIMATOLOGICAL SUMMARY for MAY. 2012

NAME: veriaweather   CITY: Veria   STATE: Imathia 
ELEV:   105 m  LAT:  40° 31' 23" N  LONG:  22° 12' 19" E

                   TEMPERATURE (°C), RAIN  (mm), WIND SPEED (km/hr)

                                      HEAT  COOL        AVG
    MEAN                              DEG   DEG         WIND                 DOM
DAY TEMP  HIGH   TIME   LOW    TIME   DAYS  DAYS  RAIN  SPEED HIGH   TIME    DIR
------------------------------------------------------------------------------------
 1  23.1  30.2   15:40  17.3    5:45   0.0   4.8   0.0   4.2  20.9    4:10     W
 2  23.2  30.7   15:15  17.7    6:00   0.0   4.9   0.0   4.5  20.9   20:05     W
 3  22.7  29.6   14:15  17.5    4:30   0.0   4.5   0.0   5.0  24.1   17:20   WSW
 4  21.0  27.9   12:45  17.4    5:30   0.1   2.8   1.3   6.3  35.4   14:40    SW
 5  22.2  28.6   15:15  15.7    5:30   0.4   4.3   0.3   5.3  22.5    0:55   WSW
 6  22.6  30.0   15:50  15.7    4:50   0.4   4.7   0.0   6.1  24.1    4:40     W
 7  24.0  30.2   14:15  17.1    5:35   0.1   5.8   0.0   5.6  43.5   19:45     E
 8  22.5  27.0   15:45  18.2    4:45   0.0   4.2   0.0   4.5  30.6   14:20     W
 9  21.3  27.2   16:20  17.4    5:15   0.1   3.1   0.8   4.0  27.4   17:25     W
10  20.7  27.9   15:20  16.7    3:55   0.4   2.8   2.3   5.1  30.6   17:30     W
11  21.7  28.1   14:25  17.2    3:45   0.1   3.6   1.5   4.7  25.7   19:05     W
12  23.1  31.4   15:10  19.2   20:55   0.0   4.8   0.8   6.3  46.7   15:40   WSW
13  23.0  29.1   14:35  18.6   00:00   0.0   4.7   0.0   6.6  27.4    0:30   SSE
14  17.2  21.7   14:50  13.4   23:40   1.6   0.5  11.4   3.1  56.3   23:55    SE
15  14.6  17.1   13:10  11.3    5:25   3.7   0.0   3.0   2.3  38.6    0:35   NNE
16  18.4  23.5   17:40  13.3    3:45   1.5   1.6   1.3   3.7  32.2   22:00     N
17  15.3  18.3    0:05  12.8   00:00   3.0   0.0   0.8   9.2  45.1   21:50    SW
18  15.3  19.7   15:20  11.6    5:50   3.0   0.0   0.0   4.7  38.6    2:30   WSW
19  19.9  25.3   15:30  14.3    5:30   0.8   2.5   0.0   4.0  29.0    4:45     E
20  20.3  27.6   16:05  13.8    5:20   1.0   3.0   0.0   2.7  20.9   20:35     E
21  17.1  18.6   11:10  15.0    4:30   1.2   0.0   0.0   2.3  16.1    3:45    NW
22  17.8  20.9   14:55  15.6    6:00   0.9   0.4   0.3   3.7  40.2   18:30     W
23  18.9  24.0   15:15  14.8   22:05   0.9   1.4   0.0   4.2  24.1    2:20   SSE
24  18.4  23.8   15:50  13.4    3:40   1.5   1.6   0.0   4.0  27.4   22:35     W
25  20.3  25.9   14:15  15.1    2:40   0.9   2.8   0.0   5.6  32.2    2:00    SW
26  16.7  20.0    0:10  15.3   00:00   1.6   0.1   0.0   2.9  24.1    1:55   NNW
27  16.7  20.5   15:05  13.7    5:15   1.8   0.2   0.0   2.9  19.3   23:20     W
28  19.5  24.6   16:05  14.2    4:55   0.9   2.1   0.0   6.9  29.0    8:40   WSW
29  19.2  23.6   17:45  16.1    6:05   0.4   1.4   0.0   6.3  37.0   12:00     W
30  19.3  24.7   16:25  15.1    5:50   0.7   1.7   0.0   3.9  30.6   12:10    SW
31  22.2  28.4   14:25  16.4    5:20   0.3   4.1   0.0   4.2  20.9   19:55   WSW
-------------------------------------------------------------------------------------
    19.9  31.4    12    11.3    15    27.4  78.3  23.6   4.7  56.3    14       W

Max >=  32.0:  0
Max <=   0.0:  0
Min <=   0.0:  0
Min <= -18.0:  0
Max Rain: 11.43 ON 14/05/12
Days of Rain: 11 (> .2 mm) 3 (> 2 mm) 0 (> 20 mm)
Heat Base:  18.3  Cool Base:  18.3  Method: Integration