NOAA-Style Climate Reports


Report for 2012 Απρίλιος
                   MONTHLY CLIMATOLOGICAL SUMMARY for APR. 2012

NAME: veriaweather   CITY: Veria   STATE: Imathia 
ELEV:   105 m  LAT:  40° 31' 23" N  LONG:  22° 12' 19" E

                   TEMPERATURE (°C), RAIN  (mm), WIND SPEED (km/hr)

                                      HEAT  COOL        AVG
    MEAN                              DEG   DEG         WIND                 DOM
DAY TEMP  HIGH   TIME   LOW    TIME   DAYS  DAYS  RAIN  SPEED HIGH   TIME    DIR
------------------------------------------------------------------------------------
 1  14.0  20.6   14:55   8.9   23:55   4.4   0.1   0.0   5.0  41.8   11:40     E
 2  10.2  15.8   16:15   5.6    7:25   8.1   0.0   0.0   3.2  19.3    0:45   SSE
 3  11.9  18.1   17:20   6.8    4:55   6.4   0.0   0.0   3.1  16.1   14:00   WSW
 4  11.4  12.8   19:30   9.8    6:45   6.8   0.0   3.3   2.1  16.1   11:55     W
 5  12.6  14.5   14:30  11.0    7:35   5.7   0.0   1.3   0.8  14.5    7:15     W
 6  14.6  19.0   17:50  12.2    5:50   3.7   0.0   1.3   1.4  17.7   23:45     N
 7  17.7  24.0   15:10  12.3    7:55   1.5   0.9   1.3   4.0  37.0   18:00     N
 8  17.3  22.2   13:10  13.0   00:00   1.6   0.6   0.8  10.0  49.9   15:30    SW
 9   9.7  13.0    0:05   8.1   18:30   8.6   0.0   0.3   3.2  19.3    9:25   SSE
10   9.8  15.0   15:55   6.6    8:00   8.5   0.0   0.3   3.7  24.1   20:35   WSW
11  10.9  16.3   16:25   5.8    6:55   7.3   0.0   0.3   2.6  17.7    0:05     W
12  13.2  19.4   16:40   7.9    7:35   5.1   0.1   0.3   3.2  17.7    4:40     W
13  12.7  14.7   13:55   9.8    6:15   5.6   0.0   0.3   2.4  16.1   21:10   NNE
14  14.6  17.1   18:05  12.6    3:45   3.7   0.0   0.0   3.5  40.2   14:45    NW
15  17.7  22.1   17:25  12.8    2:25   1.4   0.8   0.3  10.3  40.2    9:25    SW
16  16.1  19.7   14:45  13.4    9:05   2.3   0.1   0.0   6.0  38.6    0:05    SW
17  14.1  16.8   13:15  11.8    6:35   3.1   0.0   0.0   2.4  16.1    2:55   WSW
18  15.1  16.5   12:05  12.1    8:05   2.2   0.0   0.0   3.9  24.1   11:05   NNW
19  17.1  21.2   13:00  11.9    5:45   1.8   0.7   0.3   9.0  38.6   15:05    SW
20  15.2  18.7   17:05  12.7    9:45   3.1   0.0   0.3   6.3  43.5   10:55     W
21  17.2  22.2   14:35  12.8    4:00   1.9   0.8   0.0   7.1  43.5   15:30   WNW
22  17.6  23.2   13:15  11.4    5:25   2.0   1.3   0.0   4.3  32.2    3:00     E
23  18.2  24.3   14:10  11.7    5:05   1.8   1.7   0.0   3.4  22.5    1:45     W
24  19.1  26.0   14:25  13.9    5:15   1.3   2.1   0.0   5.0  25.7   16:10     N
25  19.1  25.9   17:05  12.9    5:25   1.3   2.2   0.3   5.3  38.6   16:40     W
26  19.5  26.9   15:35  12.6    5:30   1.3   2.5   0.0   6.3  30.6    6:15   WSW
27  20.3  28.3   17:20  13.6    5:50   1.1   3.1   0.0   3.7  33.8   19:10     W
28  17.4  20.7   14:35  14.2    4:40   1.2   0.3   0.0   6.8  27.4   17:00     W
29  22.3  29.3   16:15  15.9    5:15   0.4   4.4   0.0   5.6  29.0   21:55   WSW
30  23.0  30.1   15:00  17.3    4:20   0.1   4.8   0.0   4.7  24.1   20:00   WSW
-------------------------------------------------------------------------------------
    15.6  30.1    30     5.6     2   103.6  26.5  10.2   4.6  49.9     8       W

Max >=  32.0:  0
Max <=   0.0:  0
Min <=   0.0:  0
Min <= -18.0:  0
Max Rain: 3.30 ON 04/04/12
Days of Rain: 14 (> .2 mm) 1 (> 2 mm) 0 (> 20 mm)
Heat Base:  18.3  Cool Base:  18.3  Method: Integration