NOAA-Style Climate Reports


Report for 2012 Μάρτιος
                   MONTHLY CLIMATOLOGICAL SUMMARY for MAR. 2012

NAME: veriaweather   CITY: Veria   STATE: Imathia 
ELEV:   105 m  LAT:  40° 31' 23" N  LONG:  22° 12' 19" E

                   TEMPERATURE (°C), RAIN  (mm), WIND SPEED (km/hr)

                                      HEAT  COOL        AVG
    MEAN                              DEG   DEG         WIND                 DOM
DAY TEMP  HIGH   TIME   LOW    TIME   DAYS  DAYS  RAIN  SPEED HIGH   TIME    DIR
------------------------------------------------------------------------------------
 1   8.2  12.1   16:35   4.6   23:10  10.1   0.0   0.0   9.3  46.7    6:45     N
 2  10.0  17.6   15:50   3.9    4:15   8.3   0.0   0.0   4.5  25.7    4:00     W
 3  13.8  21.8   13:40   8.8   00:00   3.3   0.2   0.0   7.7  33.8    5:30   WSW
 4   9.7  15.7   15:05   4.3    7:15   8.6   0.0   0.0   4.2  25.7    1:00     W
 5   9.1  12.2   14:10   4.9    7:15   9.2   0.0   0.0   1.4  11.3   16:30    SE
 6   9.2  11.2   15:30   7.2    7:50   9.1   0.0   0.0   2.1  11.3    2:50   NNW
 7   6.2   8.4    1:45   4.6   21:05  12.2   0.0   7.1   2.4  14.5   10:50   SSE
 8   5.6   6.4   23:30   4.7    6:30  12.7   0.0   4.8   1.0   9.7   11:10   NNE
 9   6.8   7.7   13:00   5.7    6:35  11.5   0.0   4.3   1.0   9.7    9:50    SW
10   6.3   7.1    0:05   5.6    9:40  12.0   0.0   2.5   1.1  11.3   10:40    SW
11   4.8   6.3    0:05   3.4   10:35  13.5   0.0   1.5   2.3  24.1   21:55    NW
12   6.7   8.6   16:50   4.9   22:20  11.6   0.0   1.0   5.8  41.8    8:20     N
13   8.1  12.7   15:10   4.8    6:30  10.2   0.0   0.8   3.4  27.4   20:35    NW
14  10.1  15.8   15:30   4.7    6:10   8.2   0.0   0.8   7.1  27.4    6:45   WSW
15  10.8  15.3   13:10   6.1    5:50   7.4   0.0   0.3   8.4  38.6   10:20   WSW
16  11.4  18.4   16:05   6.4    7:00   6.8   0.0   0.3   3.7  24.1    1:05     W
17  10.4  17.1   16:15   5.2    5:10   7.9   0.0   0.0   3.9  19.3    8:10   WSW
18  12.1  19.8   15:25   6.3    6:40   6.3   0.1   0.0   3.1  20.9   16:50     W
19  12.6  20.6   16:20   7.0    5:10   5.9   0.2   0.0   1.9  11.3    5:15   WNW
20  15.6  25.4   16:25   7.4    6:45   4.2   1.5   0.0   1.9  17.7   14:45   WNW
21  18.2  25.4   15:45  12.4    5:25   1.9   1.8   0.0   3.5  19.3    3:10     W
22  17.6  23.8   16:15  12.9    7:10   1.9   1.2   0.0   5.0  20.9    5:25   WSW
23  15.2  22.0   15:20   9.8    5:50   3.7   0.6   0.0   2.6  17.7   16:35     W
24  16.1  24.1   16:40   9.7    6:00   3.4   1.2   0.0   2.4  20.9   19:15     W
25  16.7  23.3   16:35  11.6    7:00   2.6   1.0   0.0   3.2  19.3   21:05     W
26  17.1  22.5   16:25  12.6    6:20   2.2   1.0   0.0  11.3  37.0   18:10     N
27  13.7  19.6   17:35   7.8    7:15   4.7   0.1   0.0   3.4  20.9    1:00   WSW
28  15.8  20.4   16:50  10.9    0:30   2.8   0.4   0.0   7.7  33.8   10:30     N
29  16.4  23.8   18:15   9.9    7:30   3.2   1.3   0.0   3.5  22.5    6:25     W
30  17.6  23.7   15:05  12.9   21:40   1.6   0.8   0.0   8.5  54.7   12:50    SW
31  14.7  21.1   16:30   9.3    7:45   3.8   0.3   0.0   4.7  27.4    7:40     W
-------------------------------------------------------------------------------------
    11.8  25.4    20     3.4    11   210.7  11.6  23.4   4.3  54.7    30       W

Max >=  32.0:  0
Max <=   0.0:  0
Min <=   0.0:  0
Min <= -18.0:  0
Max Rain: 7.11 ON 07/03/12
Days of Rain: 10 (> .2 mm) 4 (> 2 mm) 0 (> 20 mm)
Heat Base:  18.3  Cool Base:  18.3  Method: Integration