NOAA-Style Climate Reports


Report for 2012 Φεβρουάριος
                   MONTHLY CLIMATOLOGICAL SUMMARY for FEB. 2012

NAME: veriaweather   CITY: Veria   STATE: Imathia 
ELEV:   105 m  LAT:  40° 31' 23" N  LONG:  22° 12' 19" E

                   TEMPERATURE (°C), RAIN  (mm), WIND SPEED (km/hr)

                                      HEAT  COOL        AVG
    MEAN                              DEG   DEG         WIND                 DOM
DAY TEMP  HIGH   TIME   LOW    TIME   DAYS  DAYS  RAIN  SPEED HIGH   TIME    DIR
------------------------------------------------------------------------------------
 1  -1.2   1.0   12:40  -2.9    3:45  19.5   0.0   0.0   2.3  16.1   23:50     W
 2  -1.7  -0.1   21:30  -3.3    5:45  20.0   0.0   0.5   1.6  16.1    0:15   NNW
 3   0.9   2.7   23:05  -0.4    0:05  17.3   0.0   4.8   0.5   8.0   11:30    NW
 4   4.8   7.0   20:55   2.7    0:05  13.5   0.0   9.9   1.8   9.7   16:50   WNW
 5   6.4   9.4   11:45   2.9   22:40  11.9   0.0   2.0   2.6  17.7   21:30     W
 6   2.7   5.2   19:00   0.4    9:20  15.7   0.0   5.3   2.1  16.1    2:30   SSE
 7   1.7   2.8   15:45   0.3   22:20  16.6   0.0  15.0   0.6  19.3    3:05    NE
 8  -1.3   0.6    0:05  -2.8    7:55  19.6   0.0   3.0   1.0   9.7    4:50   SSE
 9  -1.5   0.1   16:15  -3.7    8:40  19.8   0.0   0.0   0.6   9.7   12:20   SSE
10  -0.9   0.1   23:50  -1.4    0:55  19.2   0.0   0.0   0.5   8.0   22:15    NE
11   0.4   1.2   22:50  -0.3    9:15  17.9   0.0   0.0   2.7  14.5    5:30   NNW
12   2.6   3.9   23:55   1.1    1:35  15.7   0.0   0.0   1.0   8.0   21:25   NNW
13   3.7   7.8   13:30  -0.8   22:35  14.7   0.0  10.9   2.6  16.1   14:50   WNW
14   0.0   2.8   23:30  -4.3    8:45  18.3   0.0   4.3   1.1   9.7    1:25   SSE
15   2.3   7.1   20:05  -1.7    7:35  16.0   0.0   1.0   2.9  32.2   22:30     S
16   4.5   7.6   12:15   1.8    5:30  13.8   0.0   0.0   4.8  33.8   16:25     W
17   3.5   7.3   14:55   1.6    3:40  14.8   0.0   0.0   9.3  40.2   10:05     N
18   5.7  12.0   15:50   1.4    1:40  11.6   0.0   0.0   4.0  27.4    2:40     W
19   6.9  11.9   16:40   2.5    7:30  11.4   0.0   0.0   4.3  20.9    0:50     W
20   7.9  11.6   14:15   5.3    7:55  10.4   0.0   0.0   3.1  17.7   19:35     W
21   9.4  13.3   14:15   6.8    7:00   8.9   0.0   0.0   3.1  14.5    0:05     W
22   9.1  11.6   16:55   7.4    2:40   9.3   0.0   0.0   2.4  14.5   20:25   WSW
23   9.4  14.3   16:10   6.8    7:25   8.9   0.0   0.0   4.0  25.7   22:05     W
24  11.3  17.7   13:40   6.6    6:55   7.0   0.0   0.0   8.9  30.6   14:05     W
25  15.5  23.4   15:50  10.8    1:50   3.8   1.0   0.0   7.6  35.4    6:30     W
26  10.7  14.2   11:50   6.8   23:55   7.6   0.0   4.3   4.2  22.5    4:40   WSW
27   5.4   7.4   14:55   2.8   23:50  12.9   0.0   7.9   8.9  40.2   17:20     N
28   2.8   5.7   14:45   0.4   23:50  15.4   0.0   0.5  11.7  45.1    9:20     N
29   5.8  11.9   14:40   0.8    0:05  12.5   0.0   0.0   9.3  61.2   16:50     N
-------------------------------------------------------------------------------------
     4.4  23.4    25    -4.3    14   404.0   1.0  69.6   3.8  61.2    29       W

Max >=  32.0:  0
Max <=   0.0:  1
Min <=   0.0: 10
Min <= -18.0:  0
Max Rain: 14.99 ON 07/02/12
Days of Rain: 13 (> .2 mm) 10 (> 2 mm) 0 (> 20 mm)
Heat Base:  18.3  Cool Base:  18.3  Method: Integration