NOAA-Style Climate Reports


Report for 2012 Ιανουάριος
                   MONTHLY CLIMATOLOGICAL SUMMARY for JAN. 2012

NAME: veriaweather   CITY: Veria   STATE: Imathia 
ELEV:   105 m  LAT:  40° 31' 23" N  LONG:  22° 12' 19" E

                   TEMPERATURE (°C), RAIN  (mm), WIND SPEED (km/hr)

                                      HEAT  COOL        AVG
    MEAN                              DEG   DEG         WIND                 DOM
DAY TEMP  HIGH   TIME   LOW    TIME   DAYS  DAYS  RAIN  SPEED HIGH   TIME    DIR
------------------------------------------------------------------------------------
 1   3.8   7.9    6:30   1.1   23:10  14.5   0.0   0.0   8.9  35.4    0:10    SW
 2   5.3   9.6   15:25   1.3    0:35   9.1   0.0   0.0   2.6  16.1    0:50     W
 3   5.7  11.6   15:55   2.2    4:50  12.6   0.0   0.0   2.3  14.5   22:20     W
 4   6.4  11.6   14:55   3.4    8:30  11.9   0.0   0.0   2.3  11.3    0:05     W
 5   6.7  12.0   15:35   3.2    6:05  11.6   0.0   0.0   2.6  17.7    7:30     W
 6   6.5   8.2   14:50   3.7   22:10  11.8   0.0  10.7   6.6  56.3   21:55     N
 7   6.6   7.8   15:10   4.7   00:00  11.7   0.0   0.5  16.7  59.5    7:40     N
 8   4.6   7.7   14:25   2.2    5:40  13.7   0.0   0.0   6.9  29.0    1:15    SW
 9   5.9   8.8   14:10   3.1    6:40  12.3   0.0   0.3   9.8  45.1   14:50     N
10   6.7   8.5   16:00   4.5   00:00   9.4   0.0   0.0   2.9  27.4   19:10     N
11   5.3   8.8   14:05   2.3    5:20  12.9   0.0   0.0   7.2  30.6    9:05     N
12   5.8   9.9   14:40   2.3    5:00  12.5   0.0   0.0   5.3  27.4   14:35   WSW
13   5.6  10.7   15:40   1.8    7:40  12.7   0.0   0.0   4.2  22.5    0:10     W
14   5.0   6.9   16:25   1.8   23:55  13.3   0.0   0.0   4.2  24.1   16:45   NNW
15   2.6   6.5   14:30  -0.2   00:00  15.7   0.0   0.5   7.2  30.6    5:45    SW
16   1.1   4.6   15:15  -2.5   23:15  17.3   0.0   0.0   7.2  33.8   12:10     N
17  -0.1   5.3   16:35  -3.9    6:20  18.4   0.0   0.0   7.9  27.4    1:55    SW
18   2.0   7.6   15:25  -2.4    6:45  16.3   0.0   0.0   6.3  25.7    4:30     W
19   3.4   9.3   15:00   0.1    6:40  14.9   0.0   0.0   5.0  29.0    0:25     W
20   4.2   7.3   13:25   1.2    0:50  14.1   0.0   0.0   1.4  17.7   22:30   WNW
21   5.9   9.1   14:45   2.7   23:15  12.4   0.0   0.8   8.0  43.5   12:35     N
22   4.9   9.4   15:00   1.0    7:30  13.3   0.0   0.0   4.2  25.7    0:05     W
23   7.6  14.1   15:30   1.8    5:25  10.7   0.0   0.0   2.4  14.5    0:05     W
24   7.8   9.2   16:10   6.5    7:45  10.5   0.0   1.0   0.6   9.7    0:10   WSW
25   5.4   7.2    0:05   2.4   23:50  12.9   0.0   1.0   2.6  17.7   21:35    SE
26   3.4   6.1   12:55   1.2   00:00  14.9   0.0   0.0   7.2  29.0    4:15    SW
27   3.2   8.8   15:40  -0.1    6:25  15.2   0.0   0.0   6.0  24.1    8:20    SW
28   2.2   5.6   15:45  -0.9    7:05  16.1   0.0   0.0   3.2  19.3    7:10   WSW
29   2.5   3.3   18:55   2.1    6:35  15.8   0.0   0.5   2.1   9.7    0:05   NNW
30   2.1   4.6   15:20   0.2   00:00  16.2   0.0   0.0   1.8  16.1   10:10     E
31   0.3   4.6   15:40  -2.7    6:45  18.0   0.0   0.0   3.9  24.1   21:20    SW
-------------------------------------------------------------------------------------
     4.5  14.1    23    -3.9    17   423.2   0.0  15.2   5.1  59.5     7       W

Max >=  32.0:  0
Max <=   0.0:  0
Min <=   0.0:  7
Min <= -18.0:  0
Max Rain: 10.67 ON 06/01/12
Days of Rain: 8 (> .2 mm) 1 (> 2 mm) 0 (> 20 mm)
Heat Base:  18.3  Cool Base:  18.3  Method: Integration