NOAA-Style Climate Reports


Report for 2012
                            ANNUAL CLIMATOLOGICAL SUMMARY

NAME: veriaweather  CITY: Veria   STATE: Imathia  
ELEV:   105 m  LAT:  40° 31' 23" N  LONG:  22° 12' 19" E

               TEMPERATURE (°C), HEAT BASE 18.3, COOL BASE 18.3
                          DEP.  HEAT  COOL                                          
        MEAN  MEAN        FROM  DEG   DEG                        MAX  MAX  MIN  MIN 
 YR MO  MAX   MIN   MEAN  NORM  DAYS  DAYS  HI  DATE  LOW  DATE  >=32 <=0  <=0  <=-18 
------------------------------------------------------------------------------------
 12  1   8.1   1.4   4.5   0.0   423     0  14.1  23  -3.9   17    0    0    7    0
 12  2   7.6   1.6   4.4   0.0   404     1  23.4  25  -4.3   14    0    1   10    0
 12  3  17.1   7.4  11.8   0.0   211    12  25.4  20   3.4   11    0    0    0    0
 12  4  20.5  11.4  15.6   0.0   104    26  30.1  30   5.6    2    0    0    0    0
 12  5  25.4  15.5  19.9   0.0    27    78  31.4  12  11.3   15    0    0    0    0
 12  6  32.4  20.5  26.3   0.0     1   240  37.1  23  16.5    1   19    0    0    0
 12  7  35.5  23.8  29.4   0.0     0   345  38.8  12  20.2    4   30    0    0    0
 12  8  34.0  22.5  27.9   0.0     0   295  41.7   7  18.9   30   21    0    0    0
 12  9  29.2  18.7  23.3   0.0     6   154  34.6  30  11.7   22    7    0    0    0
 12 10  24.7  15.7  19.6   0.0    30    69  33.5   1   9.9   31    1    0    0    0
 12 11  17.0  11.1  13.6   0.0   145     5  24.3   6   6.9    8    0    0    0    0
 12 12   9.8   3.9   6.4   0.0   367     0  18.4   1  -1.8   13    0    0    2    0
------------------------------------------------------------------------------------
        21.8  12.8  16.9   0.0  1717  1225  41.7 AUG  -4.3  FEB   78    1   19    0

                                PRECIPITATION (mm)

               DEP.   MAX        DAYS OF RAIN 
               FROM   OBS.          OVER
 YR MO  TOTAL  NORM   DAY  DATE  .2   2   20
---------------------------------------------
 12  1  15.2    0.0  10.7    6    8    1    0
 12  2  69.6    0.0  15.0    7   13   10    0
 12  3  23.4    0.0   7.1    7   10    4    0
 12  4  10.2    0.0   3.3    4   14    1    0
 12  5  23.6    0.0  11.4   14   11    3    0
 12  6   8.4    0.0   7.1   24    2    1    0
 12  7   0.0    0.0   0.0    1    0    0    0
 12  8  11.7    0.0   4.8   10    6    2    0
 12  9   5.6    0.0   2.3    7    5    1    0
 12 10  36.8    0.0  19.8   28    7    5    0
 12 11  99.8    0.0  40.6   20    8    6    2
 12 12  49.1    0.0  21.6   18   10    6    1
---------------------------------------------
       353.4   0.0  40.6  NOV   94   40    3

                                WIND SPEED (km/hr)
                          DOM
 YR MO   AVG.  HI   DATE  DIR
---------------------------------
 12  1   5.1  59.5    7     W
 12  2   3.8  61.2   29     W
 12  3   4.3  54.7   30     W
 12  4   4.6  49.9    8     W
 12  5   4.7  56.3   14     W
 12  6   3.8  57.9   24     W
 12  7   3.9  35.4   12     W
 12  8   4.3  51.5   27     W
 12  9   3.9  49.9    6     W
 12 10   4.0  49.9   30   WNW
 12 11   2.2  41.8    1   WNW
 12 12   0.0   0.0    1   ---
---------------------------------
         3.7  61.2  FEB    W