NOAA-Style Climate Reports


Report for 2011 Δεκέμβριος
                   MONTHLY CLIMATOLOGICAL SUMMARY for DEC. 2011

NAME: veriaweather   CITY: Veria   STATE: Imathia 
ELEV:   105 m  LAT:  40° 31' 23" N  LONG:  22° 12' 19" E

                   TEMPERATURE (°C), RAIN  (mm), WIND SPEED (km/hr)

                                      HEAT  COOL        AVG
    MEAN                              DEG   DEG         WIND                 DOM
DAY TEMP  HIGH   TIME   LOW    TIME   DAYS  DAYS  RAIN  SPEED HIGH   TIME    DIR
------------------------------------------------------------------------------------
 1   9.2  15.2   15:00   5.6    6:50   9.2   0.0   0.0   3.7  20.9   19:20     W
 2   8.6  13.1   14:55   5.9    7:15   9.7   0.0   0.0   3.9  17.7   21:35     W
 3   8.6  13.5   15:30   5.8    7:55   9.7   0.0   0.0   4.8  22.5    5:35   WSW
 4   8.7  13.2   15:35   5.4    6:20   9.6   0.0   0.0   3.2  16.1    0:55     W
 5   8.6  10.6   21:45   6.6    8:00   9.7   0.0   0.0   2.1  12.9   21:35     N
 6  14.4  18.1   15:10   9.4    4:50   3.9   0.0   0.0   9.0  43.5   12:05    SW
 7  10.3  13.2    1:35   8.1   21:30   8.0   0.0   1.0   4.0  27.4    4:20   WSW
 8   8.2  13.6   14:35   5.2    8:00  10.1   0.0   0.3   6.9  48.3   14:50     W
 9   6.8  12.4   14:35   3.4    7:35  11.4   0.0   0.0   7.7  32.2    7:40   WSW
10   7.5  11.3   13:35   3.7    3:35  10.8   0.0   0.0   2.1  17.7    0:55   WNW
11   9.8  11.8   12:20   8.2    5:00   8.5   0.0   0.0   1.8  11.3    0:10     W
12  10.8  13.4   13:50   9.2    6:15   7.5   0.0   0.0   2.9  17.7   21:10     W
13  11.4  13.6   14:00   9.9    3:20   6.9   0.0   0.0   3.1  14.5    1:15   WSW
14  11.0  16.7   15:35   8.3    5:20   7.3   0.0   0.0   5.3  19.3    1:10   WSW
15  10.1  13.4   14:50   6.6    7:20   8.3   0.0   0.0   2.7  17.7    3:30     W
16  13.8  18.1   15:15   9.6    2:35   4.5   0.0   2.8   8.2  48.3   10:00    SW
17  14.6  19.9   13:25   9.7    5:30   3.8   0.1   0.8   9.3  64.4   21:05     W
18   9.8  13.1    0:25   7.1   21:30   8.5   0.0   0.0   5.0  46.7    0:15     W
19   7.1   8.2   16:15   5.8    6:05  11.2   0.0   6.3   1.0  11.3    5:00   WSW
20   7.9  10.6   18:45   5.1   00:00  10.4   0.0   1.0   2.1  22.5   23:20   WSW
21   4.6   6.8   16:20   2.5    7:45  13.7   0.0   7.6   2.1  16.1    9:55     S
22   2.4   3.2   13:50   1.2   17:05  15.9   0.0  40.1   0.6  14.5    7:45    NW
23   4.3   5.8   12:45   2.5    0:05  14.0   0.0   8.1   2.4  22.5   18:35    SW
24   2.6   5.7   14:05   0.6   23:40  15.7   0.0   0.0   2.3  19.3   23:10   SSE
25   3.1   8.2   15:00   0.0    4:55  15.3   0.0   0.0   4.0  20.9    7:55   WSW
26   4.7   7.9   13:45   3.0    3:45  13.6   0.0   0.0   2.3  16.1   19:25   WSW
27   4.1   8.5   16:10   1.7    6:20  14.2   0.0   0.0   2.4  17.7   20:10     W
28   3.5   8.6   15:35   0.4    6:40  14.8   0.0   0.0   2.9  20.9   20:30     W
29   3.9   8.5   15:05   0.7    6:55  14.4   0.0   0.0   1.9  14.5   19:20     W
30   4.9   7.6    6:40   1.4    2:05  13.3   0.0   5.6   1.0  14.5   23:20   WSW
31   4.9   7.2    8:25   2.3   23:20  13.4   0.0   0.5   5.5  27.4   23:40    SW
-------------------------------------------------------------------------------------
     7.7  19.9    17     0.0    25   327.3   0.1  74.2   3.7  64.4    17       W

Max >=  32.0:  0
Max <=   0.0:  0
Min <=   0.0:  1
Min <= -18.0:  0
Max Rain: 40.13 ON 22/12/11
Days of Rain: 11 (> .2 mm) 6 (> 2 mm) 1 (> 20 mm)
Heat Base:  18.3  Cool Base:  18.3  Method: Integration