NOAA-Style Climate Reports


Report for 2011 Νοέμβριος
                   MONTHLY CLIMATOLOGICAL SUMMARY for NOV. 2011

NAME: veriaweather   CITY: Veria   STATE: Imathia 
ELEV:   105 m  LAT:  40° 31' 23" N  LONG:  22° 12' 19" E

                   TEMPERATURE (°C), RAIN  (mm), WIND SPEED (km/hr)

                                      HEAT  COOL        AVG
    MEAN                              DEG   DEG         WIND                 DOM
DAY TEMP  HIGH   TIME   LOW    TIME   DAYS  DAYS  RAIN  SPEED HIGH   TIME    DIR
------------------------------------------------------------------------------------
 1  10.7  16.8   16:15   6.1    7:05   7.7   0.0   0.0   4.8  20.9    3:25   WSW
 2  11.4  17.3   14:50   7.8    6:15   6.9   0.0   0.0   4.8  20.9   20:40     W
 3  11.7  17.8   15:15   7.6    5:35   6.6   0.0   0.0   3.9  19.3    0:10   WSW
 4  11.7  16.8   14:35   8.1    6:40   6.7   0.0   0.0   4.2  19.3    7:35     W
 5  12.4  17.1   15:25   9.3   23:40   5.9   0.0   0.0   4.3  22.5   10:25   WSW
 6  12.0  15.4   15:45   8.9    1:50   6.3   0.0   0.0   1.6  17.7    1:20    NW
 7  11.5  12.6    1:50  10.6   13:10   6.8   0.0   0.5   0.8   9.7    2:15   NNW
 8  12.3  13.2   15:20  11.4    5:50   6.0   0.0   0.0   0.3   9.7   11:45   NNW
 9  13.7  17.8   15:10  11.3    6:40   4.6   0.0   0.0   1.8  17.7   22:30   WNW
10  13.8  15.4   15:05  12.3    4:55   4.5   0.0   1.5   2.6  25.7    2:40   WSW
11   9.9  12.6    0:30   7.5   23:45   8.3   0.0  14.5   2.7  17.7   13:10     N
12   6.2   7.7    1:45   5.2   11:30  12.1   0.0   0.5   2.9  16.1    9:35     W
13   7.1   9.5   15:15   3.4    7:20  11.2   0.0   0.3   1.9  16.1   13:00   WNW
14   8.0  12.4   15:30   5.6   23:50  10.3   0.0   0.0   2.9  19.3   18:50     W
15   5.7  10.3   15:55   2.4    7:30  12.7   0.0   0.0   6.1  24.1    3:05   WSW
16   6.1  11.9   15:25   2.6    4:55  12.2   0.0   0.0   4.8  19.3    2:25   WSW
17   6.8  11.9   14:40   3.6    6:55  11.5   0.0   0.0   4.7  19.3   19:40   WSW
18   6.5  11.7   15:05   3.6    6:15  11.8   0.0   0.0   5.0  19.3    5:10   WSW
19   7.0  13.1   15:35   3.4    5:45  11.3   0.0   0.0   4.2  17.7    1:55     W
20   7.3  13.2   15:20   3.7    5:35  11.0   0.0   0.0   4.3  17.7   20:05     W
21   7.3  12.7   15:30   3.9    7:00  11.0   0.0   0.0   4.5  17.7   21:40   WSW
22   7.8  10.6   11:40   4.3    5:40  10.5   0.0   0.0   3.7  17.7    2:15     W
23   9.2  10.9   10:15   7.5    6:50   9.1   0.0   1.5   1.3  11.3    2:55     E
24   8.2   8.9    2:25   7.2   21:15  10.1   0.0   1.3   2.7  16.1   23:15   NNE
25   8.5   9.2   15:25   7.9    1:10   9.8   0.0   0.0   1.6  11.3    1:15     N
26   8.4  12.1   14:40   6.2   23:40   9.9   0.0   0.0   2.6  20.9   21:25     N
27   7.0  11.7   15:35   4.3    8:15  11.3   0.0   0.0   4.5  29.0    2:55     W
28   8.9  14.3   15:10   4.2    6:00   9.3   0.0   0.0   4.5  27.4   21:20     W
29  10.0  13.9   13:55   7.4    6:45   8.3   0.0   0.0   4.3  19.3    6:40     W
30   8.9  13.9   15:25   5.7    6:15   9.4   0.0   0.0   4.3  19.3    0:55     W
-------------------------------------------------------------------------------------
     9.2  17.8     3     2.4    15   273.1   0.0  20.1   3.4  29.0    27       W

Max >=  32.0:  0
Max <=   0.0:  0
Min <=   0.0:  0
Min <= -18.0:  0
Max Rain: 14.48 ON 11/11/11
Days of Rain: 7 (> .2 mm) 1 (> 2 mm) 0 (> 20 mm)
Heat Base:  18.3  Cool Base:  18.3  Method: Integration