NOAA-Style Climate Reports


Report for 2011 Οκτώβριος
                   MONTHLY CLIMATOLOGICAL SUMMARY for OCT. 2011

NAME: veriaweather   CITY: Veria   STATE: Imathia 
ELEV:   105 m  LAT:  40° 31' 23" N  LONG:  22° 12' 19" E

                   TEMPERATURE (°C), RAIN  (mm), WIND SPEED (km/hr)

                                      HEAT  COOL        AVG
    MEAN                              DEG   DEG         WIND                 DOM
DAY TEMP  HIGH   TIME   LOW    TIME   DAYS  DAYS  RAIN  SPEED HIGH   TIME    DIR
------------------------------------------------------------------------------------
 1  20.9  27.1   17:25  16.4    8:15   0.2   2.9   0.0   3.4  24.1   23:25     W
 2  22.4  28.0   15:20  18.2    6:55   0.0   4.2   0.0   3.2  20.9   20:10     W
 3  21.3  26.3   17:20  18.1    8:15   0.0   3.1   0.0   3.4  19.3   20:20     W
 4  20.0  26.8   17:05  15.1    7:25   0.8   2.5   0.0   4.5  19.3   21:55     W
 5  20.7  27.4   16:45  15.8    5:45   0.5   2.9   0.0   4.5  22.5   22:05     W
 6  21.1  27.4   17:05  16.7    5:20   0.3   3.0   0.0   5.1  20.9   19:50     W
 7  20.8  25.9   15:00  15.8    7:55   0.4   3.0   0.0   4.0  30.6   19:15   WNW
 8  19.7  22.9    0:15  14.2   23:50   0.3   1.7   0.0   3.2  29.0    1:55    SW
 9  13.5  17.8   14:10  11.3    5:10   4.8   0.0   6.9   2.3  19.3   15:00   SSE
10  11.9  12.9   18:35  10.6    8:50   6.4   0.0   3.6   4.8  37.0   22:15     N
11  14.2  19.5   16:20  11.1    5:00   4.2   0.0   0.0   3.7  25.7    0:25   WSW
12  17.9  23.7   16:20  12.2    0:55   2.0   1.6   0.0   8.7  32.2   15:50   WSW
13  19.7  25.3   16:30  16.2    7:55   0.5   1.9   0.0   5.6  27.4    6:45   WSW
14  14.6  18.5    0:20  11.0   23:55   3.7   0.0   2.0   1.3  19.3    0:40     N
15  10.6  11.3   22:30   9.4    4:15   7.7   0.0  11.7   2.9  24.1    4:45   WNW
16  10.8  13.4   16:50   7.1   22:55   7.5   0.0   0.3   3.9  32.2   14:30     N
17   8.8  14.3   16:40   4.4    4:35   9.5   0.0   0.0   4.3  25.7   10:20     W
18   9.8  16.4   17:40   5.4    7:45   8.5   0.0   0.0   7.9  35.4    7:25   WSW
19  11.8  19.3   16:55   6.2    6:20   6.5   0.1   0.0   4.8  22.5    3:50   WSW
20  12.8  19.5   17:55   8.2    7:35   5.5   0.1   0.0   4.2  19.3   19:55   WSW
21  13.9  20.8   15:45   9.5    4:55   4.6   0.3   0.0   4.3  19.3   22:00   WSW
22  14.4  19.2   16:50  10.3    7:25   3.9   0.1   0.0   2.9  16.1    5:45     W
23  12.7  14.3    0:05  12.2    4:45   5.6   0.0   0.3   2.1  16.1    2:45     W
24  13.8  15.6   14:05  12.2    2:35   4.5   0.0   0.3   1.1  11.3   15:10     W
25  13.9  16.0   16:05  11.8    7:50   4.4   0.0   0.0   1.9  11.3    3:05   WSW
26  13.8  15.3   17:30  11.6    8:10   4.5   0.0   0.0   2.3  11.3    2:10     W
27  12.2  14.9   17:20   9.4   23:45   6.1   0.0   0.0   3.2  19.3   22:50     W
28  11.4  17.1   16:40   7.9    7:30   6.9   0.0   0.0   4.0  20.9   21:35     W
29  10.7  16.1   16:10   7.3    7:45   7.6   0.0   0.0   4.3  19.3    0:10   WSW
30  11.8  16.7   15:05   9.1   23:45   6.5   0.0   0.0   3.9  20.9   20:20     W
31  10.8  16.3   15:15   6.4    6:45   5.7   0.0   0.0   3.5  17.7    0:55     W
-------------------------------------------------------------------------------------
    14.9  28.0     2     4.4    17   129.6  27.2  24.9   3.9  37.0    10       W

Max >=  32.0:  0
Max <=   0.0:  0
Min <=   0.0:  0
Min <= -18.0:  0
Max Rain: 11.68 ON 15/10/11
Days of Rain: 7 (> .2 mm) 4 (> 2 mm) 0 (> 20 mm)
Heat Base:  18.3  Cool Base:  18.3  Method: Integration