NOAA-Style Climate Reports


Report for 2011 Σεπτέμβριος
                   MONTHLY CLIMATOLOGICAL SUMMARY for SEP. 2011

NAME: veriaweather   CITY: Veria   STATE: Imathia 
ELEV:   105 m  LAT:  40° 31' 23" N  LONG:  22° 12' 19" E

                   TEMPERATURE (°C), RAIN  (mm), WIND SPEED (km/hr)

                                      HEAT  COOL        AVG
    MEAN                              DEG   DEG         WIND                 DOM
DAY TEMP  HIGH   TIME   LOW    TIME   DAYS  DAYS  RAIN  SPEED HIGH   TIME    DIR
------------------------------------------------------------------------------------
 1  26.9  34.5   16:10  20.2    5:55   0.0   8.7   0.0   4.8  27.4    1:05     W
 2  27.7  34.7   16:50  21.9    5:50   0.0   9.3   1.0   4.5  27.4   20:50     W
 3  27.8  33.7   16:40  22.8   23:40   0.0   9.6   0.0   4.8  20.9   20:05   WSW
 4  25.9  31.6   14:15  21.2    4:40   0.0   7.6   0.0   3.4  20.9    0:40     W
 5  26.1  32.1   14:50  21.1    6:10   0.0   7.8   0.0   2.9  17.7   13:55     W
 6  24.8  29.7   12:30  19.5   23:50   0.0   6.5   9.4   2.9  35.4   20:40   WSW
 7  22.2  25.9   14:35  19.7    2:50   0.0   3.9   0.3   2.6  19.3    4:55   SSE
 8  25.2  32.1   14:55  19.8    5:10   0.0   6.9   0.0   3.7  17.7   19:25     W
 9  26.8  33.6   16:10  20.4    6:10   0.0   8.5   0.0   3.2  20.9   19:50     W
10  25.8  31.3   15:15  21.7    5:55   0.0   7.5   0.0   3.9  19.3    3:30    SW
11  25.1  31.4   14:45  19.7    5:45   0.0   6.7   0.0   3.2  19.3   16:40   WSW
12  25.6  31.3   15:00  21.2    4:25   0.0   7.3   0.0   2.6  16.1   15:55     W
13  27.0  34.7   15:15  21.6    4:10   0.0   8.7   0.0   4.5  27.4   18:10     W
14  27.8  34.3   18:15  22.1    5:00   0.0   8.6   0.0   4.3  22.5   20:10     W
15  28.0  35.9   16:40  21.6    7:00   0.0   9.7   0.0   3.7  22.5   20:05   WSW
16  27.1  33.7   16:10  21.8    7:15   0.0   8.8   0.0   4.5  22.5    2:20     W
17  26.9  33.4   16:20  21.6    7:25   0.0   8.7   0.0   4.3  20.9   20:25     W
18  25.9  31.4   15:00  21.7    7:50   0.0   7.7   0.0   4.5  22.5   15:25   WSW
19  24.1  28.9   15:35  20.0    7:15   0.0   5.7   0.0   3.7  20.9   19:20     W
20  20.8  24.1   15:00  15.7   00:00   0.1   2.7  66.8   4.3  43.5   22:40    SW
21  17.1  20.6   17:00  15.1    3:40   1.4   0.2  33.5   2.9  24.1    0:10     W
22  21.4  25.6   17:15  18.3    7:45   0.0   3.1   0.8   4.3  24.1   16:00     W
23  21.8  27.3   17:55  17.2    7:45   0.0   3.6   0.0   6.0  25.7    5:25     W
24  22.3  28.5   16:25  17.7    7:35   0.0   4.1   0.0   5.0  20.9   20:50     W
25  22.4  28.3   16:40  17.9    6:40   0.0   4.2   0.0   4.2  19.3    1:45     W
26  20.9  24.9   17:55  17.3    7:30   0.1   2.7   0.0   3.4  17.7    2:20     W
27  20.9  25.8   17:15  17.5    8:05   0.0   2.7   0.0   3.5  25.7   20:55   WNW
28  19.9  25.7   15:40  15.8    7:05   0.6   2.2   0.0   4.7  19.3    6:10     W
29  20.8  27.4   15:15  15.6    6:20   0.8   3.3   0.0   4.8  22.5   19:25     W
30  20.9  26.6   16:00  15.9    8:00   0.3   2.9   0.0   5.3  24.1    2:35   WSW
-------------------------------------------------------------------------------------
    24.2  35.9    15    15.1    21     3.4 179.6 111.8   4.0  43.5    20       W

Max >=  32.0: 11
Max <=   0.0:  0
Min <=   0.0:  0
Min <= -18.0:  0
Max Rain: 66.80 ON 20/09/11
Days of Rain: 6 (> .2 mm) 3 (> 2 mm) 2 (> 20 mm)
Heat Base:  18.3  Cool Base:  18.3  Method: Integration