NOAA-Style Climate Reports


Report for 2011 Αύγουστος
                   MONTHLY CLIMATOLOGICAL SUMMARY for AUG. 2011

NAME: veriaweather   CITY: Veria   STATE: Imathia 
ELEV:   105 m  LAT:  40° 31' 23" N  LONG:  22° 12' 19" E

                   TEMPERATURE (°C), RAIN  (mm), WIND SPEED (km/hr)

                                      HEAT  COOL        AVG
    MEAN                              DEG   DEG         WIND                 DOM
DAY TEMP  HIGH   TIME   LOW    TIME   DAYS  DAYS  RAIN  SPEED HIGH   TIME    DIR
------------------------------------------------------------------------------------
 1  24.4  31.2   15:55  20.2    4:35   0.0   6.1   0.0   5.8  27.4   17:20    SW
 2  25.8  31.3   18:20  20.9    6:45   0.0   7.5   0.0   6.4  30.6   22:55    SW
 3  26.4  32.7   18:30  20.4    6:55   0.0   8.1   0.0   6.4  29.0    0:45    SW
 4  27.6  33.3   17:20  22.4    6:45   0.0   9.3   0.0   4.7  20.9    3:15     W
 5  24.3  30.3   12:55  19.2   20:05   0.0   6.1  18.0   5.8  56.3   19:10     W
 6  24.7  30.6   15:45  19.4    6:15   0.0   6.4   0.0   3.9  24.1    0:20     W
 7  26.7  32.5   16:55  21.4    6:20   0.0   8.4   0.0   3.1  22.5   22:45     W
 8  27.3  34.0   17:30  22.1    6:40   0.0   9.0   0.0   2.7  19.3   22:10     E
 9  27.9  35.0   17:35  22.6    6:05   0.0   9.6   0.0   2.1  17.7   15:10    SW
10  24.7  30.9   14:45  18.9   19:50   0.0   6.4   5.3   2.9  29.0   18:10     W
11  23.1  28.6   18:30  18.4    7:25   0.0   4.8   0.0   7.1  48.3    9:25     N
12  23.6  30.1   18:10  17.6    7:00   0.0   5.3   0.0   5.8  24.1    2:45     W
13  25.2  32.1   15:40  18.8    6:20   0.0   6.9   0.0   4.7  22.5   20:05     W
14  26.5  32.9   14:35  19.9    5:00   0.0   8.2   0.0   3.1  19.3   22:15     W
15  27.2  32.4   14:40  23.2    5:35   0.0   8.9   0.0   2.7  20.9   19:40     W
16  28.3  36.4   17:00  22.3    3:55   0.0  10.0   0.0   3.1  24.1   21:15     W
17  28.8  35.8   16:30  23.6    5:35   0.0  10.5   0.0   4.7  19.3   19:20     W
18  28.7  34.3   15:20  23.9    5:40   0.0  10.4   0.0   3.7  19.3    6:10     E
19  27.4  32.8   14:30  22.4    5:35   0.0   9.1   0.0   2.9  17.7   15:00     E
20  28.2  35.7   16:20  21.8    5:40   0.0   9.8   0.0   2.9  20.9   22:50     W
21  29.8  34.8   15:35  25.6    6:10   0.0  11.5   0.0   5.3  29.0    3:00     N
22  28.0  34.2   16:05  22.8    5:00   0.0   9.7   0.0   2.9  16.1    4:45     W
23  27.9  34.3   16:50  22.2    4:45   0.0   9.6   0.0   3.5  19.3   20:40     W
24  28.6  35.6   16:35  22.7    5:40   0.0  10.3   0.0   3.5  20.9   19:20   WSW
25  29.6  36.9   16:30  23.7    5:35   0.0  11.2   0.0   3.4  16.1    1:40   WSW
26  27.9  34.1   14:50  22.8    5:35   0.0   9.6   0.0   3.5  20.9   20:20     E
27  26.2  31.2   14:50  21.8    5:50   0.0   7.8   0.0   3.2  22.5   15:40    SW
28  25.0  31.1   16:20  20.3    5:15   0.0   6.7   0.0   4.2  19.3   20:25     W
29  25.1  31.7   16:05  19.7    5:50   0.0   6.7   0.0   4.2  25.7   19:40   WSW
30  25.2  31.6   14:50  19.1    5:00   0.0   6.9   0.0   3.7  22.5   16:15     W
31  24.6  30.6   12:15  21.5   23:10   0.0   6.2   4.3   6.1  45.1   15:45     W
-------------------------------------------------------------------------------------
    26.6  36.9    25    17.6    12     0.0 257.5  27.7   4.1  56.3     5       W

Max >=  32.0: 19
Max <=   0.0:  0
Min <=   0.0:  0
Min <= -18.0:  0
Max Rain: 18.03 ON 05/08/11
Days of Rain: 3 (> .2 mm) 3 (> 2 mm) 0 (> 20 mm)
Heat Base:  18.3  Cool Base:  18.3  Method: Integration