NOAA-Style Climate Reports


Report for 2011 Ιούλιος
                   MONTHLY CLIMATOLOGICAL SUMMARY for JUL. 2011

NAME: veriaweather   CITY: Veria   STATE: Imathia 
ELEV:   105 m  LAT:  40° 31' 23" N  LONG:  22° 12' 19" E

                   TEMPERATURE (°C), RAIN  (mm), WIND SPEED (km/hr)

                                      HEAT  COOL        AVG
    MEAN                              DEG   DEG         WIND                 DOM
DAY TEMP  HIGH   TIME   LOW    TIME   DAYS  DAYS  RAIN  SPEED HIGH   TIME    DIR
------------------------------------------------------------------------------------
 1  23.2  28.1   13:50  18.9   22:40   0.0   4.8   0.3   4.5  30.6    9:40   WSW
 2  22.8  29.1   10:50  18.6    1:15   0.0   4.5   4.8   4.5  25.7   14:30     W
 3  22.4  28.9   10:50  18.2   23:15   0.0   4.1   0.0   4.3  22.5   11:10     W
 4  24.8  30.7   11:55  17.5    1:05   0.0   6.5   0.0   5.0  24.1   18:35     W
 5  25.2  31.6   11:10  19.6    0:55   0.0   6.9   0.5   5.3  35.4   11:55    SW
 6  26.2  31.2   14:20  21.7    1:15   0.0   7.9   0.0   4.3  22.5    7:35     W
 7  26.9  32.7   13:00  20.8    1:35   0.0   8.7   0.0   4.3  25.7   17:25     W
 8  27.8  34.2   11:20  20.8    1:00   0.0   9.5   0.0   3.7  19.3   15:50     W
 9  29.0  36.1   14:05  22.4    0:05   0.0  10.7   0.0   3.7  20.9   16:15     W
10  30.3  36.5   12:15  23.8    1:20   0.0  12.0   0.0   5.8  27.4   18:30    SW
11  31.3  36.4   16:50  25.2    2:05   0.0  10.3   0.0   3.1  19.3   15:05     E
12  29.3  35.7   16:45  23.8    6:30   0.0  11.1   0.0   3.5  25.7   22:45     W
13  30.1  36.2   17:05  25.3    5:40   0.0  11.8   0.0   2.7  17.7   15:25     W
14  29.0  35.4   18:15  23.5    6:35   0.0  10.7   0.0   3.5  17.7   15:35     W
15  29.3  35.3   16:50  23.7    6:40   0.0  11.0   0.0   2.9  17.7   15:40   WNW
16  28.9  34.4   17:20  24.0    5:45   0.0  10.6   0.0   3.1  20.9   21:55     W
17  29.1  34.7   16:55  23.5    6:50   0.0  10.8   0.0   3.5  17.7   14:35     W
18  29.8  36.0   16:45  23.8    6:40   0.0  11.5   0.0   4.2  20.9    1:40     W
19  29.8  36.4   18:10  23.4    6:45   0.0  11.5   0.0   2.9  20.9   19:30   WNW
20  29.1  33.2   21:05  23.8    6:10   0.0  10.8   0.0   5.6  35.4   23:05   WNW
21  28.5  32.8   17:50  24.1    6:10   0.0  10.2   0.0   9.7  46.7   11:50     N
22  27.8  33.3   17:20  21.8    6:40   0.0   9.5   0.0   5.6  29.0    4:00   WSW
23  27.8  33.2   16:55  22.3    4:40   0.0   9.5   0.0   5.8  27.4    5:50     W
24  27.3  33.4   16:10  21.4    6:45   0.0   9.0   0.0   3.9  24.1   17:30     W
25  27.3  32.8   16:30  21.8    6:40   0.0   9.0   0.0   4.0  19.3    5:30     E
26  26.8  31.6   18:30  21.9    6:25   0.0   8.5   0.0   5.0  25.7   23:05    SW
27  27.5  33.4   18:05  21.8    6:50   0.0   9.2   0.0   5.8  27.4    5:15     W
28  28.1  34.3   17:00  22.2    6:40   0.0   9.8   0.0   4.2  20.9    4:45     W
29  27.9  32.1   17:00  23.1    5:40   0.0   9.6   0.0   3.2  17.7    2:00     W
30  27.8  32.5   16:40  23.2    6:50   0.0   9.5   0.0   4.5  24.1    5:50     E
31  25.8  32.2   15:40  21.5   23:20   0.0   7.5   3.3   5.1  35.4   22:35     E
-------------------------------------------------------------------------------------
    27.6  36.5    10    17.5     4     0.0 286.9   8.9   4.4  46.7    21       W

Max >=  32.0: 24
Max <=   0.0:  0
Min <=   0.0:  0
Min <= -18.0:  0
Max Rain: 4.83 ON 02/07/11
Days of Rain: 4 (> .2 mm) 2 (> 2 mm) 0 (> 20 mm)
Heat Base:  18.3  Cool Base:  18.3  Method: Integration