NOAA-Style Climate Reports


Report for 2011 Ιούνιος
                   MONTHLY CLIMATOLOGICAL SUMMARY for JUN. 2011

NAME: veriaweather   CITY: Veria   STATE: Imathia 
ELEV:   105 m  LAT:  40° 31' 23" N  LONG:  22° 12' 19" E

                   TEMPERATURE (°C), RAIN  (mm), WIND SPEED (km/hr)

                                      HEAT  COOL        AVG
    MEAN                              DEG   DEG         WIND                 DOM
DAY TEMP  HIGH   TIME   LOW    TIME   DAYS  DAYS  RAIN  SPEED HIGH   TIME    DIR
------------------------------------------------------------------------------------
 1  22.1  27.1   16:00  16.9    5:10   0.2   4.0   0.3   3.1  16.1    1:35     W
 2  22.2  29.2   14:30  18.5    4:50   0.0   3.9  37.6   4.7  64.4   15:35     W
 3  21.6  28.1   14:40  18.9    6:40   0.0   3.3  16.0   5.6  27.4    5:25   WSW
 4  21.7  25.6   13:50  18.1    4:25   0.0   3.4   0.0   4.8  25.7    4:15   WSW
 5  23.9  30.3   16:15  18.5    6:45   0.0   5.6   0.0   4.5  20.9    3:30     W
 6  24.3  29.6   14:40  19.3    6:30   0.0   6.0   0.0   4.3  20.9   16:25   WSW
 7  23.3  27.6   14:00  18.9    6:25   0.0   5.0   0.0   3.1  17.7   10:20     W
 8  23.9  29.6   16:25  19.4    5:50   0.0   5.6   0.0   2.7  16.1   15:25    NW
 9  25.0  32.0   17:05  19.1    6:05   0.0   6.7   0.0   4.3  29.0   18:15     W
10  24.9  29.1   13:55  20.0    6:10   0.0   6.6   0.0   7.6  29.0    6:10     N
11  23.8  29.3   17:55  18.3    6:35   0.0   5.5   0.0   5.0  24.1   19:35     N
12  22.3  27.2   17:05  18.9    6:50   0.0   4.0   3.3   6.8  33.8   18:30    SW
13  22.8  28.3   19:00  17.1    5:05   0.1   4.7   0.0   5.8  25.7    6:55   WSW
14  24.3  30.0   16:40  18.6    6:05   0.0   6.0   0.0   4.5  29.0   22:10     W
15  21.4  27.3   16:05  18.9   00:00   0.0   3.1  15.5   4.8  29.0   19:40     W
16  23.0  29.7   17:15  17.7    4:25   0.1   4.7   0.0   4.7  22.5   20:30     W
17  25.1  31.8   18:50  19.3    4:35   0.0   6.8   0.0   3.9  20.9   21:55     W
18  26.2  32.5   16:50  19.6    5:45   0.0   7.9   0.0   2.7  17.7   13:10   WNW
19  23.6  30.7   11:00  20.2    6:30   0.0   5.3   0.0   3.5  17.7   21:20     W
20  28.6  32.4    8:25  23.2   00:00   0.0   6.6   0.0   4.7  20.9    3:20   SSE
21  25.3  31.1   17:35  20.6    6:15   0.0   7.0   0.0   3.9  20.9   22:30    SW
22  25.2  31.4   17:55  19.0    6:15   0.0   6.9   0.0   3.2  17.7   14:55     W
23  26.4  33.1   16:50  20.3    6:35   0.0   8.1   0.0   3.5  20.9   21:30     W
24  27.1  34.3   16:15  21.7    6:45   0.0   7.7   0.0   3.7  17.7    1:55     W
25  26.1  32.2   14:45  22.3    6:45   0.0   5.4   0.0   5.1  33.8   00:00    SW
26  22.8  27.2   17:45  19.2    6:15   0.0   4.5   0.0  11.3  38.6    0:45     N
27  22.8  26.9   16:40  18.9    5:50   0.0   4.5   0.0  12.2  46.7   18:40     N
28  22.3  26.2   17:40  17.1    6:50   0.1   4.1   0.0   6.8  38.6   15:00    NW
29  21.1  26.7   13:40  17.5    4:55   0.1   2.9   0.5   6.3  27.4    5:15    SW
30  24.6  31.6   11:50  18.3    0:35   0.0   6.3   0.0   3.5  33.8   15:20     W
-------------------------------------------------------------------------------------
    23.9  34.3    24    16.9     1     0.5 162.2  73.2   5.0  64.4     2       W

Max >=  32.0:  6
Max <=   0.0:  0
Min <=   0.0:  0
Min <= -18.0:  0
Max Rain: 37.59 ON 02/06/11
Days of Rain: 6 (> .2 mm) 4 (> 2 mm) 1 (> 20 mm)
Heat Base:  18.3  Cool Base:  18.3  Method: Integration