NOAA-Style Climate Reports


Report for 2011 Μάϊος
                   MONTHLY CLIMATOLOGICAL SUMMARY for MAY. 2011

NAME: veriaweather   CITY: Veria   STATE: Imathia 
ELEV:   105 m  LAT:  40° 31' 23" N  LONG:  22° 12' 19" E

                   TEMPERATURE (°C), RAIN  (mm), WIND SPEED (km/hr)

                                      HEAT  COOL        AVG
    MEAN                              DEG   DEG         WIND                 DOM
DAY TEMP  HIGH   TIME   LOW    TIME   DAYS  DAYS  RAIN  SPEED HIGH   TIME    DIR
------------------------------------------------------------------------------------
 1  14.8  16.3   16:15  13.2    6:40   3.5   0.0   0.5   2.4  11.3   11:10     N
 2  18.6  24.6   14:50  14.3    6:30   1.4   1.8   0.0   2.3  20.9   14:35   NNW
 3  17.1  20.5   16:55  15.1    9:05   1.5   0.2  10.4   1.8  14.5    5:10    NW
 4  18.2  24.1   17:05  15.0    4:50   1.2   1.1   0.8   4.7  30.6   18:00     W
 5  13.1  15.3    0:05  10.5   10:55   5.2   0.0  18.8   3.2  27.4   21:45   NNW
 6  14.8  20.5   18:15   8.5    6:45   3.7   0.3   0.0   5.1  29.0    0:40     W
 7  14.9  21.0   17:25   8.3    6:45   3.9   0.5   0.0   4.0  19.3   16:55     W
 8  16.8  23.3   16:10  10.8    3:55   2.8   1.3   0.3   3.2  24.1   16:45     E
 9  11.5  14.3    0:05  10.2   14:00   6.8   0.0   6.3   3.9  22.5   10:30     N
10  16.1  21.4   17:15  10.9    4:20   2.8   0.6   0.0   3.1  19.3   17:15   WSW
11  16.7  19.8   19:20  14.3    6:15   1.7   0.1   0.3   4.7  33.8   15:30   WSW
12  16.9  22.1   14:55  12.3    6:55   1.9   0.5   0.0   5.8  30.6   18:40     W
13  19.1  25.3   17:30  12.8    6:35   1.5   2.2   0.0   5.5  29.0    5:20     W
14  21.8  28.0   18:15  15.4    4:10   0.5   4.1   0.0   4.3  22.5   21:20     W
15  20.8  27.3   16:15  14.9    6:40   0.6   3.0   0.8   2.6  29.0   20:40    NW
16  19.1  23.4   18:05  15.1    6:15   0.6   1.4   0.0   2.4  17.7   19:30   WNW
17  17.8  22.3   16:25  14.9    7:00   1.3   0.8   0.0   5.8  33.8   15:50     W
18  18.7  23.0   15:30  15.1    0:25   0.9   1.3   0.0   2.6  24.1   16:55     W
19  16.4  18.5    0:05  14.9    8:55   1.8   0.0   7.4   3.4  20.9    0:15     W
20  20.5  27.6   18:10  14.8    5:00   1.0   3.2   0.0   5.3  27.4    4:25     W
21  22.4  29.0   17:05  16.4    6:30   0.2   4.3   0.0   4.3  22.5   17:35   WSW
22  22.4  28.5   16:05  17.1    6:25   0.1   4.3   0.0   4.8  24.1   16:40     W
23  22.8  28.3   15:15  18.5    5:05   0.0   4.5   0.0   4.8  22.5   15:55   WSW
24  22.4  28.3   15:55  17.7    6:20   0.0   4.1   0.0   6.1  27.4   21:50     W
25  23.5  30.0   16:25  18.9    4:10   0.0   5.2   0.0   5.3  24.1   18:20     W
26  22.7  28.2   18:05  18.2    6:10   0.0   4.4   8.9   4.8  25.7   10:05     W
27  21.0  25.4   14:10  17.1    6:30   0.1   2.8   6.9   3.4  19.3   16:35    SW
28  22.4  28.8   18:40  17.3    6:25   0.1   4.2   0.3   3.2  19.3   21:30     E
29  21.7  28.4   16:40  17.1    5:50   0.1   3.5   3.0   3.9  35.4   20:40   WNW
30  22.6  28.7   18:00  17.4    3:15   0.1   4.3   0.0   3.2  22.5   19:35     W
31  22.4  28.8   16:15  17.9    6:00   0.0   4.1   0.3   4.5  35.4   19:45     E
-------------------------------------------------------------------------------------
    19.0  30.0    25     8.3     7    45.5  68.1  64.8   4.0  35.4    29       W

Max >=  32.0:  0
Max <=   0.0:  0
Min <=   0.0:  0
Min <= -18.0:  0
Max Rain: 18.80 ON 05/05/11
Days of Rain: 14 (> .2 mm) 7 (> 2 mm) 0 (> 20 mm)
Heat Base:  18.3  Cool Base:  18.3  Method: Integration