NOAA-Style Climate Reports


Report for 2011 Απρίλιος
                   MONTHLY CLIMATOLOGICAL SUMMARY for APR. 2011

NAME: veriaweather   CITY: Veria   STATE: Imathia 
ELEV:   105 m  LAT:  40° 31' 23" N  LONG:  22° 12' 19" E

                   TEMPERATURE (°C), RAIN  (mm), WIND SPEED (km/hr)

                                      HEAT  COOL        AVG
    MEAN                              DEG   DEG         WIND                 DOM
DAY TEMP  HIGH   TIME   LOW    TIME   DAYS  DAYS  RAIN  SPEED HIGH   TIME    DIR
------------------------------------------------------------------------------------
 1  14.1  16.7   17:25  12.0    7:05   4.2   0.0   6.6   1.8  11.3   14:05   WSW
 2  15.6  21.9   17:10  10.6    6:05   3.3   0.7   0.0   3.1  29.0   20:45     W
 3  15.6  21.8   16:25  10.4    5:15   3.4   0.7   0.0   4.5  38.6   22:20     W
 4  15.1  22.6   16:55   8.7    7:05   4.0   0.8   0.0   2.9  20.9   20:35     E
 5  13.6  17.3   18:45   9.3    4:40   4.8   0.0   0.0   2.7  19.3    4:10     W
 6  14.2  16.2   18:00  12.1    7:30   4.1   0.0   0.0   4.2  25.7   18:35     N
 7  16.6  21.9   17:10  12.5    6:55   2.3   0.6   0.0   3.2  24.1   23:55     E
 8  19.4  26.6   16:35  13.3    8:55   1.3   2.5   0.0   4.3  25.7    4:35   NNW
 9  20.6  27.4   15:35  14.5    6:35   0.8   3.1   0.0   4.7  27.4   00:00     W
10  17.4  22.4   16:45  13.0   23:25   1.6   0.8   0.0   5.5  33.8    3:20   NNW
11  14.8  17.2   17:50  10.8   23:55   3.5   0.0   0.0  12.6  54.7   11:15     N
12  14.4  22.1   17:00   8.3    6:50   4.5   0.6   0.0   5.8  27.4    7:25     W
13  16.1  22.7   16:30   9.7    5:50   3.2   1.1   0.0   6.0  43.5   16:40   SSW
14  11.8  16.4   15:15   7.6    4:00   6.5   0.0   2.3   6.4  40.2   11:45     N
15  12.4  18.0   17:15   7.6    4:55   5.9   0.0   0.0   4.5  25.7   14:50     W
16  11.1  13.9   13:10   9.5   23:45   7.2   0.0   3.3   2.6  19.3    0:05     W
17  11.5  15.8   16:55   8.7    8:45   6.8   0.0   3.8   2.7  22.5   21:15     W
18   9.4  11.6   18:50   7.4    9:15   8.9   0.0   8.4   2.9  17.7   15:05   WNW
19  13.6  17.9   13:55   9.2    6:25   4.7   0.0   0.3   4.3  30.6   18:25     W
20  15.6  22.3   17:45   8.9    5:25   3.4   0.7   0.0   3.5  22.5   22:05     W
21  14.9  22.1   17:55   9.5    6:05   3.9   0.6   0.0   3.5  19.3   21:15     W
22  13.8  20.3   16:15   8.4    7:10   4.7   0.3   0.0   3.7  22.5   23:00     W
23  13.2  18.4   15:35   8.9    7:15   5.1   0.0   0.0   2.6  19.3   23:00   WNW
24  13.9  19.1   15:55   9.1    6:50   4.5   0.1   0.0   2.4  24.1   23:10     E
25  14.4  19.4   16:40   9.4    6:55   3.9   0.1   0.0   3.1  19.3   20:05   WNW
26  13.3  16.2   17:40  11.2    6:35   4.9   0.0   0.0   2.1  17.7   14:50     E
27  11.2  12.9    0:20   9.7    7:10   7.1   0.0  11.4   2.3  19.3    1:00    SW
28  13.7  17.3   16:20  11.3    5:20   4.6   0.0   0.8   1.4  14.5   22:40   WSW
29  15.2  20.2   16:15  12.1    7:30   3.1   0.1   2.5   4.3  22.5   20:30     W
30  16.4  22.0   16:50  11.2    6:35   2.7   0.9   1.0   4.2  29.0   20:20     W
-------------------------------------------------------------------------------------
    14.4  27.4     9     7.4    18   129.3  13.3  40.4   3.9  54.7    11       W

Max >=  32.0:  0
Max <=   0.0:  0
Min <=   0.0:  0
Min <= -18.0:  0
Max Rain: 11.43 ON 27/04/11
Days of Rain: 10 (> .2 mm) 7 (> 2 mm) 0 (> 20 mm)
Heat Base:  18.3  Cool Base:  18.3  Method: Integration