NOAA-Style Climate Reports


Report for 2011 Μάρτιος
                   MONTHLY CLIMATOLOGICAL SUMMARY for MAR. 2011

NAME: veriaweather   CITY: Veria   STATE: Imathia 
ELEV:   105 m  LAT:  40° 31' 23" N  LONG:  22° 12' 19" E

                   TEMPERATURE (°C), RAIN  (mm), WIND SPEED (km/hr)

                                      HEAT  COOL        AVG
    MEAN                              DEG   DEG         WIND                 DOM
DAY TEMP  HIGH   TIME   LOW    TIME   DAYS  DAYS  RAIN  SPEED HIGH   TIME    DIR
------------------------------------------------------------------------------------
 1   6.2   7.1   12:15   5.5   17:45  12.1   0.0   1.3   0.8   9.7    8:25     E
 2   3.6   5.6    0:05   2.7   17:05  14.7   0.0   6.3   3.2  16.1   10:55     N
 3   3.7   5.5   19:30   1.2    6:30  14.6   0.0   7.1   1.1   9.7   11:55   NNW
 4   6.2   7.9   14:55   4.8    7:00  12.1   0.0   0.0   0.8   8.0    1:45    SE
 5   6.6   8.1   15:05   5.6    4:40  11.7   0.0  10.2   0.6   8.0   14:15     E
 6   7.9  11.9   16:00   5.6    6:20  10.4   0.0   0.0   1.0  14.5   20:50   ENE
 7   3.9   7.8   13:50   0.8   19:50  14.4   0.0   0.8   5.5  37.0    3:25     N
 8   2.8   6.7   14:20  -0.1    5:00  15.5   0.0   4.8   6.0  37.0   16:35     N
 9   3.1   9.1   16:20  -2.1    6:55  15.2   0.0   0.0   4.5  22.5   13:05     W
10   5.8  12.3   15:05   0.1    6:25  12.5   0.0   0.0   5.6  27.4    2:15   WSW
11   9.8  17.1   17:05   3.6    4:40   8.5   0.0   0.0   4.5  22.5    3:25     W
12  11.3  19.0   16:50   5.7    6:25   7.0   0.0   0.0   2.9  24.1   20:00   WNW
13  11.4  17.5   15:50   6.4    6:20   6.9   0.0   0.0   3.4  16.1    3:20     W
14  12.9  19.6   15:45   8.8    1:55   5.4   0.1   0.0   2.6  16.1   17:00     W
15  12.3  17.3   16:55   8.4    5:40   6.0   0.0   0.0   2.3  16.1   22:30   WNW
16  12.9  18.4   15:15   8.9    6:15   5.4   0.0   0.0   2.6  17.7    3:10     W
17  11.7  12.5   18:40  10.8    8:40   6.6   0.0   2.0   1.8  14.5   11:05   NNW
18  13.6  17.8   13:55  11.0    3:15   4.7   0.0   4.1   2.7  16.1   15:55     W
19  11.9  15.6   12:25  10.1   20:40   6.4   0.0  30.0   2.9  29.0   13:35   WNW
20   9.8  11.8   15:35   8.4   00:00   8.4   0.0  11.7   1.4  19.3   21:05    SE
21   8.6  10.3   15:35   7.2    5:20   9.7   0.0   7.6   1.1  11.3    0:50   ESE
22   9.7  12.8   13:50   7.5    7:20   8.6   0.0   0.5   2.7  20.9   22:45     N
23  11.1  16.2   15:55   5.8    6:55   7.2   0.0   0.0   4.2  22.5    0:25     N
24  15.3  21.0   16:35  10.6    7:25   3.3   0.3   0.0   5.5  27.4    2:20     W
25  16.3  22.4   16:30  11.3    6:45   2.9   0.8   0.0   5.3  29.0    6:35     W
26  15.7  23.5   17:00   8.9    6:10   3.5   0.9   0.0   4.2  30.6   21:35    NW
27  17.3  22.4   16:40  13.1    7:40   1.7   0.8   0.0   6.6  35.4    5:35    SW
28  15.1  21.1   15:55  10.1    7:05   3.5   0.3   0.0   3.5  19.3   13:55     W
29  13.1  15.2   18:45  11.4   00:00   5.2   0.0   1.3   2.1  19.3   15:45    NW
30  14.3  18.7   18:40   9.9    7:40   4.0   0.0   0.0   3.4  20.9    7:25     W
31  14.7  17.7   14:50  11.6    5:10   3.6   0.0   1.5   2.4  19.3   13:15     W
-------------------------------------------------------------------------------------
    10.3  23.5    26    -2.1     9   251.8   3.3  89.2   3.1  37.0     7       W

Max >=  32.0:  0
Max <=   0.0:  0
Min <=   0.0:  2
Min <= -18.0:  0
Max Rain: 29.97 ON 19/03/11
Days of Rain: 14 (> .2 mm) 9 (> 2 mm) 1 (> 20 mm)
Heat Base:  18.3  Cool Base:  18.3  Method: Integration