NOAA-Style Climate Reports


Report for 2011 Φεβρουάριος
                   MONTHLY CLIMATOLOGICAL SUMMARY for FEB. 2011

NAME: veriaweather   CITY: Veria   STATE: Imathia 
ELEV:   105 m  LAT:  40° 31' 23" N  LONG:  22° 12' 19" E

                   TEMPERATURE (°C), RAIN  (mm), WIND SPEED (km/hr)

                                      HEAT  COOL        AVG
    MEAN                              DEG   DEG         WIND                 DOM
DAY TEMP  HIGH   TIME   LOW    TIME   DAYS  DAYS  RAIN  SPEED HIGH   TIME    DIR
------------------------------------------------------------------------------------
 1   4.7   8.8   15:40   1.8    8:00  13.7   0.0   0.0   4.3  17.7    0:05    SW
 2   4.2   9.6   15:15   0.8    6:40  14.1   0.0   0.0   3.7  16.1    2:05     W
 3   4.3   6.8   13:20   1.9   23:55  14.0   0.0   0.0   2.9  20.9    7:40   SSE
 4   3.0   9.8   15:55  -0.8    8:45  15.3   0.0   0.0   3.4  20.9   22:50   SSE
 5   6.7  12.7   15:40   0.6    5:45  11.6   0.0   0.0   4.2  33.8    4:25     W
 6  13.1  20.3   16:00   6.9    3:35   5.4   0.2   0.0   3.4  17.7    2:30    NW
 7  13.6  19.4   16:45   9.9    6:55   4.7   0.1   0.0   6.1  24.1   21:20   WSW
 8  12.8  20.1   16:20   8.1    7:15   5.6   0.1   0.0   5.5  22.5    0:25   WSW
 9  12.8  19.7   15:30   8.2    2:15   5.6   0.1   0.0   6.6  33.8    6:20   WSW
10   9.3  15.2   16:55   5.6    7:35   9.0   0.0   0.0   5.6  22.5    6:30     W
11   8.2  14.6   16:30   4.4    7:20  10.1   0.0   0.0   4.3  20.9   20:45     W
12  10.2  17.6   17:05   4.9    4:20   8.1   0.0   0.0   4.5  22.5   21:35     W
13  10.9  14.8   14:35   7.3    8:10   7.4   0.0   0.0   4.0  25.7    1:45    SW
14  10.2  14.3   15:35   8.1    8:10   8.1   0.0   0.0   2.4  19.3   11:50     W
15   9.4  11.1   14:50   8.0    5:55   8.9   0.0   5.8   2.3  16.1    3:55     N
16   6.1   8.5    0:05   5.1   23:25  12.2   0.0   4.3   2.6  17.7    4:20     N
17   5.7   7.3   23:45   4.6    4:05  12.6   0.0   2.8   1.3  11.3    1:05   ESE
18   8.3  10.4   23:10   6.8    3:15  10.0   0.0  45.7   1.8  25.7   23:15     N
19  10.1  11.6   17:30   8.8   23:50   8.2   0.0  32.5   3.2  19.3    2:15   NNW
20   8.9  11.5   16:25   6.6    6:45   9.4   0.0   0.0   1.4  16.1   21:45   ESE
21   6.5   8.7    0:05   5.4   23:50  11.8   0.0  14.0   3.2  17.7   18:15     N
22   6.4   8.1   15:55   4.9    4:10  11.8   0.0   3.0   1.0   9.7    0:40    SE
23   6.8   8.2   16:45   5.0   22:45  11.5   0.0   3.6   1.1   9.7   20:15   NNW
24   5.8   7.1   17:40   4.9   23:55  12.5   0.0   3.8   1.4  14.5   19:10   SSE
25   4.3   5.5   16:55   2.8   00:00  13.9   0.0   0.3   1.6  14.5   20:35   SSE
26   3.6   5.4   17:35   1.9    9:20  14.7   0.0   0.0   1.6  14.5   21:40   SSE
27   4.6   5.4   23:45   3.6    8:00  13.7   0.0   0.0   0.6   9.7   13:05   ENE
28   6.2   7.8   15:55   4.9    5:10  12.1   0.0   0.0   0.6   8.0   10:20    NW
-------------------------------------------------------------------------------------
     7.7  20.3     6    -0.8     4   296.1   0.5 115.8   3.0  33.8     5       W

Max >=  32.0:  0
Max <=   0.0:  0
Min <=   0.0:  1
Min <= -18.0:  0
Max Rain: 45.72 ON 18/02/11
Days of Rain: 10 (> .2 mm) 9 (> 2 mm) 2 (> 20 mm)
Heat Base:  18.3  Cool Base:  18.3  Method: Integration