NOAA-Style Climate Reports


Report for 2011 Ιανουάριος
                   MONTHLY CLIMATOLOGICAL SUMMARY for JAN. 2011

NAME: veriaweather   CITY: Veria   STATE: Imathia 
ELEV:   105 m  LAT:  40° 31' 23" N  LONG:  22° 12' 19" E

                   TEMPERATURE (°C), RAIN  (mm), WIND SPEED (km/hr)

                                      HEAT  COOL        AVG
    MEAN                              DEG   DEG         WIND                 DOM
DAY TEMP  HIGH   TIME   LOW    TIME   DAYS  DAYS  RAIN  SPEED HIGH   TIME    DIR
------------------------------------------------------------------------------------
 1   5.1   9.8   16:05   2.0    8:15  13.2   0.0   0.0   3.4  17.7    1:35     W
 2   6.6  10.5   14:45   3.4    4:40  11.7   0.0   1.5   1.8  11.3   13:00   WNW
 3   5.6   7.1    0:05   3.7   23:35  12.7   0.0   3.0   1.8  17.7   20:55   SSE
 4   3.2   4.3   13:50   2.3    7:35  15.1   0.0   0.0   2.3  14.5    3:00   SSE
 5   4.0   6.6   12:05   2.4    2:15  14.3   0.0   0.0   0.8   9.7   11:10     E
 6   4.4   7.2   15:25   2.4    3:45  13.9   0.0   0.0   2.7  16.1   18:55     W
 7   5.7  10.8   16:05   2.5    7:40  12.6   0.0   0.0   4.2  17.7   20:55     W
 8   7.0  12.3   15:45   3.4    8:05  11.3   0.0   0.0   3.1  17.7    5:35     W
 9   8.2  13.8   15:10   4.8    7:20  10.1   0.0   0.0   3.2  14.5    1:45     W
10   7.8  10.6   16:10   5.4    7:05  10.5   0.0   0.0   2.6  16.1   21:50     W
11   9.7  12.9   14:50   6.5    0:55   8.7   0.0   0.0   4.7  19.3    4:15     W
12   9.6  10.4    0:10   9.0    7:25   8.7   0.0  13.0   1.4  16.1    5:25     W
13  10.7  14.6   15:00   8.6   23:05   7.6   0.0   4.3   2.6  20.9   21:45     W
14  11.6  16.8   14:55   7.2    4:05   6.7   0.0   0.0   5.1  22.5    2:30     W
15  13.2  16.7   15:45  11.0    8:05   5.1   0.0   0.5   4.5  30.6   23:30   WNW
16  11.9  14.4   14:55   7.7   00:00   6.4   0.0   0.3  12.1  46.7    5:30     N
17   8.8  14.3   16:00   5.7    6:50   9.5   0.0   0.0   6.0  24.1    8:00     W
18   8.8  14.5   16:00   5.0    6:20   9.5   0.0   0.0   3.9  19.3    0:10     W
19   8.7  14.2   16:00   5.4    7:55   9.6   0.0   0.0   3.2  17.7   20:20     W
20   8.9  13.1   15:45   5.7    7:40   9.4   0.0   0.0   4.8  17.7   21:00   WSW
21   8.9  10.2   13:40   7.1    3:40   9.3   0.0   1.8   2.7  17.7    0:05     W
22   7.7   9.6    0:05   5.8   18:40  10.6   0.0   4.8   2.6  16.1    8:35   SSE
23   6.0   8.4   13:10   3.5    9:05  12.3   0.0   0.0   1.8  19.3    5:40   SSE
24   3.4   5.6   16:10   1.1   23:35  14.9   0.0   0.0   1.8  16.1   19:40     S
25   2.5   6.3   15:10  -0.4   22:00  15.8   0.0   0.0   2.7  19.3   22:25   SSE
26   0.7   4.9   16:20  -2.8    7:15  17.6   0.0   0.0   4.5  24.1    5:20     W
27   2.7   7.0   14:05  -0.7    4:45  15.6   0.0   0.0   2.7  16.1    1:05     W
28   5.2   6.8   17:00   3.6    4:45  13.2   0.0  10.7   3.1  17.7   12:30    NW
29   5.8   7.3    1:15   4.7    6:40  12.5   0.0   0.3   2.3  32.2    1:05    SW
30   5.7   8.0   13:50   3.9    7:20  12.6   0.0   0.0   1.3   9.7    3:35    SW
31   5.4   7.8   16:45   3.4    8:30  12.9   0.0   0.0   1.9  19.3   23:55     S
-------------------------------------------------------------------------------------
     6.9  16.8    14    -2.8    26   354.0   0.0  40.1   3.3  46.7    16       W

Max >=  32.0:  0
Max <=   0.0:  0
Min <=   0.0:  3
Min <= -18.0:  0
Max Rain: 12.95 ON 12/01/11
Days of Rain: 10 (> .2 mm) 5 (> 2 mm) 0 (> 20 mm)
Heat Base:  18.3  Cool Base:  18.3  Method: Integration