NOAA-Style Climate Reports


Report for 2011
                            ANNUAL CLIMATOLOGICAL SUMMARY

NAME: veriaweather  CITY: Veria   STATE: Imathia  
ELEV:   105 m  LAT:  40° 31' 23" N  LONG:  22° 12' 19" E

               TEMPERATURE (°C), HEAT BASE 18.3, COOL BASE 18.3
                          DEP.  HEAT  COOL                                          
        MEAN  MEAN        FROM  DEG   DEG                        MAX  MAX  MIN  MIN 
 YR MO  MAX   MIN   MEAN  NORM  DAYS  DAYS  HI  DATE  LOW  DATE  >=32 <=0  <=0  <=-18 
------------------------------------------------------------------------------------
 11  1  10.2   4.3   6.9   0.0   354     0  16.8  14  -2.8   26    0    0    3    0
 11  2  11.4   5.0   7.7   0.0   296     1  20.3   6  -0.8    4    0    0    1    0
 11  3  14.5   6.9  10.3   0.0   252     3  23.5  26  -2.1    9    0    0    2    0
 11  4  19.4  10.2  14.4   0.0   129    13  27.4   9   7.4   18    0    0    0    0
 11  5  24.2  14.7  19.0   0.0    46    68  30.0  25   8.3    7    0    0    0    0
 11  6  29.6  19.1  23.9   0.0     1   162  34.3  24  16.9    1    6    0    0    0
 11  7  33.4  22.2  27.6   0.0     0   287  36.5  10  17.5    4   24    0    0    0
 11  8  32.9  21.3  26.6   0.0     0   257  36.9  25  17.6   12   19    0    0    0
 11  9  30.0  19.5  24.2   0.0     3   180  35.9  15  15.1   21   11    0    0    0
 11 10  19.6  11.3  14.9   0.0   132    27  28.0   2   4.4   17    0    0    0    0
 11 11  13.1   6.4   9.2   0.0   273     0  17.8   3   2.4   15    0    0    0    0
 11 12  11.3   5.0   7.7   0.0   327     0  19.9  17   0.0   25    0    0    1    0
------------------------------------------------------------------------------------
        20.8  12.2  16.1   0.0  1813   999  36.9 AUG  -2.8  JAN   60    0    7    0

                                PRECIPITATION (mm)

               DEP.   MAX        DAYS OF RAIN 
               FROM   OBS.          OVER
 YR MO  TOTAL  NORM   DAY  DATE  .2   2   20
---------------------------------------------
 11  1  40.1    0.0  13.0   12   10    5    0
 11  2 115.8    0.0  45.7   18   10    9    2
 11  3  89.2    0.0  30.0   19   14    9    1
 11  4  40.4    0.0  11.4   27   10    7    0
 11  5  64.8    0.0  18.8    5   14    7    0
 11  6  73.2    0.0  37.6    2    6    4    1
 11  7   8.9    0.0   4.8    2    4    2    0
 11  8  27.7    0.0  18.0    5    3    3    0
 11  9 111.8    0.0  66.8   20    6    3    2
 11 10  24.9    0.0  11.7   15    7    4    0
 11 11  20.1    0.0  14.5   11    7    1    0
 11 12  74.2    0.0  40.1   22   11    6    1
---------------------------------------------
       690.9   0.0  66.8  SEP  102   60    7

                                WIND SPEED (km/hr)
                          DOM
 YR MO   AVG.  HI   DATE  DIR
---------------------------------
 11  1   3.3  46.7   16     W
 11  2   3.0  33.8    5     W
 11  3   3.1  37.0    7     W
 11  4   3.9  54.7   11     W
 11  5   4.0  35.4   29     W
 11  6   5.0  64.4    2     W
 11  7   4.4  46.7   21     W
 11  8   4.1  56.3    5     W
 11  9   4.0  43.5   20     W
 11 10   3.9  37.0   10     W
 11 11   3.4  29.0   27     W
 11 12   3.7  64.4   17     W
---------------------------------
         3.8  64.4  JUN    W