NOAA-Style Climate Reports


Report for 2010 Δεκέμβριος
                   MONTHLY CLIMATOLOGICAL SUMMARY for DEC. 2010

NAME: veriaweather   CITY: Veria   STATE: Imathia 
ELEV:   105 m  LAT:  40° 31' 23" N  LONG:  22° 12' 19" E

                   TEMPERATURE (°C), RAIN  (mm), WIND SPEED (km/hr)

                                      HEAT  COOL        AVG
    MEAN                              DEG   DEG         WIND                 DOM
DAY TEMP  HIGH   TIME   LOW    TIME   DAYS  DAYS  RAIN  SPEED HIGH   TIME    DIR
------------------------------------------------------------------------------------
 1  15.1  18.4   00:00  13.2    4:35   3.2   0.0   0.0   2.6  27.4   00:00     W
 2  21.9  25.6   12:45  18.4    0:05   0.0   3.6   0.0   7.1  61.2   18:45   SSE
 3  17.4  19.4    2:35  14.4    7:55   1.0   0.2   0.3   4.3  25.7    2:15     W
 4  14.3  19.3    1:00   8.4   23:50   4.1   0.0  19.8   4.3  38.6   19:35   WNW
 5   8.4  12.7   14:25   5.4   23:00   9.9   0.0   0.0   3.4  17.7   17:50   WSW
 6   7.8  12.6   14:00   4.5    7:05  10.5   0.0   0.0   3.9  19.3   21:40     W
 7   9.6  13.8   15:25   6.7    4:35   8.7   0.0   0.0   2.7  16.1    0:40     W
 8  11.1  16.2   15:45   8.1    5:55   7.2   0.0   0.0   2.4  14.5   19:45     W
 9  10.9  12.9   14:30   9.0    8:25   7.4   0.0   0.0   1.3  14.5   11:05   ENE
10   5.7  11.3    1:50   2.4   00:00  12.6   0.0   2.5  15.9  53.1   11:15     N
11   1.8   3.7   13:50  -0.7   21:25  16.5   0.0   0.0  10.1  49.9    4:35     N
12   2.8   8.8   14:55  -0.6    5:00  15.5   0.0   0.0   2.3  20.9    0:30     W
13   3.3   4.9   14:40   0.9    6:20  14.9   0.0   7.4   1.1  11.3   18:05   WNW
14   3.6   6.6   14:30   1.8    6:45  14.7   0.0   0.0   3.4  27.4   22:10    SW
15   0.8   4.4    0:50  -1.8    7:35  17.5   0.0   0.0   3.4  19.3    0:55   SSE
16  -0.3   1.3   13:55  -1.8    7:35  18.6   0.0   1.5   1.6  22.5   22:30     E
17   0.6   3.2   15:30  -1.6    6:35  17.8   0.0   2.5   3.5  27.4    4:50     W
18   2.7   5.8   15:20  -1.2    2:15  15.6   0.0   1.0   1.8  11.3    0:30     S
19   8.6  13.4   15:00   5.2    1:20   9.7   0.0   0.0   3.4  16.1    0:45     W
20   9.7  12.1   12:35   6.8    8:10   8.6   0.0   0.0   2.6  11.3    0:30     W
21  12.6  17.1   15:10  10.5   22:35   5.7   0.0   0.0   3.1  17.7   22:45   WSW
22  12.1  14.8   14:40  10.3    3:55   6.2   0.0   0.0   4.3  22.5   23:15   WSW
23  11.6  13.4   12:45   9.4    6:00   6.7   0.0   0.0   3.7  24.1    6:30   ESE
24  11.8  12.8   20:15  10.8    8:55   6.5   0.0   4.6   0.8  16.1   23:25   NNW
25  13.9  17.4   11:40  11.0    3:55   4.4   0.0   2.8   7.4  35.4   20:50     S
26  11.3  14.1    3:50  10.1   23:15   6.9   0.0   1.3   1.9  22.5    3:50   WNW
27   8.4  10.4    0:40   5.4   23:00   9.9   0.0   0.0   3.4  19.3   14:05   SSE
28   4.8   8.8   12:30   2.0   23:20  13.5   0.0   0.0   2.9  17.7   12:30   SSE
29   3.2   7.9   15:50   0.4    6:05  15.1   0.0   0.0   2.7  17.7   19:45     S
30   3.8   8.4   15:15   0.7    7:05  14.5   0.0   0.0   2.6  17.7   23:00     W
31   4.2   9.1   14:55   1.4    7:15  14.1   0.0   0.0   3.4  16.1    5:00     W
-------------------------------------------------------------------------------------
     8.2  25.6     2    -1.8    15   317.5   3.8  43.7   3.8  61.2     2       W

Max >=  32.0:  0
Max <=   0.0:  0
Min <=   0.0:  6
Min <= -18.0:  0
Max Rain: 19.81 ON 04/12/10
Days of Rain: 10 (> .2 mm) 6 (> 2 mm) 0 (> 20 mm)
Heat Base:  18.3  Cool Base:  18.3  Method: Integration