NOAA-Style Climate Reports


Report for 2010 Νοέμβριος
                   MONTHLY CLIMATOLOGICAL SUMMARY for NOV. 2010

NAME: veriaweather   CITY: Veria   STATE: Imathia 
ELEV:   105 m  LAT:  40° 31' 23" N  LONG:  22° 12' 19" E

                   TEMPERATURE (°C), RAIN  (mm), WIND SPEED (km/hr)

                                      HEAT  COOL        AVG
    MEAN                              DEG   DEG         WIND                 DOM
DAY TEMP  HIGH   TIME   LOW    TIME   DAYS  DAYS  RAIN  SPEED HIGH   TIME    DIR
------------------------------------------------------------------------------------
 1  11.3  17.5   14:55   7.3    4:45   7.0   0.0   0.0   5.1  19.3   20:45   WSW
 2  11.7  17.1   15:30   8.3    7:00   6.6   0.0   0.0   5.0  19.3   20:30   WSW
 3  13.6  19.6   14:25   9.3    4:15   4.8   0.1   0.0   3.9  17.7    0:40   WSW
 4  16.4  22.6   15:10  12.6    4:55   2.5   0.6   0.0   3.4  20.9   23:25   WSW
 5  17.8  24.9   15:30  13.1    6:30   1.7   1.2   0.0   5.0  20.9   00:00   WSW
 6  17.7  24.4   14:35  14.3    4:40   1.7   1.0   0.0   5.3  20.9    0:05   WSW
 7  16.3  22.4   15:40  12.7    5:25   2.6   0.6   0.0   2.9  14.5    7:25     W
 8  14.1  15.1   22:50  13.2    2:35   4.2   0.0  19.6   2.1  19.3   23:05   WSW
 9  15.2  19.9   12:45  13.6    0:15   3.1   0.0   1.0   6.0  46.7   11:40   SSE
10  19.4  25.9   14:10  14.1    0:10   1.4   2.5   0.0   5.1  40.2   20:10   SSW
11  18.4  21.6    0:25  15.4   21:35   0.8   0.9   0.0   4.0  25.7    2:10     W
12  17.3  22.5   14:50  14.2    8:00   1.7   0.7   0.0   4.8  22.5   23:00     W
13  16.1  21.0   14:30  12.8    6:00   2.7   0.4   0.0   4.3  17.7   23:10     W
14  17.2  23.7   15:30  13.2    5:20   2.0   0.9   0.0   4.8  17.7    3:00   WSW
15  18.1  23.6   15:35  14.7    4:10   1.3   1.1   0.0   3.5  19.3    0:05     W
16  16.3  20.6   14:50  13.6    7:05   2.2   0.2   0.0   2.6  19.3    0:25   WNW
17  14.1  15.3   16:05  12.5   23:25   4.2   0.0   0.5   1.9  17.7   23:35   WNW
18  15.2  19.3   15:05  12.8   23:55   3.2   0.0   0.0   4.5  25.7    2:10     W
19  14.9  19.4   13:35  12.2    2:05   3.4   0.0   0.0   2.7  17.7   23:55     W
20  14.2  18.3   15:50  11.3    7:15   4.1   0.0   0.0   3.7  17.7    7:55     W
21  13.7  18.1   14:40  10.2    7:40   4.6   0.0   0.0   2.9  19.3    0:35     W
22  14.6  16.1   19:05  13.2    8:10   3.7   0.0   0.0   2.7  20.9   13:05   WNW
23  15.6  18.8   14:45  13.1    5:05   2.7   0.0   0.5  10.8  59.5   11:20    SW
24  14.6  18.4   14:10  12.3   00:00   3.8   0.0   0.0  10.3  46.7    1:50    SW
25  12.4  15.8   15:35   9.4    5:30   5.9   0.0   0.0   7.2  27.4    3:00   SSW
26  10.6  13.6    0:10   9.3   22:45   7.7   0.0  21.1   2.4  27.4    0:10     N
27  14.1  20.4   14:40   9.1    1:30   4.4   0.1   0.3   6.1  33.8   13:40     S
28  13.6  16.9   12:55  11.4    7:45   4.8   0.0   0.3   3.9  19.3    1:45   WSW
29  17.5  23.9   13:15  12.6    1:15   2.1   1.2   2.5   6.0  37.0   18:15    SW
30  15.6  18.1    0:05  14.2    7:15   2.7   0.0   0.0   4.8  30.6    5:20    NE
-------------------------------------------------------------------------------------
    15.2  25.9    10     7.3     1   103.3  11.8  45.7   4.6  59.5    23       W

Max >=  32.0:  0
Max <=   0.0:  0
Min <=   0.0:  0
Min <= -18.0:  0
Max Rain: 21.08 ON 26/11/10
Days of Rain: 8 (> .2 mm) 3 (> 2 mm) 1 (> 20 mm)
Heat Base:  18.3  Cool Base:  18.3  Method: Integration