NOAA-Style Climate Reports


Report for 2010 Οκτώβριος
                   MONTHLY CLIMATOLOGICAL SUMMARY for OCT. 2010

NAME: veriaweather   CITY: Veria   STATE: Imathia 
ELEV:   105 m  LAT:  40° 31' 23" N  LONG:  22° 12' 19" E

                   TEMPERATURE (°C), RAIN  (mm), WIND SPEED (km/hr)

                                      HEAT  COOL        AVG
    MEAN                              DEG   DEG         WIND                 DOM
DAY TEMP  HIGH   TIME   LOW    TIME   DAYS  DAYS  RAIN  SPEED HIGH   TIME    DIR
------------------------------------------------------------------------------------
 1  17.8  22.9   16:15  13.2    7:00   1.5   1.1   0.0   3.2  19.3    3:00     S
 2  18.2  22.7   16:55  14.3    6:35   1.1   1.0   0.0   3.2  17.7    6:55     W
 3  18.2  22.6   15:00  15.2    6:30   1.1   1.0   4.6   3.2  17.7   16:10     W
 4  14.3  16.3    0:05  13.6   23:45   4.0   0.0   8.6   2.3  17.7    0:10   NNE
 5  14.7  16.3   14:05  13.6    0:05   3.6   0.0   0.3   0.8   8.0   11:00     N
 6  15.4  16.2   15:05  14.1   00:00   2.8   0.0   8.4   1.4  14.5   23:15   NNE
 7  12.7  14.1    0:05  12.1   22:45   5.6   0.0  26.9   2.7  16.1    8:55   NNE
 8  11.7  14.1   17:15   7.3   00:00   6.6   0.0   3.0   3.1  22.5   18:15     S
 9  10.7  17.5   16:35   5.4    7:55   7.6   0.0   0.0   5.5  24.1    0:40     W
10  12.4  18.0   17:40   7.7    6:45   5.8   0.0   0.0   5.8  22.5    7:40     W
11  11.4  13.8   14:10   9.6    5:25   6.9   0.0   9.9   2.1  16.1    3:10     W
12  13.4  15.2   13:35  10.5    0:25   4.9   0.0  15.0   0.5   8.0   22:45     W
13  15.3  16.4   12:25  14.2    7:05   3.0   0.0  17.5   0.3   8.0   16:15   WNW
14  16.6  18.0   15:25  15.5    0:05   1.7   0.0   6.9   0.8  11.3   12:35     W
15  16.7  18.3   15:55  15.3    6:35   1.6   0.0   1.8   1.9  17.7   11:45   SSE
16  16.3  19.6   16:25  14.6    8:25   2.0   0.0   0.0   1.4  14.5   21:20    NW
17  17.4  20.8   15:10  14.5    5:35   1.4   0.5   0.0   1.6  11.3    0:50   WNW
18  16.7  18.4   15:45  15.8    6:40   1.6   0.0  32.0   2.3  19.3   21:05   WNW
19  18.1  22.3   12:05  14.9    6:50   1.3   1.1   8.9   6.4  41.8   16:20   SSW
20  17.3  20.9   15:10  14.4    5:10   1.4   0.4   0.3   3.4  24.1   23:35     W
21  17.6  22.9   15:30  14.1   23:40   1.4   0.7   0.0   4.5  35.4    8:35    SW
22  13.2  14.8   16:10  11.5    8:30   5.1   0.0   0.0   2.6  16.1   12:50     W
23  13.4  18.9   17:00   9.2    8:10   4.9   0.0   0.0   4.2  19.3    6:35     W
24  13.4  18.1   14:45   9.8    8:20   4.9   0.0   0.0   3.9  19.3   22:50     W
25  12.5  13.6   15:20  11.1    3:40   5.8   0.0   8.4   2.3  19.3   23:10     E
26  15.5  19.1   13:50  12.3    8:10   2.8   0.1   0.0   2.6  16.1   22:05     W
27  13.4  16.4    4:25   9.4   23:50   4.8   0.0  16.5   2.1  19.3   11:35   SSE
28   9.0  11.3   16:30   7.3    6:50   9.3   0.0  14.7   1.8  19.3    1:45   SSE
29   8.9  13.3   15:15   5.4    8:20   9.4   0.0   0.0   2.6  17.7   21:55    SE
30   9.2  15.9   16:35   5.3    8:05   9.1   0.0   0.0   4.3  20.9   22:45     W
31  10.4  16.7   16:25   6.1    7:20   7.9   0.0   0.0   5.1  19.3   20:55   WSW
-------------------------------------------------------------------------------------
    14.3  22.9    21     5.3    30   131.1   5.9 183.6   2.8  41.8    19       W

Max >=  32.0:  0
Max <=   0.0:  0
Min <=   0.0:  0
Min <= -18.0:  0
Max Rain: 32.00 ON 18/10/10
Days of Rain: 17 (> .2 mm) 14 (> 2 mm) 2 (> 20 mm)
Heat Base:  18.3  Cool Base:  18.3  Method: Integration