NOAA-Style Climate Reports


Report for 2010 Σεπτέμβριος
                   MONTHLY CLIMATOLOGICAL SUMMARY for SEP. 2010

NAME: veriaweather   CITY: Veria   STATE: Imathia 
ELEV:   105 m  LAT:  40° 31' 23" N  LONG:  22° 12' 19" E

                   TEMPERATURE (°C), RAIN  (mm), WIND SPEED (km/hr)

                                      HEAT  COOL        AVG
    MEAN                              DEG   DEG         WIND                 DOM
DAY TEMP  HIGH   TIME   LOW    TIME   DAYS  DAYS  RAIN  SPEED HIGH   TIME    DIR
------------------------------------------------------------------------------------
 1  21.3  27.0   17:30  15.6    6:10   0.4   3.4   0.0   3.9  24.1   22:40     W
 2  20.8  27.1   16:45  15.1    5:35   0.6   3.1   0.0   4.8  25.7    6:25     E
 3  21.6  26.5   15:25  16.1    6:25   0.3   3.6   0.0   3.5  17.7    3:40     W
 4  18.9  21.3    1:35  17.2   14:00   0.3   0.9   9.9   2.3  14.5   23:45     W
 5  21.4  26.9   18:05  17.6    3:45   0.1   3.2   0.0   3.1  20.9   21:25     W
 6  21.6  26.6   15:30  17.5    8:45   0.1   3.3   0.0   4.0  17.7    1:30     W
 7  22.8  29.2   16:50  17.6    6:30   0.1   4.5   0.0   3.5  17.7   14:45     W
 8  23.6  29.3   16:15  18.7    7:20   0.0   5.2   0.0   3.7  19.3   13:50     W
 9  24.7  30.8   15:05  20.0    7:25   0.0   6.4   0.0   2.9  17.7   16:20     W
10  24.2  28.5   15:05  19.8    7:35   0.0   5.9   0.0   3.4  19.3   14:05     W
11  20.6  23.2    1:30  18.3    6:00   0.0   2.2  17.8   5.6  40.2   12:40    SW
12  19.8  22.0   16:35  17.9    1:30   0.0   1.5   7.6   2.9  19.3    1:35   WSW
13  21.6  27.3   16:45  17.3    5:00   0.1   3.4   0.0   4.5  24.1    6:55     E
14  21.7  27.9   16:25  16.7    7:05   0.2   3.6   0.0   4.8  20.9   20:15     W
15  22.8  29.0   18:15  18.0    6:20   0.0   4.5   0.0   5.0  25.7    7:00   WSW
16  23.2  29.7   17:40  17.9    6:20   0.0   4.9   0.0   4.0  16.1    1:45     W
17  24.2  31.3   17:15  18.3    7:35   0.0   5.9   0.0   3.9  19.3    6:00     W
18  24.4  31.9   15:35  18.4    6:30   0.0   6.1   0.0   3.9  22.5   22:05     W
19  24.8  31.9   16:45  19.1    5:45   0.0   6.5   0.0   3.9  16.1    7:05     W
20  24.4  28.6   15:15  19.9   00:00   0.0   6.1   0.0   3.5  19.3   16:35   SSE
21  20.4  26.0   17:30  16.3    7:55   0.2   2.4   0.0   3.5  19.3    0:20    SE
22  21.4  26.7   17:30  17.8    3:50   0.0   3.1   0.0   2.7  17.7   20:40    NW
23  21.1  26.5   16:40  16.8    7:40   0.1   2.9   0.0   4.8  27.4   21:15   WSW
24  20.5  24.2   16:40  17.1    6:15   0.1   2.3   0.0   2.3  17.7    0:05     W
25  18.3  19.9    0:10  17.4   10:15   0.3   0.2   5.3   1.4  11.3   15:20     N
26  22.2  27.1   14:15  18.4    0:35   0.0   3.9   1.0   6.1  35.4   11:35   SSW
27  22.9  28.7   16:30  19.2    9:00   0.0   4.7   0.0   6.1  49.9   23:10    SW
28  23.2  27.8   14:55  19.1    9:20   0.0   4.9   0.0   5.1  29.0    5:45    SW
29  20.0  22.3    0:05  17.4   22:55   0.0   1.7   7.4   2.6  16.1   22:40     W
30  17.9  23.2   15:25  13.6    7:45   1.4   1.0   0.0   4.3  20.9   22:20    SW
-------------------------------------------------------------------------------------
    21.9  31.9    18    13.6    30     4.2 111.7  49.0   3.9  49.9    27       W

Max >=  32.0:  0
Max <=   0.0:  0
Min <=   0.0:  0
Min <= -18.0:  0
Max Rain: 17.78 ON 11/09/10
Days of Rain: 6 (> .2 mm) 5 (> 2 mm) 0 (> 20 mm)
Heat Base:  18.3  Cool Base:  18.3  Method: Integration