NOAA-Style Climate Reports


Report for 2010 Αύγουστος
                   MONTHLY CLIMATOLOGICAL SUMMARY for AUG. 2010

NAME: veriaweather   CITY: Veria   STATE: Imathia 
ELEV:   105 m  LAT:  40° 31' 23" N  LONG:  22° 12' 19" E

                   TEMPERATURE (°C), RAIN  (mm), WIND SPEED (km/hr)

                                      HEAT  COOL        AVG
    MEAN                              DEG   DEG         WIND                 DOM
DAY TEMP  HIGH   TIME   LOW    TIME   DAYS  DAYS  RAIN  SPEED HIGH   TIME    DIR
------------------------------------------------------------------------------------
 1  27.2  33.2   18:00  21.4    5:50   0.0   8.9   0.0   4.2  22.5    7:40     W
 2  27.9  33.9   17:15  22.5    6:55   0.0   9.5   0.0   5.5  25.7    6:55     E
 3  29.6  35.6   16:45  24.3    6:45   0.0  11.3   0.0   5.1  24.1   21:50   WSW
 4  27.9  35.3   16:35  22.1   22:10   0.0   9.6   2.0   7.1  51.5   18:00     W
 5  26.0  33.3   17:35  21.4    2:40   0.0   6.3   0.0   5.1  27.4    2:30    SW
 6  27.7  33.1   15:50  22.9    6:40   0.0   9.4   0.0   3.9  25.7   18:30     W
 7  28.2  33.7   17:30  23.6    6:50   0.0   9.9   0.0   4.5  17.7    0:05     W
 8  28.4  33.7   15:55  23.6    5:35   0.0  10.2   0.0   4.8  20.9    8:45     W
 9  27.8  33.6   18:45  22.9    6:50   0.0   9.6   0.0   5.1  22.5    3:50    SW
10  28.3  34.7   17:10  22.6    6:15   0.0  10.0   0.0   5.8  25.7    7:50     W
11  29.7  36.1   17:55  24.9    6:20   0.0  11.4   0.0   4.7  22.5    4:00     W
12  30.4  36.6   16:55  25.9    5:20   0.0  12.1   0.0   5.8  24.1   20:40   WSW
13  30.9  37.4   16:10  25.8    6:10   0.0  12.6   0.0   5.6  22.5   16:50   WSW
14  31.6  39.1   16:50  25.7    6:50   0.0  13.3   0.0   5.5  25.7   21:40     W
15  31.5  38.1   18:35  26.3    7:05   0.0  13.2   0.0   4.2  19.3    4:55   WSW
16  31.1  36.9   17:30  25.7    6:45   0.0  12.8   0.0   3.7  20.9   16:15     W
17  31.1  36.9   17:35  26.3    4:40   0.0  12.8   0.0   4.3  20.9    5:20     W
18  29.9  35.7   17:45  24.9    7:25   0.0  11.6   0.0   6.1  33.8    7:50   WSW
19  28.9  34.9   16:50  23.3    6:35   0.0  10.6   0.0   3.7  17.7   13:50     W
20  29.7  35.3   18:55  24.8    6:45   0.0  11.4   0.0   4.0  17.7    7:30     W
21  28.6  33.7   17:50  24.3    4:35   0.0  10.3   0.0   3.7  19.3    0:45     S
22  25.6  32.0   18:50  21.9    9:50   0.0   7.3   0.0   4.0  19.3   20:20     W
23  25.9  31.8   17:15  21.3    7:00   0.0   7.6   0.0   4.2  17.7   21:40     W
24  26.6  33.7   17:50  20.8    7:05   0.0   8.3   0.0   4.0  16.1    1:40     W
25  28.1  36.7   18:15  21.3    5:50   0.0   9.8   0.0   3.4  17.7   21:50     W
26  29.8  36.2   16:40  24.1    5:25   0.0  11.5   0.0   3.2  19.3   20:30     W
27  29.1  35.4   17:25  24.1    6:40   0.0  10.7   0.0   3.2  16.1    0:55     W
28  28.2  34.8   17:25  22.7    6:15   0.0   9.9   0.0   3.7  19.3    6:20     W
29  27.7  32.8   16:15  23.6    6:40   0.0   9.4   0.0   4.0  20.9   15:45   SSE
30  24.2  27.7   15:15  21.6    6:50   0.0   5.9   0.0   3.1  20.9    1:40   SSE
31  25.4  31.4   16:25  20.6   00:00   0.0   7.1   0.0   4.7  30.6   18:25   WSW
-------------------------------------------------------------------------------------
    28.5  39.1    14    20.6    31     0.0 314.2   2.0   4.5  51.5     4       W

Max >=  32.0: 28
Max <=   0.0:  0
Min <=   0.0:  0
Min <= -18.0:  0
Max Rain: 2.03 ON 04/08/10
Days of Rain: 1 (> .2 mm) 1 (> 2 mm) 0 (> 20 mm)
Heat Base:  18.3  Cool Base:  18.3  Method: Integration