NOAA-Style Climate Reports


Report for 2010 Ιούλιος
                   MONTHLY CLIMATOLOGICAL SUMMARY for JUL. 2010

NAME: veriaweather   CITY: Veria   STATE: Imathia 
ELEV:   105 m  LAT:  40° 31' 23" N  LONG:  22° 12' 19" E

                   TEMPERATURE (°C), RAIN  (mm), WIND SPEED (km/hr)

                                      HEAT  COOL        AVG
    MEAN                              DEG   DEG         WIND                 DOM
DAY TEMP  HIGH   TIME   LOW    TIME   DAYS  DAYS  RAIN  SPEED HIGH   TIME    DIR
------------------------------------------------------------------------------------
 1  25.3  29.4   12:50  21.2    5:50   0.0   7.0   4.8   4.5  22.5   20:15     W
 2  23.9  31.1   15:35  19.3   17:05   0.0   5.6  23.9   4.5  45.1   16:45   WSW
 3  24.1  28.9   17:35  19.8    4:40   0.0   5.8   0.0   4.2  20.9    5:20   WSW
 4  26.7  32.7   16:35  21.0    6:25   0.0   8.4   0.0   4.7  22.5    4:50   WSW
 5  26.7  31.4   16:50  22.7    6:45   0.0   8.4   0.0   5.1  22.5   23:55   WSW
 6  27.2  32.7   17:40  21.6    6:20   0.0   8.9   0.0   4.3  20.9    0:15     E
 7  27.0  31.8   16:20  22.0   22:35   0.0   8.7   7.9   4.3  24.1   10:55   WNW
 8  21.4  24.6   16:25  16.0    4:35   0.2   3.3   7.4  10.1  41.8   15:10     N
 9  23.9  29.6   18:15  17.6    5:45   0.1   5.6   0.0   6.9  27.4    6:40   NNE
10  25.7  31.3   18:45  19.9    5:30   0.0   7.4   0.0   5.6  24.1    5:50     W
11  26.2  31.8   17:00  20.8    4:50   0.0   7.9   0.0   5.5  32.2   22:10    SW
12  28.4  34.1   17:05  23.1    5:00   0.0  10.1   0.0   4.2  19.3   15:45     W
13  29.2  34.9   17:25  23.1    6:25   0.0  10.9   0.0   4.0  19.3   21:25     W
14  30.5  36.3   18:15  25.3    4:50   0.0  12.2   0.0   4.3  20.9    4:40     W
15  31.2  37.2   17:20  25.3    6:10   0.0  12.8   0.0   5.1  22.5   22:20   WSW
16  29.5  34.7   16:40  24.3    6:25   0.0  11.2   0.0   4.8  24.1   22:20   WSW
17  29.7  35.1   17:05  25.0    6:05   0.0  11.4   0.0   3.4  20.9    0:05     E
18  29.0  35.2   17:35  23.5    6:00   0.0  10.7   0.0   3.9  27.4   23:05     E
19  28.6  34.5   16:55  24.3    3:00   0.0  10.2   0.0   3.5  20.9    3:45     E
20  28.3  33.7   17:25  23.7    5:00   0.0  10.0   0.0   4.3  25.7    4:45     W
21  28.3  33.7   19:00  21.7   23:30   0.0  10.0  32.0   4.7  45.1   23:00     W
22  26.3  31.7   18:45  22.0    6:10   0.0   8.0   1.8   6.3  40.2    1:10   WSW
23  29.7  36.0   18:00  24.5    6:35   0.0  11.4   0.0   5.6  19.3    6:25   WSW
24  29.7  34.8   15:40  24.7   23:55   0.0  11.4   0.0   5.3  25.7   20:30   WSW
25  25.3  29.8   16:20  21.2   23:00   0.0   7.0   1.5   4.2  46.7   19:05    SW
26  22.1  24.3   13:55  20.4   00:00   0.0   3.8   0.5   3.9  22.5   14:30     S
27  22.1  27.1   13:15  18.4    6:15   0.0   3.8  14.0   4.2  33.8   14:45     W
28  24.6  30.1   17:20  19.1    5:20   0.0   6.3   0.0   4.5  20.9    0:55   WSW
29  25.2  31.6   17:05  20.1    7:40   0.0   6.9   0.0   5.1  22.5    4:15     W
30  25.6  31.7   16:40  19.6    6:05   0.0   7.2   0.0   4.0  19.3    4:15     W
31  26.5  31.7   15:50  21.2    6:10   0.0   8.2   0.0   3.7  17.7   17:35     E
-------------------------------------------------------------------------------------
    26.7  37.2    15    16.0     8     0.3 260.5  93.7   4.8  46.7    25       W

Max >=  32.0: 14
Max <=   0.0:  0
Min <=   0.0:  0
Min <= -18.0:  0
Max Rain: 32.00 ON 21/07/10
Days of Rain: 9 (> .2 mm) 6 (> 2 mm) 2 (> 20 mm)
Heat Base:  18.3  Cool Base:  18.3  Method: Integration