NOAA-Style Climate Reports


Report for 2010 Ιούνιος
                   MONTHLY CLIMATOLOGICAL SUMMARY for JUN. 2010

NAME: veriaweather   CITY: Veria   STATE: Imathia 
ELEV:   105 m  LAT:  40° 31' 23" N  LONG:  22° 12' 19" E

                   TEMPERATURE (°C), RAIN  (mm), WIND SPEED (km/hr)

                                      HEAT  COOL        AVG
    MEAN                              DEG   DEG         WIND                 DOM
DAY TEMP  HIGH   TIME   LOW    TIME   DAYS  DAYS  RAIN  SPEED HIGH   TIME    DIR
------------------------------------------------------------------------------------
 1  21.4  24.3    3:00  17.1   23:55   0.0   3.1   0.0   6.4  30.6    7:00   SSW
 2  19.8  25.0   17:00  15.2    6:10   0.7   2.2   0.3   5.6  27.4    5:35     W
 3  19.8  24.8   17:05  15.8    3:15   0.6   2.1   0.3   3.5  22.5   14:20   NNW
 4  20.8  26.2   16:00  16.0    5:35   0.5   3.0   0.3   4.8  24.1   21:35     W
 5  18.3  20.1   19:15  17.1    4:45   0.4   0.4  32.0   4.0  22.5   13:30     W
 6  21.4  26.7   16:00  17.3    4:35   0.1   3.2   0.0   2.6  17.7   22:40   WSW
 7  22.6  29.0   17:35  17.0    6:00   0.2   4.5   0.0   3.7  25.7   22:25     W
 8  23.6  30.8   18:55  16.4    5:25   0.2   5.5   0.0   3.4  19.3   21:10   WNW
 9  25.2  31.1   17:30  19.9    6:20   0.0   6.9   0.0   3.1  17.7   15:10     W
10  26.1  32.2   17:00  20.5    3:15   0.0   7.8   0.0   3.4  19.3   13:10   WSW
11  27.1  33.8   17:05  20.7    5:25   0.0   8.8   0.0   3.7  20.9   15:20   ESE
12  27.8  34.4   15:50  21.5    6:05   0.0   9.5   0.0   3.2  16.1   21:45     W
13  28.2  34.1   16:40  22.8    6:30   0.0   9.9   0.0   4.7  56.3   20:05    SW
14  28.6  35.4   16:35  22.6    5:25   0.0  10.3   0.0   3.5  25.7    0:05     W
15  29.3  35.6   16:30  23.2    6:30   0.0  11.0   0.0   3.2  22.5    1:55     W
16  29.8  35.8   17:15  25.2    3:05   0.0  11.5   0.0   4.0  24.1    1:40    NW
17  29.7  35.9   16:35  23.7    5:55   0.0  11.4   0.0   4.0  19.3    2:50     W
18  26.1  31.3   14:40  19.5   23:00   0.0   7.8   4.3   4.3  35.4   20:55     W
19  23.7  29.6   15:45  19.6    1:50   0.0   5.4   0.8   4.7  32.2    6:55     E
20  22.4  27.4   13:35  19.6    4:00   0.0   4.1   0.0   4.2  41.8   14:00     W
21  21.6  27.0   12:25  18.8   22:35   0.0   3.3   0.0   5.6  41.8   14:30   WNW
22  20.9  25.8   16:15  17.1    7:10   0.1   2.7   0.0   5.0  30.6   18:30    SW
23  21.0  24.5   16:45  16.6    6:15   0.2   2.9   0.0  10.1  35.4   13:00     N
24  21.8  26.4   17:10  19.0    0:45   0.0   3.5   0.0   9.5  45.1    4:55     N
25  21.7  25.7   16:15  15.9    6:00   0.3   3.7   0.0   6.6  27.4    0:35     N
26  22.7  27.6   17:40  17.4    6:35   0.0   4.4   0.0   4.2  20.9    1:05   WSW
27  22.2  28.6   16:15  18.7    6:25   0.0   3.9   1.3   5.5  37.0   22:35    SW
28  22.6  28.7   18:45  17.6    6:15   0.0   4.4   0.0   6.4  32.2    0:35   WSW
29  24.8  30.6   17:10  19.5    6:20   0.0   6.5   0.0   7.1  29.0   18:25   WSW
30  26.1  30.8   15:00  20.8    6:10   0.0   7.8   0.0   4.7  24.1   10:20   WSW
-------------------------------------------------------------------------------------
    23.9  35.9    17    15.2     2     3.4 171.3  39.1   4.8  56.3    13       W

Max >=  32.0:  8
Max <=   0.0:  0
Min <=   0.0:  0
Min <= -18.0:  0
Max Rain: 32.00 ON 05/06/10
Days of Rain: 7 (> .2 mm) 2 (> 2 mm) 1 (> 20 mm)
Heat Base:  18.3  Cool Base:  18.3  Method: Integration