NOAA-Style Climate Reports


Report for 2010 Μάϊος
                   MONTHLY CLIMATOLOGICAL SUMMARY for MAY. 2010

NAME: veriaweather   CITY: Veria   STATE: Imathia 
ELEV:   105 m  LAT:  40° 31' 23" N  LONG:  22° 12' 19" E

                   TEMPERATURE (°C), RAIN  (mm), WIND SPEED (km/hr)

                                      HEAT  COOL        AVG
    MEAN                              DEG   DEG         WIND                 DOM
DAY TEMP  HIGH   TIME   LOW    TIME   DAYS  DAYS  RAIN  SPEED HIGH   TIME    DIR
------------------------------------------------------------------------------------
 1  18.7  25.8   16:30  12.3    6:35   1.7   2.2   0.0   3.2  19.3   16:55     W
 2  19.3  26.0   17:10  13.2    6:40   1.4   2.4   0.0   2.6  17.7   15:35     W
 3  19.7  26.0   16:10  14.1    6:40   1.1   2.5   0.0   2.6  17.7   15:35   WNW
 4  20.4  27.0   14:55  14.6    6:40   0.8   3.0   0.0   2.6  16.1   15:05     W
 5  20.4  24.5   17:45  15.8    5:40   0.5   2.6   0.0   2.3  14.5   13:20     W
 6  19.9  24.2   16:10  16.7   00:00   0.2   1.8   0.5   2.6  22.5    5:40   NNW
 7  20.7  26.7   15:50  15.1    4:30   0.7   3.1   0.0   6.8  30.6   18:50     N
 8  18.2  22.3   18:20  15.2   10:20   0.9   0.8   1.0   4.3  25.7    0:15   WSW
 9  20.8  28.6   16:50  14.4    6:30   0.9   3.4   0.0   5.3  29.0   18:30     W
10  21.2  27.2   17:40  15.2    6:20   0.5   3.5   0.0   6.3  25.7    6:30     W
11  21.2  27.2   14:35  14.9    6:05   0.5   3.5   0.0   3.4  19.3    1:20     W
12  22.1  28.5   16:50  17.1    6:00   0.1   3.9   0.0   3.9  22.5   19:10     W
13  22.3  28.0   17:15  17.2    5:45   0.1   4.1   0.0   4.0  22.5   23:50     W
14  24.6  29.9   15:00  19.9    6:25   0.0   6.3   0.0   5.5  37.0   12:20    NW
15  20.2  26.6   17:15  15.7    8:35   0.4   2.3  19.8  10.0  59.5   19:50   WSW
16  19.3  22.2   14:15  17.4    3:35   0.1   1.2   0.0  15.6  53.1   10:25    SW
17  18.2  22.6   17:00  13.3   23:35   1.0   0.9   0.0   9.7  51.5   17:20     W
18  16.6  21.2   16:20  12.7    6:20   2.2   0.5   0.0   3.5  22.5   12:50    SW
19  16.6  21.7   13:45  12.2    5:50   2.3   0.6   0.0   5.8  24.1   19:00    SW
20  15.6  19.3   15:40  13.0    6:50   2.9   0.1   0.8   4.3  24.1   19:50    SW
21  13.3  14.3   20:05  12.4    5:35   5.0   0.0  44.2   5.8  32.2   12:20     N
22  17.8  24.2   15:00  12.8    6:00   2.1   1.5   3.8   3.9  25.7   22:20    SW
23  18.4  23.4   12:40  14.8    2:50   1.0   1.2   1.0   6.4  32.2   13:15    SW
24  18.6  23.9   17:00  14.1    6:00   1.1   1.4   0.3   6.8  32.2   18:40     W
25  21.6  29.1   16:35  14.8    6:00   0.8   4.1   0.0   4.8  22.5    0:05     W
26  23.3  31.3   17:25  15.8    6:00   0.2   5.3   0.0   2.9  17.7   15:25     E
27  24.2  31.3   16:45  16.9    5:25   0.1   6.0   0.0   3.7  19.3   16:10     W
28  23.3  27.3   14:30  19.5    5:15   0.0   5.0   0.0   3.4  20.9    5:45   WNW
29  24.4  32.1   17:00  19.2    5:10   0.0   6.1   8.1   5.1  37.0   18:05     W
30  23.2  27.2   16:40  19.4    5:15   0.0   4.9   0.0   2.6  17.7    1:20     W
31  23.6  27.2   17:30  20.0    8:25   0.0   5.2   0.0   2.7  19.3    8:20    NW
-------------------------------------------------------------------------------------
    20.3  32.1    29    12.2    19    28.7  89.3  79.5   4.9  59.5    15       W

Max >=  32.0:  1
Max <=   0.0:  0
Min <=   0.0:  0
Min <= -18.0:  0
Max Rain: 44.20 ON 21/05/10
Days of Rain: 9 (> .2 mm) 4 (> 2 mm) 1 (> 20 mm)
Heat Base:  18.3  Cool Base:  18.3  Method: Integration