NOAA-Style Climate Reports


Report for 2010 Απρίλιος
                   MONTHLY CLIMATOLOGICAL SUMMARY for APR. 2010

NAME: veriaweather   CITY: Veria   STATE: Imathia 
ELEV:   105 m  LAT:  40° 31' 23" N  LONG:  22° 12' 19" E

                   TEMPERATURE (°C), RAIN  (mm), WIND SPEED (km/hr)

                                      HEAT  COOL        AVG
    MEAN                              DEG   DEG         WIND                 DOM
DAY TEMP  HIGH   TIME   LOW    TIME   DAYS  DAYS  RAIN  SPEED HIGH   TIME    DIR
------------------------------------------------------------------------------------
 1  19.0  23.8   15:00  14.8    7:35   0.8   1.5   0.0   4.3  27.4    0:40     E
 2  16.1  22.2   17:20  12.7   23:30   2.8   0.6   0.0   3.4  20.9   22:40     W
 3  15.4  22.4   16:10   9.2    7:10   3.7   0.8   0.0   3.7  20.9   22:10     W
 4  15.2  22.1   16:10   9.9    4:05   3.6   0.5   0.0   4.0  20.9   14:55     W
 5  14.3  19.3   16:25  10.1    7:50   4.1   0.0   0.5   3.7  19.3   16:10     W
 6  14.6  18.2   15:25  12.1    1:35   3.7   0.0   0.0   7.2  35.4   16:00     N
 7  13.7  19.3   15:20   8.8    6:45   4.7   0.1   0.0   7.6  38.6   11:10     W
 8  14.5  20.9   16:15   9.1    7:30   4.2   0.4   0.0   5.1  20.9    2:05     W
 9  15.6  20.9   15:55  11.4    4:25   3.1   0.4   0.0   3.7  20.9   13:40     W
10  14.7  20.9   15:40   9.7    6:15   3.8   0.3   0.0   3.5  27.4   19:05     W
11  14.8  19.7   16:10  10.2    7:05   3.6   0.0   0.0   4.8  29.0   19:35    SW
12  12.9  15.8   12:45  10.5    7:05   5.4   0.0   5.1   2.7  22.5   12:55   WNW
13  11.9  13.2   13:55  10.5    6:40   6.4   0.0   4.3   2.6  16.1    2:35   NNW
14  11.2  12.6   17:45   9.7    5:20   7.1   0.0   4.8   1.4  14.5    2:20   ENE
15  12.9  14.9   15:45  11.3    4:45   5.4   0.0   0.5   1.6  11.3   19:10     N
16  15.6  19.7   16:20  11.4    5:40   2.9   0.2   0.0   2.7  16.1    7:00     W
17  16.7  19.6   16:55  14.1    7:40   1.8   0.2   0.0   3.1  16.1    0:25   SSE
18  14.9  16.4    0:15  13.7   10:35   3.4   0.0   0.8   2.3  16.1   16:10   NNE
19  12.8  14.1    0:05  11.8   20:25   5.5   0.0  13.7   2.3  22.5   18:40    NW
20  14.7  20.6   15:25  10.7    7:20   3.8   0.2   1.0   4.7  46.7   19:00   WNW
21  18.3  23.1   16:30  14.1    0:05   1.3   1.4   0.0   8.0  37.0   12:05     N
22  18.5  25.6   18:00  12.8    6:20   1.7   1.9   0.0   5.0  24.1    4:55     W
23  16.9  21.3   16:15  11.9    5:15   2.0   0.6   0.0   3.5  19.3    5:20     W
24  17.3  21.7   17:40  14.4    7:05   1.5   0.4   0.3   2.6  16.1   22:15     W
25  18.8  24.7   17:10  13.8    7:15   1.3   1.8   0.0   4.0  27.4   21:00     W
26  18.5  22.8   17:45  14.5    6:50   0.9   1.1   0.0   4.8  33.8   14:45     W
27  17.8  22.6   17:25  13.2    6:55   1.6   1.1   0.0   4.2  24.1    3:25     W
28  16.4  23.3   16:45  10.6    6:40   3.0   1.1   0.0   4.7  25.7   22:25     W
29  17.3  23.4   16:05  11.8    6:40   2.3   1.3   0.0   3.5  24.1   22:05     W
30  18.3  24.7   17:10  11.8    6:15   1.9   1.8   0.0   3.2  24.1   16:00     E
-------------------------------------------------------------------------------------
    15.7  25.6    22     8.8     7    97.2  17.9  31.0   3.9  46.7    20       W

Max >=  32.0:  0
Max <=   0.0:  0
Min <=   0.0:  0
Min <= -18.0:  0
Max Rain: 13.72 ON 19/04/10
Days of Rain: 9 (> .2 mm) 4 (> 2 mm) 0 (> 20 mm)
Heat Base:  18.3  Cool Base:  18.3  Method: Integration