NOAA-Style Climate Reports


Report for 2010 Μάρτιος
                   MONTHLY CLIMATOLOGICAL SUMMARY for MAR. 2010

NAME: veriaweather   CITY: Veria   STATE: Imathia 
ELEV:   105 m  LAT:  40° 31' 23" N  LONG:  22° 12' 19" E

                   TEMPERATURE (°C), RAIN  (mm), WIND SPEED (km/hr)

                                      HEAT  COOL        AVG
    MEAN                              DEG   DEG         WIND                 DOM
DAY TEMP  HIGH   TIME   LOW    TIME   DAYS  DAYS  RAIN  SPEED HIGH   TIME    DIR
------------------------------------------------------------------------------------
 1  11.6  16.2   16:30   9.4    4:15   6.7   0.0   0.0   2.7  16.1   22:20     W
 2  13.8  21.4   14:25   8.6    5:10   4.9   0.4   0.0   5.8  45.1   14:40     W
 3  12.1  15.4   14:40   9.2    6:25   6.2   0.0   0.0   3.7  17.7    2:15     W
 4  10.1  10.9   17:35   9.3    5:00   8.2   0.0   1.3   2.3  16.1   10:30   NNW
 5   9.9  14.7   16:10   5.4   23:25   8.4   0.0   0.8   3.1  20.9   18:00   SSE
 6   4.9  10.1   16:20   2.8    8:35  13.3   0.0   0.8   3.4  17.7   19:20   SSE
 7   3.4   6.6   10:50   0.2    7:15  14.8   0.0   4.1   2.9  19.3    7:15    SW
 8   1.8   3.0   19:25   1.0    4:00  16.5   0.0  12.7   1.9  11.3   10:20   NNW
 9   3.8   6.7   17:30   0.8    5:35  14.5   0.0  14.0   1.6  11.3    9:30     W
10   3.3   5.3    0:45   1.1   22:00  15.0   0.0  12.7   3.7  20.9    7:25   NNW
11   6.1  10.8   16:10   1.3    0:30  12.2   0.0   4.3   2.7  20.9   21:40   WNW
12  10.1  15.2   16:40   5.7    1:20   8.3   0.0   0.0   6.8  35.4   13:10     W
13   9.8  15.2   15:25   5.3    6:25   8.5   0.0   0.0   5.3  24.1    3:40     W
14   9.1  13.1   16:15   7.2   21:40   9.3   0.0   0.0   4.8  27.4    9:05     N
15   8.6  13.3   16:05   3.5    6:30   9.7   0.0   0.0   8.2  32.2   16:45   NNE
16   9.8  16.1   15:30   4.7    6:35   8.5   0.0   0.0   5.1  20.9    2:00     W
17   9.7  14.2   14:30   5.6    5:25   8.6   0.0   0.0  10.1  43.5   10:05     N
18   9.3  15.7   16:25   4.0    6:25   9.0   0.0   0.0   4.8  25.7    0:35   WSW
19  10.8  17.8   15:10   5.0    6:50   7.5   0.0   0.0   3.5  19.3   17:25   WNW
20  11.8  17.9   15:45   6.8    6:30   6.5   0.0   0.0   3.9  17.7    6:25     W
21  13.4  20.5   16:25   7.7    6:40   5.1   0.2   0.0   2.6  11.3    1:45     W
22  16.9  24.8   15:30  10.3    5:00   2.9   1.5   0.0   2.3  17.7    5:45   ESE
23  15.3  18.0   14:30  13.1   22:50   3.0   0.0   5.1   1.0  11.3    1:35   WNW
24  15.2  19.1   15:45  12.1    5:15   3.1   0.1   3.8   2.4  22.5   19:25     W
25  15.6  21.2   16:35  11.6    6:40   3.1   0.3   0.3   2.7  16.1   20:20     W
26  15.0  20.7   15:15  10.8    7:05   3.6   0.3   0.0   3.4  17.7    5:20     W
27  12.6  16.1   15:25   9.1    5:25   5.7   0.0   0.0   1.8  16.1   22:55     E
28  14.2  17.9   18:10  10.7    6:00   3.9   0.0   0.0   7.9  45.1   14:45     N
29  16.2  22.1   18:05  10.4    7:40   2.8   0.7   0.0   5.3  29.0    0:05     W
30  15.8  21.4   16:30  10.6    7:30   2.9   0.5   0.0   4.7  24.1    0:30     W
31  16.2  21.9   17:05  11.2    7:10   2.7   0.6   0.0   2.7  24.1   23:45     W
-------------------------------------------------------------------------------------
    10.8  24.8    22     0.2     7   235.4   4.6  59.7   4.0  45.1     2       W

Max >=  32.0:  0
Max <=   0.0:  0
Min <=   0.0:  0
Min <= -18.0:  0
Max Rain: 13.97 ON 09/03/10
Days of Rain: 11 (> .2 mm) 7 (> 2 mm) 0 (> 20 mm)
Heat Base:  18.3  Cool Base:  18.3  Method: Integration