NOAA-Style Climate Reports


Report for 2010 Φεβρουάριος
                   MONTHLY CLIMATOLOGICAL SUMMARY for FEB. 2010

NAME: veriaweather   CITY: Veria   STATE: Imathia 
ELEV:   105 m  LAT:  40° 31' 23" N  LONG:  22° 12' 19" E

                   TEMPERATURE (°C), RAIN  (mm), WIND SPEED (km/hr)

                                      HEAT  COOL        AVG
    MEAN                              DEG   DEG         WIND                 DOM
DAY TEMP  HIGH   TIME   LOW    TIME   DAYS  DAYS  RAIN  SPEED HIGH   TIME    DIR
------------------------------------------------------------------------------------
 1   9.9  13.1   14:25   3.5   22:55   8.4   0.0   0.5   6.1  35.4   14:00     W
 2   3.7   7.5   14:30   1.5   23:05  14.6   0.0   0.0   5.3  33.8   17:00     N
 3   3.0   9.1   15:40  -1.6    7:05  15.3   0.0   0.0   5.1  25.7    8:15   WNW
 4   6.1  13.4   15:45   1.2    8:50  12.2   0.0   0.0   5.3  24.1   21:50     W
 5   6.8  10.9   14:35   4.4    6:30  11.5   0.0   0.0   5.0  22.5    1:30     W
 6   4.7   5.4   23:55   3.8   16:35  13.6   0.0   7.9   2.4  14.5   13:40   WNW
 7   5.2   5.6   14:50   4.6   11:40  13.1   0.0  26.9   3.2  17.7   23:25   WNW
 8   4.5   7.5   15:10   1.3   23:30  13.8   0.0   2.8   3.9  20.9   21:25    SW
 9   3.6   7.7   15:35  -0.2    6:20  14.7   0.0   0.0   2.6  16.1   19:50     W
10   5.0   7.3   00:00   2.5    7:35  13.3   0.0  22.6   3.7  17.7   20:50     W
11   8.6  11.2   10:20   6.3    3:50   9.7   0.0   0.5   3.4  19.3    4:10   WSW
12   8.9  11.3   14:35   6.6    4:55   9.4   0.0   4.8   2.7  33.8   23:50   WNW
13   9.8  12.4   15:30   7.2    7:00   8.5   0.0   0.0  10.5  48.3    1:05    SW
14   5.3   8.4   10:40   2.2   19:20  13.0   0.0  19.8   4.0  25.7    2:15     W
15   8.1  14.6   14:40   3.8    0:05  10.2   0.0   1.5   6.3  40.2   10:00    NW
16   8.2  12.4   15:15   4.3    3:15  10.1   0.0   2.0   1.8  11.3    1:30     W
17   9.0  10.7   19:40   7.1    1:30   9.3   0.0   3.6   1.6  17.7   19:55     N
18  12.6  17.4   15:35   8.7    4:20   5.7   0.0   0.3   6.8  46.7   20:25   SSW
19  14.0  16.5   13:50  10.8   23:45   4.3   0.0   0.0   4.5  32.2    3:55    NW
20  14.8  21.3   16:40  10.8    0:05   3.7   0.3   0.0   9.0  64.4   20:55     W
21  13.2  17.6    0:05   8.7   00:00   5.1   0.0   0.0  11.7  53.1   12:00   WNW
22   8.2  11.9   15:55   4.9    5:15  10.1   0.0   0.0   2.7  16.1    1:35     W
23   9.2  11.7   14:10   6.9    7:00   9.2   0.0   0.5   3.4  16.1   20:35     W
24   9.1  10.8   15:55   7.3    6:05   9.3   0.0   2.5   2.6  14.5    0:25   WNW
25  12.6  18.2   13:45   8.6    0:10   5.7   0.0   0.0   4.2  22.5   23:15     W
26  12.0  17.0   14:35   8.6    6:10   6.3   0.0   0.0   5.5  29.0    7:10     W
27  11.8  18.3   14:30   8.1    6:30   6.5   0.0   0.5   7.7  49.9   14:50     N
28  10.7  14.6   15:35   6.8    6:55   7.6   0.0   0.0   4.8  30.6    5:25     W
-------------------------------------------------------------------------------------
     8.5  21.3    20    -1.6     3   274.3   0.3  96.8   4.9  64.4    20       W

Max >=  32.0:  0
Max <=   0.0:  0
Min <=   0.0:  2
Min <= -18.0:  0
Max Rain: 26.92 ON 07/02/10
Days of Rain: 15 (> .2 mm) 9 (> 2 mm) 2 (> 20 mm)
Heat Base:  18.3  Cool Base:  18.3  Method: Integration