NOAA-Style Climate Reports


Report for 2010 Ιανουάριος
                   MONTHLY CLIMATOLOGICAL SUMMARY for JAN. 2010

NAME: veriaweather   CITY: Veria   STATE: Imathia 
ELEV:   105 m  LAT:  40° 31' 23" N  LONG:  22° 12' 19" E

                   TEMPERATURE (°C), RAIN  (mm), WIND SPEED (km/hr)

                                      HEAT  COOL        AVG
    MEAN                              DEG   DEG         WIND                 DOM
DAY TEMP  HIGH   TIME   LOW    TIME   DAYS  DAYS  RAIN  SPEED HIGH   TIME    DIR
------------------------------------------------------------------------------------
 1  14.3  20.7   11:20   8.6    8:10   4.1   0.2   1.0  11.9  57.9   20:05   WSW
 2  13.7  15.4   16:15  10.6    4:55   4.6   0.0   0.3  11.7  48.3    2:00    SW
 3   9.5  13.8    0:25   2.9   23:15   8.8   0.0   0.0   6.8  33.8   13:00     W
 4   3.3   6.3   13:25   0.4    5:20  14.9   0.0   0.0   4.0  20.9    6:05    SW
 5   3.3   5.1   00:00   1.1    9:45  15.0   0.0   0.8   1.6  11.3    5:40    NW
 6   7.9  11.9   15:45   4.7    5:20  10.3   0.0   0.3   1.8  14.5   14:25   SSE
 7  12.2  16.4   14:50   8.9    0:35   6.1   0.0   0.0   3.4  22.5   22:45   WSW
 8  12.1  13.5   16:45   9.4    6:05   6.2   0.0   0.0   2.4  19.3    0:25     W
 9  13.2  15.6   14:05  11.6    2:05   5.1   0.0   0.5   2.9  11.3    1:45     W
10  12.3  15.1    2:40   9.9   22:55   6.0   0.0   0.0  10.5  40.2   11:45    SW
11  11.7  14.1   13:50   9.7    3:15   6.7   0.0   0.0  11.1  48.3    5:20    SW
12   8.7  10.8    0:05   6.9   22:25   9.2   0.0   2.3   3.1  17.7   13:50   WNW
13   7.8  11.1   14:15   4.6    8:00  10.5   0.0   0.0   2.6  17.7    0:30    SW
14   7.3   8.2   14:35   6.1    6:40  11.0   0.0   2.5   2.4  11.3    3:40   WNW
15   6.6   7.3    0:55   6.1    7:45  11.7   0.0   2.0   1.6  11.3    5:15   ENE
16   5.1   6.5    0:05   4.3   00:00  13.2   0.0   8.6   2.1   9.7    9:45    NW
17   5.0   5.8   20:00   4.1    5:45  13.3   0.0   0.0   0.8   8.0   12:30   WNW
18   6.7   9.4   16:05   4.9    7:20  11.6   0.0   0.5   1.9  14.5   22:30   WSW
19   5.1   8.0   13:25   2.6    7:40  13.2   0.0   0.0   5.8  25.7   16:00     W
20   4.6   8.2   13:55   2.7    8:10  13.7   0.0   0.0   3.5  19.3    3:20    SW
21   4.7   8.1   15:05   1.6    8:05  13.6   0.0   0.0   2.9  14.5    8:40    SW
22   3.6   4.3   20:55   1.0   00:00  14.7   0.0   2.5   4.3  20.9    8:15   WNW
23   0.2   1.4   15:00  -1.7    5:15  18.1   0.0   2.8   2.9  20.9    0:30   SSE
24  -0.1   2.0   15:25  -2.4    8:15  18.4   0.0   0.8   3.2  14.5   12:50    SE
25   0.2   2.4   14:05  -1.8    9:10  18.1   0.0   0.3   2.6  14.5   12:00   SSE
26  -0.3   0.7   22:50  -1.3    7:00  18.6   0.0   0.3   2.4  16.1    4:45   NNW
27   0.3   0.8   16:25  -0.2   10:25  17.9   0.0   0.5   0.6   8.0   23:20     E
28   1.2   2.8   15:10  -0.4    7:10  17.1   0.0   1.8   1.0   8.0    0:55    SE
29   4.2   6.7   14:25   1.6    3:05  14.2   0.0   1.8   2.1  17.7   17:15    SW
30   6.8   9.8   14:40   4.4    1:15  11.5   0.0   0.0   1.6   8.0    5:20   WNW
31  10.1  15.3   14:20   6.8    6:45   8.2   0.0   0.3   4.7  29.0   16:45     W
-------------------------------------------------------------------------------------
     6.5  20.7     1    -2.4    24   365.8   0.2  29.7   3.9  57.9     1      SW

Max >=  32.0:  0
Max <=   0.0:  0
Min <=   0.0:  6
Min <= -18.0:  0
Max Rain: 8.64 ON 16/01/10
Days of Rain: 19 (> .2 mm) 6 (> 2 mm) 0 (> 20 mm)
Heat Base:  18.3  Cool Base:  18.3  Method: Integration