NOAA-Style Climate Reports


Report for 2010
                            ANNUAL CLIMATOLOGICAL SUMMARY

NAME: veriaweather  CITY: Veria   STATE: Imathia  
ELEV:   105 m  LAT:  40° 31' 23" N  LONG:  22° 12' 19" E

               TEMPERATURE (°C), HEAT BASE 18.3, COOL BASE 18.3
                          DEP.  HEAT  COOL                                          
        MEAN  MEAN        FROM  DEG   DEG                        MAX  MAX  MIN  MIN 
 YR MO  MAX   MIN   MEAN  NORM  DAYS  DAYS  HI  DATE  LOW  DATE  >=32 <=0  <=0  <=-18 
------------------------------------------------------------------------------------
 10  1   8.9   4.1   6.5   0.0   366     0  20.7   1  -2.4   24    0    0    6    0
 10  2  12.3   5.3   8.5   0.0   274     0  21.3  20  -1.6    3    0    0    2    0
 10  3  15.6   6.9  10.8   0.0   235     5  24.8  22   0.2    7    0    0    0    0
 10  4  20.3  11.7  15.7   0.0    97    18  25.6  22   8.8    7    0    0    0    0
 10  5  25.7  15.5  20.3   0.0    29    89  32.1  29  12.2   19    1    0    0    0
 10  6  29.3  19.1  23.9   0.0     3   171  35.9  17  15.2    2    8    0    0    0
 10  7  32.0  21.7  26.7   0.0     0   261  37.2  15  16.0    8   14    0    0    0
 10  8  34.6  23.5  28.5   0.0     0   314  39.1  14  20.6   31   28    0    0    0
 10  9  26.9  17.7  21.9   0.0     4   112  31.9  18  13.6   30    0    0    0    0
 10 10  17.6  11.5  14.3   0.0   131     6  22.9  21   5.3   30    0    0    0    0
 10 11  19.8  12.2  15.2   0.0   103    12  25.9  10   7.3    1    0    0    0    0
 10 12  11.6   5.5   8.2   0.0   317     4  25.6   2  -1.8   15    0    0    6    0
------------------------------------------------------------------------------------
        21.3  12.9  16.7   0.0  1561   991  39.1 AUG  -2.4  JAN   51    0   14    0

                                PRECIPITATION (mm)

               DEP.   MAX        DAYS OF RAIN 
               FROM   OBS.          OVER
 YR MO  TOTAL  NORM   DAY  DATE  .2   2   20
---------------------------------------------
 10  1  29.7    0.0   8.6   16   19    6    0
 10  2  96.8    0.0  26.9    7   15    9    2
 10  3  59.7    0.0  14.0    9   11    7    0
 10  4  31.0    0.0  13.7   19    9    4    0
 10  5  79.5    0.0  44.2   21    9    4    1
 10  6  39.1    0.0  32.0    5    7    2    1
 10  7  93.7    0.0  32.0   21    9    6    2
 10  8   2.0    0.0   2.0    4    1    1    0
 10  9  49.0    0.0  17.8   11    6    5    0
 10 10 183.6    0.0  32.0   18   17   14    2
 10 11  45.7    0.0  21.1   26    8    3    1
 10 12  43.7    0.0  19.8    4   10    6    0
---------------------------------------------
       753.6   0.0  44.2  MAY  121   67    9

                                WIND SPEED (km/hr)
                          DOM
 YR MO   AVG.  HI   DATE  DIR
---------------------------------
 10  1   3.9  57.9    1    SW
 10  2   4.9  64.4   20     W
 10  3   4.0  45.1    2     W
 10  4   3.9  46.7   20     W
 10  5   4.9  59.5   15     W
 10  6   4.8  56.3   13     W
 10  7   4.8  46.7   25     W
 10  8   4.5  51.5    4     W
 10  9   3.9  49.9   27     W
 10 10   2.8  41.8   19     W
 10 11   4.6  59.5   23     W
 10 12   3.8  61.2    2     W
---------------------------------
         4.2  64.4  FEB    W