NOAA-Style Climate Reports


Report for 2009 Δεκέμβριος
                   MONTHLY CLIMATOLOGICAL SUMMARY for DEC. 2009

NAME: veriaweather   CITY: Veria   STATE: Imathia 
ELEV:   105 m  LAT:  40° 31' 23" N  LONG:  22° 12' 19" E

                   TEMPERATURE (°C), RAIN  (mm), WIND SPEED (km/hr)

                                      HEAT  COOL        AVG
    MEAN                              DEG   DEG         WIND                 DOM
DAY TEMP  HIGH   TIME   LOW    TIME   DAYS  DAYS  RAIN  SPEED HIGH   TIME    DIR
------------------------------------------------------------------------------------
 1  12.7  14.0   13:00  11.2    0:40   5.6   0.0   0.0   2.4  11.3    0:05     W
 2  12.6  14.8   12:05  11.5    1:30   5.7   0.0  52.8   4.8  25.7   22:55     W
 3  12.9  15.6   14:35  10.4   23:25   5.4   0.0  14.5   3.7  19.3    1:05   WNW
 4  11.4  15.2   13:10   9.2    7:10   6.9   0.0   0.0   3.2  17.7   21:15     W
 5  12.0  13.5   20:20  10.5    0:25   6.3   0.0   1.3   2.4  11.3    0:20   WNW
 6  11.7  14.8   13:40   9.7   23:40   6.6   0.0   0.3   3.2  20.9   21:05    SW
 7  11.2  15.7   14:35   8.8   23:50   7.1   0.0   0.0   4.5  17.7    6:05   WSW
 8  10.4  13.2   11:20   7.7    2:35   7.9   0.0   0.0   2.3  14.5    0:05     W
 9  10.5  11.6   11:05   9.1   00:00   7.8   0.0  26.2   2.3  17.7   21:15   NNE
10   8.2   9.2    0:05   6.4    7:20  10.1   0.0  50.8   5.6  25.7    4:40   WNW
11   8.4  11.1   14:00   7.2    7:55   9.8   0.0   0.0   2.4  14.5    6:30   SSE
12   5.6   7.7    0:10   4.4    6:45  12.7   0.0  16.8   3.1  14.5    4:55   WNW
13   5.1   5.9   18:15   4.1    5:55  13.2   0.0   1.5   1.8  11.3    3:05   SSE
14   5.3   7.2   11:35   3.3    3:05  13.0   0.0   2.0   2.4  14.5    3:25     W
15   8.1  10.8   14:40   6.2    0:10  10.2   0.0  12.2   2.6  17.7   21:05   NNW
16  10.5  14.6   15:15   8.6    1:25   7.8   0.0   0.0   2.9  16.1    3:00   WSW
17   9.3  12.6    7:15   7.1    8:10   8.9   0.0   5.1   2.6  30.6    7:05     S
18   6.7   9.8   10:45   1.8   22:45  11.6   0.0   2.8   3.5  19.3   10:00   SSE
19   2.4   5.1   23:50   0.3    7:05  15.9   0.0   3.6   1.9  14.5   23:40   SSE
20   7.7  12.2   14:10   1.5   23:55  10.6   0.0   7.9   4.8  41.8   15:10    SW
21   2.8   7.1   15:55  -0.7    8:00  15.5   0.0   0.0   2.9  14.5    1:50   SSE
22   5.8   7.8   14:50   3.1    4:40  12.5   0.0   0.0   1.4   9.7   20:40     W
23   8.4  10.8   14:35   5.8    1:15   9.9   0.0   0.0   3.2  16.1   16:30     W
24  10.8  13.2   15:25   8.7    4:45   7.5   0.0   0.0   1.6  14.5    0:25     W
25  11.9  14.3   00:00  10.7    7:10   6.4   0.0   1.5   1.4  20.9   23:45   SSE
26  13.7  18.1    0:55  11.3    8:10   4.6   0.0   2.3   3.5  53.1    0:35     W
27  13.8  16.9   16:00  12.0    5:10   4.6   0.0   1.8   2.6  20.9   18:45     W
28  13.3  16.7   14:55   7.1   22:55   5.0   0.0   0.5   7.6  46.7    8:05   WNW
29   9.3  14.0   15:30   5.8    5:30   9.0   0.0   0.0   3.1  16.1   19:15   ESE
30   8.9  12.2   15:00   6.3    6:50   9.4   0.0   0.0   2.9  16.1    2:20     W
31   9.8  11.4   21:30   8.0    4:50   8.5   0.0   0.0   2.9  14.5    1:35     W
-------------------------------------------------------------------------------------
     9.4  18.1    26    -0.7    21   276.0   0.0 203.7   3.1  53.1    26       W

Max >=  32.0:  0
Max <=   0.0:  0
Min <=   0.0:  1
Min <= -18.0:  0
Max Rain: 52.83 ON 02/12/09
Days of Rain: 18 (> .2 mm) 12 (> 2 mm) 3 (> 20 mm)
Heat Base:  18.3  Cool Base:  18.3  Method: Integration