NOAA-Style Climate Reports


Report for 2009 Νοέμβριος
                   MONTHLY CLIMATOLOGICAL SUMMARY for NOV. 2009

NAME: veriaweather   CITY: Veria   STATE: Imathia 
ELEV:   105 m  LAT:  40° 31' 23" N  LONG:  22° 12' 19" E

                   TEMPERATURE (°C), RAIN  (mm), WIND SPEED (km/hr)

                                      HEAT  COOL        AVG
    MEAN                              DEG   DEG         WIND                 DOM
DAY TEMP  HIGH   TIME   LOW    TIME   DAYS  DAYS  RAIN  SPEED HIGH   TIME    DIR
------------------------------------------------------------------------------------
 1   7.2  10.4    0:05   5.6    6:50   4.7   0.0   0.0   5.3  17.7    4:35   WSW
 2   7.6  12.4   15:30   3.9    6:25  10.7   0.0   0.0   3.9  24.1    1:45     W
 3   7.3   8.7   21:50   6.4   10:10  11.0   0.0  21.1   2.4  17.7   21:40     W
 4  11.8  17.6   14:10   8.1    0:05   6.5   0.0   7.4   4.2  27.4    4:35    SW
 5  13.1  17.8   15:35   9.1    6:55   5.3   0.0   0.0   3.1  19.3    7:25     W
 6  15.2  17.2   14:40  13.3    6:35   3.1   0.0   0.5   1.9  11.3    3:25     W
 7  17.0  18.7   11:55  15.2    5:35   1.3   0.0   2.3   1.9  16.1   23:55     W
 8  16.4  17.4   15:30  14.6   23:05   1.9   0.0  29.0   2.3  19.3   23:35   NNW
 9  14.6  15.8   13:10  12.8    6:20   3.7   0.0   1.3   2.4  16.1    8:00     W
10  14.6  16.4   14:30  12.5   00:00   3.7   0.0   3.6   4.8  37.0   15:15    SW
11  12.4  15.2   15:55  10.4    6:30   5.9   0.0   0.0   2.9  19.3    1:50    NW
12  12.2  17.7   15:05   9.4    7:25   6.1   0.0   0.0   4.3  20.9    6:25     W
13  12.6  18.9   14:50   8.6    4:25   5.8   0.0   0.0   6.1  29.0    8:25     W
14  11.2  15.8   15:00   8.1    7:20   7.2   0.0   0.0   4.0  17.7    0:05     W
15  11.6  15.5   15:35   7.9    6:45   6.7   0.0   0.0   3.7  25.7   18:25     W
16  15.1  20.7   15:00  12.3    6:20   3.4   0.3   0.0   4.8  27.4    5:00     W
17  14.9  21.7   15:00  10.5    6:20   3.7   0.4   0.0   3.9  17.7    2:35     W
18  13.9  18.6   14:50  10.7    3:55   4.4   0.0   0.0   4.5  19.3    6:10     W
19  15.6  21.9   14:25  11.7    4:50   3.2   0.5   0.0   4.7  22.5   19:00   WSW
20  15.1  21.7   15:30  11.3    6:40   3.6   0.4   0.0   6.1  27.4    3:35     W
21  14.1  20.3   14:45  10.1    7:15   4.4   0.2   0.0   6.1  25.7    0:35     W
22  13.3  19.4   15:25   9.7    7:35   5.1   0.1   0.0   3.5  16.1    1:25     W
23  12.7  18.5   15:35   9.3    5:55   5.6   0.0   0.0   3.4  17.7   20:20     W
24  12.9  17.7   15:10   9.0    7:20   5.4   0.0   0.0   4.0  19.3   21:10     W
25  14.2  20.9   14:25  10.4    4:35   4.3   0.3   0.0   5.5  25.7    7:10     W
26  12.9  18.9   14:50   9.6    8:05   5.4   0.0   0.0   4.3  19.3   20:25     W
27  11.5  15.8   13:10   8.2    7:15   6.8   0.0   0.0   3.4  16.1    2:50     W
28  12.0  15.7   15:00   8.8    7:45   6.3   0.0   0.0   2.4  16.1    0:25     W
29  14.0  19.6   14:05   9.2    8:25   4.4   0.1   0.0   4.0  20.9    1:20   WSW
30  11.7  14.2   13:45   9.4    6:45   6.6   0.0   0.0   3.2  17.7    0:15     W
-------------------------------------------------------------------------------------
    13.0  21.9    19     3.9     2   155.9   2.2  65.0   3.9  37.0    10       W

Max >=  32.0:  0
Max <=   0.0:  0
Min <=   0.0:  0
Min <= -18.0:  0
Max Rain: 28.96 ON 08/11/09
Days of Rain: 7 (> .2 mm) 5 (> 2 mm) 2 (> 20 mm)
Heat Base:  18.3  Cool Base:  18.3  Method: Integration