NOAA-Style Climate Reports


Report for 2009 Οκτώβριος
                   MONTHLY CLIMATOLOGICAL SUMMARY for OCT. 2009

NAME: veriaweather   CITY: Veria   STATE: Imathia 
ELEV:   105 m  LAT:  40° 31' 23" N  LONG:  22° 12' 19" E

                   TEMPERATURE (°C), RAIN  (mm), WIND SPEED (km/hr)

                                      HEAT  COOL        AVG
    MEAN                              DEG   DEG         WIND                 DOM
DAY TEMP  HIGH   TIME   LOW    TIME   DAYS  DAYS  RAIN  SPEED HIGH   TIME    DIR
------------------------------------------------------------------------------------
 1  21.9  28.1   16:30  17.4    7:30   0.1   3.7   0.0   4.0  17.7    2:00     W
 2  20.4  25.2   16:30  16.1    8:00   0.4   2.5   1.3   3.7  16.1    2:30     W
 3  17.7  21.3   13:30  14.1   23:00   1.1   0.5  13.2   2.9  22.5    3:00   SSE
 4  17.7  23.0   14:30  13.7    6:30   1.6   1.1   0.0   2.3  17.7   22:00   SSE
 5  19.6  26.0   18:00  15.2    5:00   0.8   1.9   0.0   5.0  19.3   21:00     W
 6  20.9  27.6   17:30  16.4    7:00   0.3   2.9   0.0   4.3  19.3   21:30     W
 7  20.9  27.2   17:00  16.2    5:00   0.5   3.1   0.0   4.2  16.1    8:30     W
 8  20.9  27.3   17:00  16.0    8:00   0.3   2.9   0.0   4.7  20.9   20:30     W
 9  21.5  28.6   17:00  15.9    7:30   0.4   3.6   0.0   4.3  17.7   21:30     W
10  22.1  28.6   17:00  17.2    7:30   0.1   3.9   0.0   2.9  14.5   19:30     W
11  20.7  26.4   16:00  16.1    8:00   0.4   2.7   0.0   3.4  16.1    2:00     W
12  19.7  24.3   14:30  16.5    7:00   0.4   1.8   0.0   3.1  17.7   17:00     W
13  17.9  22.1   13:30  11.8   23:30   1.4   1.0   0.0   9.2  48.3   15:30     N
14  11.8  16.9   16:00   7.8    7:30   6.5   0.0   0.0   3.2  17.7   13:00     W
15  11.1  15.4   16:30   7.3    8:30   7.2   0.0   5.6   3.4  22.5    2:30     W
16  11.7  14.3   14:00   9.9    3:00   6.6   0.0   5.6   1.8  17.7   16:30   SSE
17  12.3  16.8   16:00   8.7    7:00   6.0   0.0   0.0   1.9  11.3   13:00   SSE
18  13.7  15.7   16:00  11.3    2:30   4.6   0.0   0.3   2.4  14.5    3:30     W
19  14.7  18.3   17:30  12.8    1:00   3.6   0.0   0.5   3.1  22.5   17:00     W
20  15.2  20.3   14:00  11.4    8:30   3.3   0.1   0.0   3.7  22.5   22:30     W
21  15.4  21.6   16:30  10.7    8:30   3.3   0.5   0.0   5.6  25.7    3:30     W
22  14.8  18.8   13:05  11.0    7:55   3.5   0.0   0.0   3.7  17.7    1:55     W
23  15.8  18.2   16:10  13.2    3:55   2.5   0.0   3.8   2.6  17.7    2:30     W
24  16.1  17.8   13:30  14.8    8:00   2.3   0.0 154.7   3.4  20.9   19:25     N
25  16.7  18.2   12:50  15.5    5:45   1.6   0.0  24.6   1.9  11.3    1:05   WNW
26  17.8  20.3   15:40  16.6    2:00   0.7   0.2   1.5   2.4  14.5   18:20   WNW
27  18.3  21.1   14:15  16.0    7:10   0.6   0.5   0.0   1.8  11.3    9:25     W
28  16.7  21.4   14:45  12.4   23:15   2.0   0.5   0.0   4.2  24.1    9:55     W
29  13.8  18.4   15:20  10.8    4:15   4.5   0.0   0.0   6.0  25.7    5:15     W
30  13.3  16.4   13:25  10.7    2:55   5.0   0.0   0.0   6.3  29.0   18:40     N
31  10.9  14.7   14:25   8.1    5:25   7.4   0.0   0.0   2.1  11.3    8:05     E
-------------------------------------------------------------------------------------
    16.8  28.6    10     7.3    15    78.9  33.3 211.1   3.7  48.3    13       W

Max >=  32.0:  0
Max <=   0.0:  0
Min <=   0.0:  0
Min <= -18.0:  0
Max Rain: 154.69 ON 24/10/09
Days of Rain: 10 (> .2 mm) 6 (> 2 mm) 2 (> 20 mm)
Heat Base:  18.3  Cool Base:  18.3  Method: Integration