NOAA-Style Climate Reports


Report for 2009 Σεπτέμβριος
                   MONTHLY CLIMATOLOGICAL SUMMARY for SEP. 2009

NAME: veriaweather   CITY: Veria   STATE: Imathia 
ELEV:   105 m  LAT:  40° 31' 23" N  LONG:  22° 12' 19" E

                   TEMPERATURE (°C), RAIN  (mm), WIND SPEED (km/hr)

                                      HEAT  COOL        AVG
    MEAN                              DEG   DEG         WIND                 DOM
DAY TEMP  HIGH   TIME   LOW    TIME   DAYS  DAYS  RAIN  SPEED HIGH   TIME    DIR
------------------------------------------------------------------------------------
 1
 2
 3
 4
 5
 6
 7
 8
 9
10
11
12
13
14
15
16
17   ---   ---     ---   ---     ---   0.0   0.0   0.0   0.0   0.0     ---   ---
18   ---   ---     ---   ---     ---   0.0   0.0   0.0   0.0   0.0     ---   ---
19   ---   ---     ---   ---     ---   0.0   0.0   0.0   0.0   0.0     ---   ---
20   ---   ---     ---   ---     ---   0.0   0.0   0.0   0.0   0.0     ---   ---
21   ---   ---     ---   ---     ---   0.0   0.0   0.0   0.0   0.0     ---   ---
22   ---   ---     ---   ---     ---   0.0   0.0   0.0   0.0   0.0     ---   ---
23   ---   ---     ---   ---     ---   0.0   0.0   0.0   0.0   0.0     ---   ---
24   ---   ---     ---   ---     ---   0.0   0.0   0.0   0.0   0.0     ---   ---
25   ---   ---     ---   ---     ---   0.0   0.0   0.0   0.0   0.0     ---   ---
26  21.4  26.0   18:00  19.8   00:00   0.0   0.7   0.0   0.8  16.1   19:30     W
27  20.8  25.9   17:00  17.9   00:00   0.0   2.5   0.0   3.5  22.5   14:00     W
28  19.8  24.7   16:30  17.3    8:00   0.2   1.6   0.0   3.4  19.3   21:00     W
29  20.3  28.0   16:30  14.5    7:30   0.9   2.9   0.0   4.2  20.9   21:30     W
30  22.7  28.8   16:30  18.4    8:00   0.0   4.3   0.0   5.8  24.1   22:30     W
-------------------------------------------------------------------------------------
    21.0  28.8    30    14.5    29     1.1  12.1   0.0   1.3  24.1    30       W

Max >=  32.0:  0
Max <=   0.0:  0
Min <=   0.0:  0
Min <= -18.0:  0
Max Rain: 0.00 ON 01/09/09
Days of Rain: 0 (> .2 mm) 0 (> 2 mm) 0 (> 20 mm)
Heat Base:  18.3  Cool Base:  18.3  Method: Integration