NOAA-Style Climate Reports


Report for 2009 Ιούνιος
                   MONTHLY CLIMATOLOGICAL SUMMARY for JUN. 2009

NAME: veriaweather   CITY: Veria   STATE: Imathia 
ELEV:   105 m  LAT:  40° 31' 23" N  LONG:  22° 12' 19" E

                   TEMPERATURE (°C), RAIN  (mm), WIND SPEED (km/hr)

                                      HEAT  COOL        AVG
    MEAN                              DEG   DEG         WIND                 DOM
DAY TEMP  HIGH   TIME   LOW    TIME   DAYS  DAYS  RAIN  SPEED HIGH   TIME    DIR
------------------------------------------------------------------------------------
 1  20.2  23.7   14:00  17.0    5:00   0.3   2.2   0.0   2.6  17.7   14:30   ENE
 2  21.7  25.6   18:00  17.2    7:00   0.1   2.9   0.0   2.9  17.7   16:30     N
 3  20.2  26.1   14:30  17.2   20:30   0.2   2.1  13.0   4.2  30.6   16:30    NW
 4  22.2  27.7   17:00  15.9    6:30   0.3   4.3   0.3   5.0  25.7   16:30     N
 5  22.9  28.9   18:30  16.6    5:30   0.2   4.8   0.0   3.4  20.9   15:30   SSE
 6  23.8  30.4   17:30  16.8    6:30   0.1   5.7   0.0   3.2  16.1   16:30    NW
 7  25.2  31.5   17:00  18.7    6:30   0.0   6.9   0.0   3.1  14.5    3:00     N
 8  26.4  33.6   16:30  20.5    7:00   0.0   8.1   0.3   3.1  20.9    3:30     N
 9  27.1  33.4   18:00  21.1    5:30   0.0   8.8   0.0   3.7  16.1    6:30     N
10  27.7  34.8   16:30  22.3    5:30   0.0   9.4   0.0   3.2  19.3   23:30     N
11  28.4  34.9   16:30  21.4    6:30   0.0  10.1   0.0   3.2  20.9   00:00   SSE
12  25.9  30.8   17:30  21.3    3:00   0.0   7.7   0.0   6.9  27.4   13:30   ENE
13  23.5  28.7   19:00  18.6    5:00   0.0   5.2   0.0   3.7  19.3   15:00    NW
14  23.8  28.9   17:30  18.1    6:00   0.0   5.5   0.0   3.7  19.3    7:00   SSE
15  24.6  30.4   19:00  18.2    5:30   0.0   6.3   0.0   3.7  17.7    3:30     N
16  25.7  33.7   17:30  17.9    6:00   0.0   7.5   0.0   3.4  19.3   22:30     N
17  27.7  35.1   18:00  19.7    6:30   0.0   9.4   0.0   3.2  17.7   00:00     S
18  22.6  26.7    0:30  19.4   22:30   0.0   4.3   2.0   4.0  19.3    0:30   ENE
19  23.4  28.7   18:00  17.8    6:00   0.0   5.1   0.0   3.7  16.1    4:00    NW
20  23.8  30.2   16:00  19.3    6:30   0.0   5.5   0.3   4.7  51.5   20:00     N
21  22.9  28.7   15:30  18.7    2:30   0.0   4.6   1.0   3.4  20.9    4:30     N
22  21.3  25.5   18:00  17.7    9:00   0.0   3.0   3.6   3.9  27.4    8:30     N
23  22.2  26.8   18:30  17.6    5:30   0.1   3.9   0.0   4.8  25.7    5:30   ENE
24  19.6  22.7   11:30  17.1   23:30   0.1   1.3   0.5   4.0  24.1   14:00    NW
25  20.3  24.9   14:30  15.4    6:30   0.7   2.7   0.0   3.9  24.1   15:30     N
26  22.3  27.6   16:00  17.3    6:30   0.1   4.2   0.3   4.2  25.7   22:30     N
27  20.3  25.2   12:30  17.4    6:30   0.1   1.1   0.3   2.9  14.5    5:00    NW
28
29
30
-------------------------------------------------------------------------------------
    23.5  35.1    17    15.4    25     2.2 142.3  21.3   3.8  51.5    20       N

Max >=  32.0:  6
Max <=   0.0:  0
Min <=   0.0:  0
Min <= -18.0:  0
Max Rain: 12.95 ON 03/06/09
Days of Rain: 10 (> .2 mm) 3 (> 2 mm) 0 (> 20 mm)
Heat Base:  18.3  Cool Base:  18.3  Method: Integration